{"id":2834,"date":"2022-08-24T09:53:47","date_gmt":"2022-08-24T09:53:47","guid":{"rendered":"https:\/\/cafecampeiro.com.br\/?page_id=2834"},"modified":"2022-09-19T05:23:21","modified_gmt":"2022-09-19T05:23:21","slug":"entrega-e-frete","status":"publish","type":"page","link":"https:\/\/cafecampeiro.com.br\/en\/entrega-e-frete\/","title":{"rendered":"Entrega e Frete"},"content":{"rendered":"<div class=\"wpb-content-wrapper\"><div class=\"vc_row wpb_row row top-row\"><div class=\"vc_column_container col-md-12\"><div class=\"wpb_wrapper vc_column-inner\"><h2 style=\"font-size: 35px;text-align: center;font-family:Merriweather;font-weight:900;font-style:normal\" class=\"vc_custom_heading vc_custom_1663169653126\" >Entrega e Frete<\/h2><\/div><\/div><\/div><div class=\"vc_row wpb_row row top-row\"><div class=\"vc_column_container col-md-12\"><div class=\"wpb_wrapper vc_column-inner\"><div class=\"porto-u-heading  wpb_custom_c0582685e870cfd8b826317d4e2aae95 porto-u-ad87e2eaf3f9c495180fe0156ddf3eb0\"><div class=\"porto-u-main-heading\"><h3   style=\"color:#284432;margin-bottom: 30px;\">POL\u00cdTICAS DE ENTREGA E FRETE<\/h3><\/div><style>.porto-u-ad87e2eaf3f9c495180fe0156ddf3eb0.porto-u-heading{text-align:left}<\/style><\/div>\n\t<div class=\"wpb_text_column wpb_content_element\" >\n\t\t<div class=\"wpb_wrapper\">\n\t\t\t<p>A entrega dos produtos adquiridos neste site s\u00e3o realizadas por meio dos Correios, via PAC ou Sedex.<\/p>\n<p>A forma de envio \u00e9 escolhida pelo cliente dentre as op\u00e7\u00f5es dispon\u00edveis em nosso site durante o processo de compra, ap\u00f3s inserir o CEP e endere\u00e7o. Voc\u00ea poder\u00e1 tamb\u00e9m conferir os valores e os prazos da entrega, de acordo com a disponibilidade dos Correios para sua regi\u00e3o.<\/p>\n<p>Vale ressaltar que o prazo s\u00f3 dever\u00e1 ser contabilizado em dias \u00fateis contados a partir da data de faturamento.<\/p>\n<p>No momento da entrega da sua encomenda, verifique se o produto que recebeu corresponde ao que foi comprado. Caso haja alguma diverg\u00eancia, recuse a entrega e entre em contato com o nosso atendimento por meio do telefone: (41) 9 9254-2400 ou pelo email: logistica@cafecampeiro.com.br.<\/p>\n<p>Se os Correios n\u00e3o conseguirem entregar as encomendas, os produtos ser\u00e3o devolvidos para o remetente.<\/p>\n\n\t\t<\/div>\n\t<\/div>\n<div class=\"porto-u-heading  wpb_custom_6f8afd9c212512f704e391a7bdc21934 porto-u-ad87e2eaf3f9c495180fe0156ddf3eb0\"><div class=\"porto-u-main-heading\"><h3   style=\"color:#284432;margin-bottom: 30px;\">PROBLEMAS NA ENTREGA<\/h3><\/div><style>.porto-u-ad87e2eaf3f9c495180fe0156ddf3eb0.porto-u-heading{text-align:left}<\/style><\/div>\n\t<div class=\"wpb_text_column wpb_content_element\" >\n\t\t<div class=\"wpb_wrapper\">\n\t\t\t<p>No caso de atraso na entrega, solicitamos entrar em contato com nosso setor de log\u00edstica pelo e-mail: logistica@cafecampeiro.com.br ou pelo WhatsApp: (41) 9 9254-2400.<\/p>\n<p>Ser\u00e3o realizadas duas tentativas de entrega da mercadoria. Ap\u00f3s essas tentativas, a mercadoria ser\u00e1 devolvida e o cliente dever\u00e1 arcar com o custo de um novo envio.<\/p>\n\n\t\t<\/div>\n\t<\/div>\n<\/div><\/div><\/div>\n<\/div>","protected":false},"excerpt":{"rendered":"Entrega e FretePOL\u00cdTICAS DE ENTREGA E FRETE A entrega dos produtos adquiridos neste site s\u00e3o realizadas por meio dos Correios, via PAC ou Sedex. A forma de envio \u00e9 escolhida pelo cliente dentre as op\u00e7\u00f5es dispon\u00edveis em nosso site durante o processo de compra, ap\u00f3s inserir o CEP e endere\u00e7o. Voc\u00ea poder\u00e1 tamb\u00e9m conferir os [...]","protected":false},"author":1,"featured_media":0,"parent":0,"menu_order":0,"comment_status":"closed","ping_status":"closed","template":"","meta":{"footnotes":""},"class_list":["post-2834","page","type-page","status-publish","hentry"],"yoast_head":"<!-- This site is optimized with the Yoast SEO plugin v27.3 - https:\/\/yoast.com\/product\/yoast-seo-wordpress\/ -->\n<title>Entrega e Frete - Caf\u00e9 Campeiro<\/title>\n<meta name=\"robots\" content=\"index, follow, max-snippet:-1, max-image-preview:large, max-video-preview:-1\" \/>\n<link rel=\"canonical\" href=\"https:\/\/cafecampeiro.com.br\/en\/entrega-e-frete\/\" \/>\n<meta property=\"og:locale\" content=\"en_US\" \/>\n<meta property=\"og:type\" content=\"article\" \/>\n<meta property=\"og:title\" content=\"Entrega e Frete - Caf\u00e9 Campeiro\" \/>\n<meta property=\"og:url\" content=\"https:\/\/cafecampeiro.com.br\/en\/entrega-e-frete\/\" \/>\n<meta property=\"og:site_name\" content=\"Caf\u00e9 Campeiro\" \/>\n<meta property=\"article:modified_time\" content=\"2022-09-19T05:23:21+00:00\" \/>\n<meta name=\"twitter:card\" content=\"summary_large_image\" \/>\n<meta name=\"twitter:label1\" content=\"Est. reading time\" \/>\n\t<meta name=\"twitter:data1\" content=\"2 minutes\" \/>\n<script type=\"application\/ld+json\" class=\"yoast-schema-graph\">{\"@context\":\"https:\\\/\\\/schema.org\",\"@graph\":[{\"@type\":\"WebPage\",\"@id\":\"https:\\\/\\\/cafecampeiro.com.br\\\/entrega-e-frete\\\/\",\"url\":\"https:\\\/\\\/cafecampeiro.com.br\\\/entrega-e-frete\\\/\",\"name\":\"Entrega e Frete - Caf\u00e9 Campeiro\",\"isPartOf\":{\"@id\":\"https:\\\/\\\/cafecampeiro.com.br\\\/#website\"},\"datePublished\":\"2022-08-24T09:53:47+00:00\",\"dateModified\":\"2022-09-19T05:23:21+00:00\",\"breadcrumb\":{\"@id\":\"https:\\\/\\\/cafecampeiro.com.br\\\/entrega-e-frete\\\/#breadcrumb\"},\"inLanguage\":\"en-US\",\"potentialAction\":[{\"@type\":\"ReadAction\",\"target\":[\"https:\\\/\\\/cafecampeiro.com.br\\\/entrega-e-frete\\\/\"]}]},{\"@type\":\"BreadcrumbList\",\"@id\":\"https:\\\/\\\/cafecampeiro.com.br\\\/entrega-e-frete\\\/#breadcrumb\",\"itemListElement\":[{\"@type\":\"ListItem\",\"position\":1,\"name\":\"In\u00edcio\",\"item\":\"https:\\\/\\\/cafecampeiro.com.br\\\/\"},{\"@type\":\"ListItem\",\"position\":2,\"name\":\"Entrega e Frete\"}]},{\"@type\":\"WebSite\",\"@id\":\"https:\\\/\\\/cafecampeiro.com.br\\\/#website\",\"url\":\"https:\\\/\\\/cafecampeiro.com.br\\\/\",\"name\":\"Caf\u00e9 Campeiro\",\"description\":\"Caf\u00e9 Campeiro\",\"potentialAction\":[{\"@type\":\"SearchAction\",\"target\":{\"@type\":\"EntryPoint\",\"urlTemplate\":\"https:\\\/\\\/cafecampeiro.com.br\\\/?s={search_term_string}\"},\"query-input\":{\"@type\":\"PropertyValueSpecification\",\"valueRequired\":true,\"valueName\":\"search_term_string\"}}],\"inLanguage\":\"en-US\"}]}<\/script>\n<!-- \/ Yoast SEO plugin. -->","yoast_head_json":{"title":"Entrega e Frete - Caf\u00e9 Campeiro","robots":{"index":"index","follow":"follow","max-snippet":"max-snippet:-1","max-image-preview":"max-image-preview:large","max-video-preview":"max-video-preview:-1"},"canonical":"https:\/\/cafecampeiro.com.br\/en\/entrega-e-frete\/","og_locale":"en_US","og_type":"article","og_title":"Entrega e Frete - Caf\u00e9 Campeiro","og_url":"https:\/\/cafecampeiro.com.br\/en\/entrega-e-frete\/","og_site_name":"Caf\u00e9 Campeiro","article_modified_time":"2022-09-19T05:23:21+00:00","twitter_card":"summary_large_image","twitter_misc":{"Est. reading time":"2 minutes"},"schema":{"@context":"https:\/\/schema.org","@graph":[{"@type":"WebPage","@id":"https:\/\/cafecampeiro.com.br\/entrega-e-frete\/","url":"https:\/\/cafecampeiro.com.br\/entrega-e-frete\/","name":"Entrega e Frete - Caf\u00e9 Campeiro","isPartOf":{"@id":"https:\/\/cafecampeiro.com.br\/#website"},"datePublished":"2022-08-24T09:53:47+00:00","dateModified":"2022-09-19T05:23:21+00:00","breadcrumb":{"@id":"https:\/\/cafecampeiro.com.br\/entrega-e-frete\/#breadcrumb"},"inLanguage":"en-US","potentialAction":[{"@type":"ReadAction","target":["https:\/\/cafecampeiro.com.br\/entrega-e-frete\/"]}]},{"@type":"BreadcrumbList","@id":"https:\/\/cafecampeiro.com.br\/entrega-e-frete\/#breadcrumb","itemListElement":[{"@type":"ListItem","position":1,"name":"In\u00edcio","item":"https:\/\/cafecampeiro.com.br\/"},{"@type":"ListItem","position":2,"name":"Entrega e Frete"}]},{"@type":"WebSite","@id":"https:\/\/cafecampeiro.com.br\/#website","url":"https:\/\/cafecampeiro.com.br\/","name":"Caf\u00e9 Campeiro","description":"Caf\u00e9 Campeiro","potentialAction":[{"@type":"SearchAction","target":{"@type":"EntryPoint","urlTemplate":"https:\/\/cafecampeiro.com.br\/?s={search_term_string}"},"query-input":{"@type":"PropertyValueSpecification","valueRequired":true,"valueName":"search_term_string"}}],"inLanguage":"en-US"}]}},"jetpack_sharing_enabled":true,"_links":{"self":[{"href":"https:\/\/cafecampeiro.com.br\/en\/wp-json\/wp\/v2\/pages\/2834","targetHints":{"allow":["GET"]}}],"collection":[{"href":"https:\/\/cafecampeiro.com.br\/en\/wp-json\/wp\/v2\/pages"}],"about":[{"href":"https:\/\/cafecampeiro.com.br\/en\/wp-json\/wp\/v2\/types\/page"}],"author":[{"embeddable":true,"href":"https:\/\/cafecampeiro.com.br\/en\/wp-json\/wp\/v2\/users\/1"}],"replies":[{"embeddable":true,"href":"https:\/\/cafecampeiro.com.br\/en\/wp-json\/wp\/v2\/comments?post=2834"}],"version-history":[{"count":0,"href":"https:\/\/cafecampeiro.com.br\/en\/wp-json\/wp\/v2\/pages\/2834\/revisions"}],"wp:attachment":[{"href":"https:\/\/cafecampeiro.com.br\/en\/wp-json\/wp\/v2\/media?parent=2834"}],"curies":[{"name":"wp","href":"https:\/\/api.w.org\/{rel}","templated":true}]}}

<div class="wpb-content-wrapper"><div class="vc_row wpb_row row top-row"><div class="vc_column_container col-md-12"><div class="wpb_wrapper vc_column-inner"><h2 style="font-size: 35px;text-align: center;font-family:Merriweather;font-weight:900;font-style:normal" class="vc_custom_heading vc_custom_1663169653126" >Entrega e Frete</h2></div></div></div><div class="vc_row wpb_row row top-row"><div class="vc_column_container col-md-12"><div class="wpb_wrapper vc_column-inner"><div class="porto-u-heading  wpb_custom_c0582685e870cfd8b826317d4e2aae95 porto-u-ad87e2eaf3f9c495180fe0156ddf3eb0"><div class="porto-u-main-heading"><h3   style="color:#284432;margin-bottom: 30px;">POLÍTICAS DE ENTREGA E FRETE</h3></div><style>.porto-u-ad87e2eaf3f9c495180fe0156ddf3eb0.porto-u-heading{text-align:left}</style></div>
	<div class="wpb_text_column wpb_content_element" >
		<div class="wpb_wrapper">
			<p>A entrega dos produtos adquiridos neste site são realizadas por meio dos Correios, via PAC ou Sedex.</p>
<p>A forma de envio é escolhida pelo cliente dentre as opções disponíveis em nosso site durante o processo de compra, após inserir o CEP e endereço. Você poderá também conferir os valores e os prazos da entrega, de acordo com a disponibilidade dos Correios para sua região.</p>
<p>Vale ressaltar que o prazo só deverá ser contabilizado em dias úteis contados a partir da data de faturamento.</p>
<p>No momento da entrega da sua encomenda, verifique se o produto que recebeu corresponde ao que foi comprado. Caso haja alguma divergência, recuse a entrega e entre em contato com o nosso atendimento por meio do telefone: (41) 9 9254-2400 ou pelo email: logistica@cafecampeiro.com.br.</p>
<p>Se os Correios não conseguirem entregar as encomendas, os produtos serão devolvidos para o remetente.</p>

		</div>
	</div>
<div class="porto-u-heading  wpb_custom_6f8afd9c212512f704e391a7bdc21934 porto-u-ad87e2eaf3f9c495180fe0156ddf3eb0"><div class="porto-u-main-heading"><h3   style="color:#284432;margin-bottom: 30px;">PROBLEMAS NA ENTREGA</h3></div><style>.porto-u-ad87e2eaf3f9c495180fe0156ddf3eb0.porto-u-heading{text-align:left}</style></div>
	<div class="wpb_text_column wpb_content_element" >
		<div class="wpb_wrapper">
			<p>No caso de atraso na entrega, solicitamos entrar em contato com nosso setor de logística pelo e-mail: logistica@cafecampeiro.com.br ou pelo WhatsApp: (41) 9 9254-2400.</p>
<p>Serão realizadas duas tentativas de entrega da mercadoria. Após essas tentativas, a mercadoria será devolvida e o cliente deverá arcar com o custo de um novo envio.</p>

		</div>
	</div>
</div></div></div>
</div>

Entrega e FretePOLÍTICAS DE ENTREGA E FRETE A entrega dos produtos adquiridos neste site são realizadas por meio dos Correios, via PAC ou Sedex. A forma de envio é escolhida pelo cliente dentre as opções disponíveis em nosso site durante o processo de compra, após inserir o CEP e endereço. Você poderá também conferir os [...]

<!-- This site is optimized with the Yoast SEO plugin v27.3 - https://yoast.com/product/yoast-seo-wordpress/ -->
<title>Entrega e Frete - Café Campeiro</title>
<meta name="robots" content="index, follow, max-snippet:-1, max-image-preview:large, max-video-preview:-1" />
<link rel="canonical" href="https://cafecampeiro.com.br/en/entrega-e-frete/" />
<meta property="og:locale" content="en_US" />
<meta property="og:type" content="article" />
<meta property="og:title" content="Entrega e Frete - Café Campeiro" />
<meta property="og:url" content="https://cafecampeiro.com.br/en/entrega-e-frete/" />
<meta property="og:site_name" content="Café Campeiro" />
<meta property="article:modified_time" content="2022-09-19T05:23:21+00:00" />
<meta name="twitter:card" content="summary_large_image" />
<meta name="twitter:label1" content="Est. reading time" />
	<meta name="twitter:data1" content="2 minutes" />
<script type="application/ld+json" class="yoast-schema-graph">{"@context":"https:\/\/schema.org","@graph":[{"@type":"WebPage","@id":"https:\/\/cafecampeiro.com.br\/entrega-e-frete\/","url":"https:\/\/cafecampeiro.com.br\/entrega-e-frete\/","name":"Entrega e Frete - Café Campeiro","isPartOf":{"@id":"https:\/\/cafecampeiro.com.br\/#website"},"datePublished":"2022-08-24T09:53:47+00:00","dateModified":"2022-09-19T05:23:21+00:00","breadcrumb":{"@id":"https:\/\/cafecampeiro.com.br\/entrega-e-frete\/#breadcrumb"},"inLanguage":"en-US","potentialAction":[{"@type":"ReadAction","target":["https:\/\/cafecampeiro.com.br\/entrega-e-frete\/"]}]},{"@type":"BreadcrumbList","@id":"https:\/\/cafecampeiro.com.br\/entrega-e-frete\/#breadcrumb","itemListElement":[{"@type":"ListItem","position":1,"name":"Início","item":"https:\/\/cafecampeiro.com.br\/"},{"@type":"ListItem","position":2,"name":"Entrega e Frete"}]},{"@type":"WebSite","@id":"https:\/\/cafecampeiro.com.br\/#website","url":"https:\/\/cafecampeiro.com.br\/","name":"Café Campeiro","description":"Café Campeiro","potentialAction":[{"@type":"SearchAction","target":{"@type":"EntryPoint","urlTemplate":"https:\/\/cafecampeiro.com.br\/?s={search_term_string}"},"query-input":{"@type":"PropertyValueSpecification","valueRequired":true,"valueName":"search_term_string"}}],"inLanguage":"en-US"}]}</script>
<!-- / Yoast SEO plugin. -->

Entrega e Frete - Café Campeiro

Café Campeiro

Início
