{"id":3,"date":"2022-07-01T19:07:41","date_gmt":"2022-07-01T19:07:41","guid":{"rendered":"https:\/\/cafecampeiro.com.br\/?page_id=3"},"modified":"2022-09-28T16:27:08","modified_gmt":"2022-09-28T19:27:08","slug":"politica-de-privacidade","status":"publish","type":"page","link":"https:\/\/cafecampeiro.com.br\/en\/politica-de-privacidade\/","title":{"rendered":"Pol\u00edtica de Privacidade"},"content":{"rendered":"<div class=\"wpb-content-wrapper\"><div class=\"vc_row wpb_row row top-row vc_custom_1659328782116\"><div class=\"vc_column_container col-md-12\"><div class=\"wpb_wrapper vc_column-inner\"><h2 style=\"font-size: 35px;text-align: center;font-family:Merriweather;font-weight:400;font-style:normal;font-weight:800\" class=\"vc_custom_heading vc_custom_1663167461637\" >Pol\u00edtica de Privacidade<\/h2><\/div><\/div><\/div><div class=\"vc_row wpb_row row top-row\"><div class=\"vc_column_container col-md-12\"><div class=\"wpb_wrapper vc_column-inner\">\n\t<div class=\"wpb_text_column wpb_content_element\" >\n\t\t<div class=\"wpb_wrapper\">\n\t\t\t<p><span style=\"font-weight: 400;\">A Pol\u00edtica de Privacidade aqui apresentada, se aplica aos usu\u00e1rios que utilizam o endere\u00e7o virtual https:\/\/cafecampeiro.com.br\/ de propriedade da empresa CAF\u00c9 CAMPEIRO COM\u00c9RCIO DE PRODUTOS ALIMENT\u00cdCIOS LTDA, pessoa jur\u00eddica inscrita no CNPJ sob o n\u00ba 46.142.903\/0001-08, ao qual se denomina simplesmente \u201cCaf\u00e9 Campeiro\u201d e ser\u00e1 a controladora das suas informa\u00e7\u00f5es fornecidas neste portal.<\/span><\/p>\n<p>Nos comprometemos a zelar pela sua privacidade e seguran\u00e7a dos dados pessoais coletados no site com o objetivo de viabilizar as opera\u00e7\u00f5es.<\/p>\n<p>Queremos refor\u00e7ar nosso compromisso em levar at\u00e9 voc\u00ea a mais alta qualidade em toda a sua experi\u00eancia de compra aqui no Caf\u00e9 Campeiro, da sele\u00e7\u00e3o dos gr\u00e3os \u00e0 entrega que chega na sua casa, queremos que voc\u00ea tenha confian\u00e7a em cada etapa, por isso, embasamos a nossa Pol\u00edtica na Lei Geral de Prote\u00e7\u00e3o de Dados Pessoais (LGPD) &#8211; 13.709\/2018.<\/p>\n\n\t\t<\/div>\n\t<\/div>\n<div class=\"porto-u-heading  wpb_custom_6d5b8ae44bf19c3ae34f4c953b7eb80d porto-u-ad87e2eaf3f9c495180fe0156ddf3eb0\"><div class=\"porto-u-main-heading\"><h1   style=\"color:#284432;margin-bottom: 50px;\">DADOS QUE COLETAMOS<\/h1><\/div><style>.porto-u-ad87e2eaf3f9c495180fe0156ddf3eb0.porto-u-heading{text-align:left}<\/style><\/div>\n\t<div class=\"wpb_text_column wpb_content_element\" >\n\t\t<div class=\"wpb_wrapper\">\n\t\t\t<p>Ao navegar pelo site do Caf\u00e9 Campeiro, podemos coletar informa\u00e7\u00f5es e dados pessoais de forma autom\u00e1tica ou fornecidos diretamente por voc\u00ea. Veja abaixo quais se aplicam a cada situa\u00e7\u00e3o:<br \/>\nPara fins de cadastro de acesso: nome completo, CPF, e-mail, n\u00famero de telefone e\/ou celular, data de nascimento, endere\u00e7o.<br \/>\nPara fins de cadastro de pagamento: dados de cart\u00e3o de cr\u00e9dito, endere\u00e7o de entrega e de cobran\u00e7a, CEP.<br \/>\nDurante as compras: dados cadastrais, produtos (tipo, quantidade, valor de cada mercadoria), valor total da transa\u00e7\u00e3o, informa\u00e7\u00f5es da conta banc\u00e1ria ou outros meios de pagamento.<br \/>\nDurante a navega\u00e7\u00e3o: produtos e categorias visitados\/visualizados, informa\u00e7\u00f5es de dispositivo, endere\u00e7o de IP.<\/p>\n\n\t\t<\/div>\n\t<\/div>\n<div class=\"porto-u-heading  wpb_custom_6d5b8ae44bf19c3ae34f4c953b7eb80d porto-u-ad87e2eaf3f9c495180fe0156ddf3eb0\"><div class=\"porto-u-main-heading\"><h1   style=\"color:#284432;margin-bottom: 50px;\">COMO UTILIZAMOS OS SEUS DADOS<\/h1><\/div><style>.porto-u-ad87e2eaf3f9c495180fe0156ddf3eb0.porto-u-heading{text-align:left}<\/style><\/div>\n\t<div class=\"wpb_text_column wpb_content_element\" >\n\t\t<div class=\"wpb_wrapper\">\n\t\t\t<p>Fazemos uso dos dados coletados para aperfei\u00e7oar a qualidade do atendimento do Caf\u00e9 Campeiro e possibilitar o processo de compra e o seu recebimento de nossas mercadorias.<\/p>\n<p>Tamb\u00e9m podemos utiliz\u00e1-los para oferecer novos produtos e servi\u00e7os, implantar novas funcionalidades no site e contat\u00e1-lo em caso de necessidade ou para fins comerciais.<\/p>\n\n\t\t<\/div>\n\t<\/div>\n<div class=\"porto-u-heading  wpb_custom_6d5b8ae44bf19c3ae34f4c953b7eb80d porto-u-ad87e2eaf3f9c495180fe0156ddf3eb0\"><div class=\"porto-u-main-heading\"><h1   style=\"color:#284432;margin-bottom: 50px;\">COM QUEM COMPARTILHAMOS<\/h1><\/div><style>.porto-u-ad87e2eaf3f9c495180fe0156ddf3eb0.porto-u-heading{text-align:left}<\/style><\/div>\n\t<div class=\"wpb_text_column wpb_content_element\" >\n\t\t<div class=\"wpb_wrapper\">\n\t\t\t<p>Sempre que necess\u00e1rio, poderemos compartilhar os seus dados pessoais com empresas parceiras, prestadores de servi\u00e7os ou \u00f3rg\u00e3os reguladores para os objetivos descritos acima, no t\u00f3pico \u201cComo utilizamos os seus dados\u201d.<\/p>\n<p>Al\u00e9m disso, podemos apresent\u00e1-los em processos administrativos e judiciais, quando necess\u00e1rio e solicitado por meio de ordem judicial de autoridade competente ou \u00f3rg\u00e3o regulador.<\/p>\n<p>IMPORTANTE: as suas informa\u00e7\u00f5es aqui coletadas jamais ser\u00e3o comercializadas.<\/p>\n\n\t\t<\/div>\n\t<\/div>\n<div class=\"porto-u-heading  wpb_custom_6d5b8ae44bf19c3ae34f4c953b7eb80d porto-u-ad87e2eaf3f9c495180fe0156ddf3eb0\"><div class=\"porto-u-main-heading\"><h1   style=\"color:#284432;margin-bottom: 50px;\">SEGURAN\u00c7A DOS DADOS<\/h1><\/div><style>.porto-u-ad87e2eaf3f9c495180fe0156ddf3eb0.porto-u-heading{text-align:left}<\/style><\/div>\n\t<div class=\"wpb_text_column wpb_content_element\" >\n\t\t<div class=\"wpb_wrapper\">\n\t\t\t<p>O Caf\u00e9 Campeiro faz uso de tecnologias de armazenamento de informa\u00e7\u00f5es e criteriosa gest\u00e3o administrativa voltada para a preserva\u00e7\u00e3o e seguran\u00e7a dos seus dados pessoais.<\/p>\n<p>ATEN\u00c7\u00c3O: n\u00f3s n\u00e3o solicitamos informa\u00e7\u00f5es via redes sociais e nem por WhatsApp. Nunca forne\u00e7a as suas senhas cadastradas em nosso site para terceiros.<\/p>\n\n\t\t<\/div>\n\t<\/div>\n<\/div><\/div><\/div>\n<\/div>","protected":false},"excerpt":{"rendered":"Pol\u00edtica de Privacidade A Pol\u00edtica de Privacidade aqui apresentada, se aplica aos usu\u00e1rios que utilizam o endere\u00e7o virtual https:\/\/cafecampeiro.com.br\/ de propriedade da empresa CAF\u00c9 CAMPEIRO COM\u00c9RCIO DE PRODUTOS ALIMENT\u00cdCIOS LTDA, pessoa jur\u00eddica inscrita no CNPJ sob o n\u00ba 46.142.903\/0001-08, ao qual se denomina simplesmente \u201cCaf\u00e9 Campeiro\u201d e ser\u00e1 a controladora das suas informa\u00e7\u00f5es fornecidas neste [...]","protected":false},"author":1,"featured_media":0,"parent":0,"menu_order":0,"comment_status":"closed","ping_status":"open","template":"","meta":{"footnotes":""},"class_list":["post-3","page","type-page","status-publish","hentry"],"yoast_head":"<!-- This site is optimized with the Yoast SEO plugin v27.3 - https:\/\/yoast.com\/product\/yoast-seo-wordpress\/ -->\n<title>Pol\u00edtica de Privacidade - Caf\u00e9 Campeiro<\/title>\n<meta name=\"robots\" content=\"index, follow, max-snippet:-1, max-image-preview:large, max-video-preview:-1\" \/>\n<link rel=\"canonical\" href=\"https:\/\/cafecampeiro.com.br\/en\/politica-de-privacidade\/\" \/>\n<meta property=\"og:locale\" content=\"en_US\" \/>\n<meta property=\"og:type\" content=\"article\" \/>\n<meta property=\"og:title\" content=\"Pol\u00edtica de Privacidade - Caf\u00e9 Campeiro\" \/>\n<meta property=\"og:url\" content=\"https:\/\/cafecampeiro.com.br\/en\/politica-de-privacidade\/\" \/>\n<meta property=\"og:site_name\" content=\"Caf\u00e9 Campeiro\" \/>\n<meta property=\"article:modified_time\" content=\"2022-09-28T19:27:08+00:00\" \/>\n<meta name=\"twitter:card\" content=\"summary_large_image\" \/>\n<meta name=\"twitter:label1\" content=\"Est. reading time\" \/>\n\t<meta name=\"twitter:data1\" content=\"4 minutes\" \/>\n<script type=\"application\/ld+json\" class=\"yoast-schema-graph\">{\"@context\":\"https:\\\/\\\/schema.org\",\"@graph\":[{\"@type\":\"WebPage\",\"@id\":\"https:\\\/\\\/cafecampeiro.com.br\\\/politica-de-privacidade\\\/\",\"url\":\"https:\\\/\\\/cafecampeiro.com.br\\\/politica-de-privacidade\\\/\",\"name\":\"Pol\u00edtica de Privacidade - Caf\u00e9 Campeiro\",\"isPartOf\":{\"@id\":\"https:\\\/\\\/cafecampeiro.com.br\\\/#website\"},\"datePublished\":\"2022-07-01T19:07:41+00:00\",\"dateModified\":\"2022-09-28T19:27:08+00:00\",\"breadcrumb\":{\"@id\":\"https:\\\/\\\/cafecampeiro.com.br\\\/politica-de-privacidade\\\/#breadcrumb\"},\"inLanguage\":\"en-US\",\"potentialAction\":[{\"@type\":\"ReadAction\",\"target\":[\"https:\\\/\\\/cafecampeiro.com.br\\\/politica-de-privacidade\\\/\"]}]},{\"@type\":\"BreadcrumbList\",\"@id\":\"https:\\\/\\\/cafecampeiro.com.br\\\/politica-de-privacidade\\\/#breadcrumb\",\"itemListElement\":[{\"@type\":\"ListItem\",\"position\":1,\"name\":\"In\u00edcio\",\"item\":\"https:\\\/\\\/cafecampeiro.com.br\\\/\"},{\"@type\":\"ListItem\",\"position\":2,\"name\":\"Pol\u00edtica de Privacidade\"}]},{\"@type\":\"WebSite\",\"@id\":\"https:\\\/\\\/cafecampeiro.com.br\\\/#website\",\"url\":\"https:\\\/\\\/cafecampeiro.com.br\\\/\",\"name\":\"Caf\u00e9 Campeiro\",\"description\":\"Caf\u00e9 Campeiro\",\"potentialAction\":[{\"@type\":\"SearchAction\",\"target\":{\"@type\":\"EntryPoint\",\"urlTemplate\":\"https:\\\/\\\/cafecampeiro.com.br\\\/?s={search_term_string}\"},\"query-input\":{\"@type\":\"PropertyValueSpecification\",\"valueRequired\":true,\"valueName\":\"search_term_string\"}}],\"inLanguage\":\"en-US\"}]}<\/script>\n<!-- \/ Yoast SEO plugin. -->","yoast_head_json":{"title":"Pol\u00edtica de Privacidade - Caf\u00e9 Campeiro","robots":{"index":"index","follow":"follow","max-snippet":"max-snippet:-1","max-image-preview":"max-image-preview:large","max-video-preview":"max-video-preview:-1"},"canonical":"https:\/\/cafecampeiro.com.br\/en\/politica-de-privacidade\/","og_locale":"en_US","og_type":"article","og_title":"Pol\u00edtica de Privacidade - Caf\u00e9 Campeiro","og_url":"https:\/\/cafecampeiro.com.br\/en\/politica-de-privacidade\/","og_site_name":"Caf\u00e9 Campeiro","article_modified_time":"2022-09-28T19:27:08+00:00","twitter_card":"summary_large_image","twitter_misc":{"Est. reading time":"4 minutes"},"schema":{"@context":"https:\/\/schema.org","@graph":[{"@type":"WebPage","@id":"https:\/\/cafecampeiro.com.br\/politica-de-privacidade\/","url":"https:\/\/cafecampeiro.com.br\/politica-de-privacidade\/","name":"Pol\u00edtica de Privacidade - Caf\u00e9 Campeiro","isPartOf":{"@id":"https:\/\/cafecampeiro.com.br\/#website"},"datePublished":"2022-07-01T19:07:41+00:00","dateModified":"2022-09-28T19:27:08+00:00","breadcrumb":{"@id":"https:\/\/cafecampeiro.com.br\/politica-de-privacidade\/#breadcrumb"},"inLanguage":"en-US","potentialAction":[{"@type":"ReadAction","target":["https:\/\/cafecampeiro.com.br\/politica-de-privacidade\/"]}]},{"@type":"BreadcrumbList","@id":"https:\/\/cafecampeiro.com.br\/politica-de-privacidade\/#breadcrumb","itemListElement":[{"@type":"ListItem","position":1,"name":"In\u00edcio","item":"https:\/\/cafecampeiro.com.br\/"},{"@type":"ListItem","position":2,"name":"Pol\u00edtica de Privacidade"}]},{"@type":"WebSite","@id":"https:\/\/cafecampeiro.com.br\/#website","url":"https:\/\/cafecampeiro.com.br\/","name":"Caf\u00e9 Campeiro","description":"Caf\u00e9 Campeiro","potentialAction":[{"@type":"SearchAction","target":{"@type":"EntryPoint","urlTemplate":"https:\/\/cafecampeiro.com.br\/?s={search_term_string}"},"query-input":{"@type":"PropertyValueSpecification","valueRequired":true,"valueName":"search_term_string"}}],"inLanguage":"en-US"}]}},"jetpack_sharing_enabled":true,"_links":{"self":[{"href":"https:\/\/cafecampeiro.com.br\/en\/wp-json\/wp\/v2\/pages\/3","targetHints":{"allow":["GET"]}}],"collection":[{"href":"https:\/\/cafecampeiro.com.br\/en\/wp-json\/wp\/v2\/pages"}],"about":[{"href":"https:\/\/cafecampeiro.com.br\/en\/wp-json\/wp\/v2\/types\/page"}],"author":[{"embeddable":true,"href":"https:\/\/cafecampeiro.com.br\/en\/wp-json\/wp\/v2\/users\/1"}],"replies":[{"embeddable":true,"href":"https:\/\/cafecampeiro.com.br\/en\/wp-json\/wp\/v2\/comments?post=3"}],"version-history":[{"count":0,"href":"https:\/\/cafecampeiro.com.br\/en\/wp-json\/wp\/v2\/pages\/3\/revisions"}],"wp:attachment":[{"href":"https:\/\/cafecampeiro.com.br\/en\/wp-json\/wp\/v2\/media?parent=3"}],"curies":[{"name":"wp","href":"https:\/\/api.w.org\/{rel}","templated":true}]}}

Política de Privacidade

<div class="wpb-content-wrapper"><div class="vc_row wpb_row row top-row vc_custom_1659328782116"><div class="vc_column_container col-md-12"><div class="wpb_wrapper vc_column-inner"><h2 style="font-size: 35px;text-align: center;font-family:Merriweather;font-weight:400;font-style:normal;font-weight:800" class="vc_custom_heading vc_custom_1663167461637" >Política de Privacidade</h2></div></div></div><div class="vc_row wpb_row row top-row"><div class="vc_column_container col-md-12"><div class="wpb_wrapper vc_column-inner">
	<div class="wpb_text_column wpb_content_element" >
		<div class="wpb_wrapper">
			<p><span style="font-weight: 400;">A Política de Privacidade aqui apresentada, se aplica aos usuários que utilizam o endereço virtual https://cafecampeiro.com.br/ de propriedade da empresa CAFÉ CAMPEIRO COMÉRCIO DE PRODUTOS ALIMENTÍCIOS LTDA, pessoa jurídica inscrita no CNPJ sob o nº 46.142.903/0001-08, ao qual se denomina simplesmente “Café Campeiro” e será a controladora das suas informações fornecidas neste portal.</span></p>
<p>Nos comprometemos a zelar pela sua privacidade e segurança dos dados pessoais coletados no site com o objetivo de viabilizar as operações.</p>
<p>Queremos reforçar nosso compromisso em levar até você a mais alta qualidade em toda a sua experiência de compra aqui no Café Campeiro, da seleção dos grãos à entrega que chega na sua casa, queremos que você tenha confiança em cada etapa, por isso, embasamos a nossa Política na Lei Geral de Proteção de Dados Pessoais (LGPD) &#8211; 13.709/2018.</p>

		</div>
	</div>
<div class="porto-u-heading  wpb_custom_6d5b8ae44bf19c3ae34f4c953b7eb80d porto-u-ad87e2eaf3f9c495180fe0156ddf3eb0"><div class="porto-u-main-heading"><h1   style="color:#284432;margin-bottom: 50px;">DADOS QUE COLETAMOS</h1></div><style>.porto-u-ad87e2eaf3f9c495180fe0156ddf3eb0.porto-u-heading{text-align:left}</style></div>
	<div class="wpb_text_column wpb_content_element" >
		<div class="wpb_wrapper">
			<p>Ao navegar pelo site do Café Campeiro, podemos coletar informações e dados pessoais de forma automática ou fornecidos diretamente por você. Veja abaixo quais se aplicam a cada situação:<br />
Para fins de cadastro de acesso: nome completo, CPF, e-mail, número de telefone e/ou celular, data de nascimento, endereço.<br />
Para fins de cadastro de pagamento: dados de cartão de crédito, endereço de entrega e de cobrança, CEP.<br />
Durante as compras: dados cadastrais, produtos (tipo, quantidade, valor de cada mercadoria), valor total da transação, informações da conta bancária ou outros meios de pagamento.<br />
Durante a navegação: produtos e categorias visitados/visualizados, informações de dispositivo, endereço de IP.</p>

		</div>
	</div>
<div class="porto-u-heading  wpb_custom_6d5b8ae44bf19c3ae34f4c953b7eb80d porto-u-ad87e2eaf3f9c495180fe0156ddf3eb0"><div class="porto-u-main-heading"><h1   style="color:#284432;margin-bottom: 50px;">COMO UTILIZAMOS OS SEUS DADOS</h1></div><style>.porto-u-ad87e2eaf3f9c495180fe0156ddf3eb0.porto-u-heading{text-align:left}</style></div>
	<div class="wpb_text_column wpb_content_element" >
		<div class="wpb_wrapper">
			<p>Fazemos uso dos dados coletados para aperfeiçoar a qualidade do atendimento do Café Campeiro e possibilitar o processo de compra e o seu recebimento de nossas mercadorias.</p>
<p>Também podemos utilizá-los para oferecer novos produtos e serviços, implantar novas funcionalidades no site e contatá-lo em caso de necessidade ou para fins comerciais.</p>

		</div>
	</div>
<div class="porto-u-heading  wpb_custom_6d5b8ae44bf19c3ae34f4c953b7eb80d porto-u-ad87e2eaf3f9c495180fe0156ddf3eb0"><div class="porto-u-main-heading"><h1   style="color:#284432;margin-bottom: 50px;">COM QUEM COMPARTILHAMOS</h1></div><style>.porto-u-ad87e2eaf3f9c495180fe0156ddf3eb0.porto-u-heading{text-align:left}</style></div>
	<div class="wpb_text_column wpb_content_element" >
		<div class="wpb_wrapper">
			<p>Sempre que necessário, poderemos compartilhar os seus dados pessoais com empresas parceiras, prestadores de serviços ou órgãos reguladores para os objetivos descritos acima, no tópico “Como utilizamos os seus dados”.</p>
<p>Além disso, podemos apresentá-los em processos administrativos e judiciais, quando necessário e solicitado por meio de ordem judicial de autoridade competente ou órgão regulador.</p>
<p>IMPORTANTE: as suas informações aqui coletadas jamais serão comercializadas.</p>

		</div>
	</div>
<div class="porto-u-heading  wpb_custom_6d5b8ae44bf19c3ae34f4c953b7eb80d porto-u-ad87e2eaf3f9c495180fe0156ddf3eb0"><div class="porto-u-main-heading"><h1   style="color:#284432;margin-bottom: 50px;">SEGURANÇA DOS DADOS</h1></div><style>.porto-u-ad87e2eaf3f9c495180fe0156ddf3eb0.porto-u-heading{text-align:left}</style></div>
	<div class="wpb_text_column wpb_content_element" >
		<div class="wpb_wrapper">
			<p>O Café Campeiro faz uso de tecnologias de armazenamento de informações e criteriosa gestão administrativa voltada para a preservação e segurança dos seus dados pessoais.</p>
<p>ATENÇÃO: nós não solicitamos informações via redes sociais e nem por WhatsApp. Nunca forneça as suas senhas cadastradas em nosso site para terceiros.</p>

		</div>
	</div>
</div></div></div>
</div>

Política de Privacidade A Política de Privacidade aqui apresentada, se aplica aos usuários que utilizam o endereço virtual https://cafecampeiro.com.br/ de propriedade da empresa CAFÉ CAMPEIRO COMÉRCIO DE PRODUTOS ALIMENTÍCIOS LTDA, pessoa jurídica inscrita no CNPJ sob o nº 46.142.903/0001-08, ao qual se denomina simplesmente “Café Campeiro” e será a controladora das suas informações fornecidas neste [...]

<!-- This site is optimized with the Yoast SEO plugin v27.3 - https://yoast.com/product/yoast-seo-wordpress/ -->
<title>Política de Privacidade - Café Campeiro</title>
<meta name="robots" content="index, follow, max-snippet:-1, max-image-preview:large, max-video-preview:-1" />
<link rel="canonical" href="https://cafecampeiro.com.br/en/politica-de-privacidade/" />
<meta property="og:locale" content="en_US" />
<meta property="og:type" content="article" />
<meta property="og:title" content="Política de Privacidade - Café Campeiro" />
<meta property="og:url" content="https://cafecampeiro.com.br/en/politica-de-privacidade/" />
<meta property="og:site_name" content="Café Campeiro" />
<meta property="article:modified_time" content="2022-09-28T19:27:08+00:00" />
<meta name="twitter:card" content="summary_large_image" />
<meta name="twitter:label1" content="Est. reading time" />
	<meta name="twitter:data1" content="4 minutes" />
<script type="application/ld+json" class="yoast-schema-graph">{"@context":"https:\/\/schema.org","@graph":[{"@type":"WebPage","@id":"https:\/\/cafecampeiro.com.br\/politica-de-privacidade\/","url":"https:\/\/cafecampeiro.com.br\/politica-de-privacidade\/","name":"Política de Privacidade - Café Campeiro","isPartOf":{"@id":"https:\/\/cafecampeiro.com.br\/#website"},"datePublished":"2022-07-01T19:07:41+00:00","dateModified":"2022-09-28T19:27:08+00:00","breadcrumb":{"@id":"https:\/\/cafecampeiro.com.br\/politica-de-privacidade\/#breadcrumb"},"inLanguage":"en-US","potentialAction":[{"@type":"ReadAction","target":["https:\/\/cafecampeiro.com.br\/politica-de-privacidade\/"]}]},{"@type":"BreadcrumbList","@id":"https:\/\/cafecampeiro.com.br\/politica-de-privacidade\/#breadcrumb","itemListElement":[{"@type":"ListItem","position":1,"name":"Início","item":"https:\/\/cafecampeiro.com.br\/"},{"@type":"ListItem","position":2,"name":"Política de Privacidade"}]},{"@type":"WebSite","@id":"https:\/\/cafecampeiro.com.br\/#website","url":"https:\/\/cafecampeiro.com.br\/","name":"Café Campeiro","description":"Café Campeiro","potentialAction":[{"@type":"SearchAction","target":{"@type":"EntryPoint","urlTemplate":"https:\/\/cafecampeiro.com.br\/?s={search_term_string}"},"query-input":{"@type":"PropertyValueSpecification","valueRequired":true,"valueName":"search_term_string"}}],"inLanguage":"en-US"}]}</script>
<!-- / Yoast SEO plugin. -->

Política de Privacidade - Café Campeiro

Café Campeiro

Início
