{"id":2786,"date":"2022-08-24T06:35:44","date_gmt":"2022-08-24T06:35:44","guid":{"rendered":"https:\/\/cafecampeiro.com.br\/?post_type=product&#038;p=2786"},"modified":"2025-02-25T08:29:31","modified_gmt":"2025-02-25T11:29:31","slug":"combo-familia-intenso","status":"publish","type":"product","link":"https:\/\/cafecampeiro.com.br\/en\/product\/combo-familia-intenso\/","title":{"rendered":"Combo Fam\u00edlia Intenso"},"content":{"rendered":"<div style=\"display: flex; flex-wrap;width: 100%; align-items: center;\">\n<div style=\"width: 33.33%; padding: 20px;\"><img decoding=\"async\" src=\"http:\/\/cafecampeiro.com.br\/wp-content\/uploads\/2022\/07\/Caixa-Cafe-Campeiro-Intenso-02-1-1.png\" alt=\"Intenso\" \/><\/div>\n<div style=\"width: 33.33%; padding: 20px;\">\n<h3>O caf\u00e9:<\/h3>\n<p><span style=\"font-weight: 400;\">Representante do Cerrado Mineiro, nessa torra apresenta notas de chocolate com alto teor de cacau, do\u00e7ura equilibrada, baixa acidez e um corpo impressionante, com finaliza\u00e7\u00e3o persistente e marcante.<\/span><\/p>\n<\/div>\n<div style=\"width: 33.33%; padding: 20px;\">\n<h4>Informa\u00e7\u00f5es:<\/h4>\n<p><span style=\"font-weight: 400;\">Regi\u00e3o: Cerrado Mineiro<\/span><\/p>\n<p><span style=\"font-weight: 400;\">Variedade: Mundo Novo<\/span><\/p>\n<p><span style=\"font-weight: 400;\">Processamento: natural<\/span><\/p>\n<p><span style=\"font-weight: 400;\">Altitude: 1200 m<\/span><\/p>\n<p><span style=\"font-weight: 400;\">Esp\u00e9cie: 100% ar\u00e1bica<\/span><\/p>\n<p><span style=\"font-weight: 400;\">Categoria: caf\u00e9 especial<\/span><\/p>\n<p><span style=\"font-weight: 400;\">Torra: m\u00e9dia escura<\/span><\/p>\n<p><span style=\"font-weight: 400;\">Peso: 1kg (5 pacotes de 200g)<\/span><\/p>\n<p>&nbsp;<\/p>\n<\/div>\n<\/div>","protected":false},"excerpt":{"rendered":"<p><span style=\"font-weight: 400;\">No Combo Fam\u00edlia voc\u00ea leva cinco pacotes de Caf\u00e9 Campeiro Intenso (200g) por um valor 25% menor se compadarado com a compra avulsa desses caf\u00e9s.<\/span><\/p>\n<p><span style=\"font-weight: 400;\">Uma economia de mais de 53 reais!<\/span><\/p>","protected":false},"featured_media":3119,"comment_status":"open","ping_status":"closed","template":"","meta":[],"product_brand":[],"product_cat":[48],"product_tag":[],"class_list":{"0":"post-2786","1":"product","2":"type-product","3":"status-publish","4":"has-post-thumbnail","6":"product_cat-combos","8":"first","9":"instock","10":"sale","11":"taxable","12":"shipping-taxable","13":"purchasable","14":"product-type-simple"},"yoast_head":"<!-- This site is optimized with the Yoast SEO plugin v27.3 - https:\/\/yoast.com\/product\/yoast-seo-wordpress\/ -->\n<title>Combo Fam\u00edlia Intenso - Caf\u00e9 Campeiro<\/title>\n<meta name=\"robots\" content=\"index, follow, max-snippet:-1, max-image-preview:large, max-video-preview:-1\" \/>\n<link rel=\"canonical\" href=\"https:\/\/cafecampeiro.com.br\/en\/product\/combo-familia-intenso\/\" \/>\n<meta property=\"og:locale\" content=\"en_US\" \/>\n<meta property=\"og:type\" content=\"article\" \/>\n<meta property=\"og:title\" content=\"Combo Fam\u00edlia Intenso - Caf\u00e9 Campeiro\" \/>\n<meta property=\"og:description\" content=\"No Combo Fam\u00edlia voc\u00ea leva cinco pacotes de Caf\u00e9 Campeiro Intenso (200g) por um valor 25% menor se compadarado com a compra avulsa desses caf\u00e9s.  Uma economia de mais de 53 reais!\" \/>\n<meta property=\"og:url\" content=\"https:\/\/cafecampeiro.com.br\/en\/product\/combo-familia-intenso\/\" \/>\n<meta property=\"og:site_name\" content=\"Caf\u00e9 Campeiro\" \/>\n<meta property=\"article:modified_time\" content=\"2025-02-25T11:29:31+00:00\" \/>\n<meta property=\"og:image\" content=\"https:\/\/cafecampeiro.com.br\/wp-content\/uploads\/2022\/08\/Caixa-Cafe-Campeiro-Combo-Familia-Intenso-01-1-630x630-1-1.png\" \/>\n\t<meta property=\"og:image:width\" content=\"630\" \/>\n\t<meta property=\"og:image:height\" content=\"630\" \/>\n\t<meta property=\"og:image:type\" content=\"image\/png\" \/>\n<meta name=\"twitter:card\" content=\"summary_large_image\" \/>\n<meta name=\"twitter:label1\" content=\"Est. reading time\" \/>\n\t<meta name=\"twitter:data1\" content=\"1 minute\" \/>\n<script type=\"application\/ld+json\" class=\"yoast-schema-graph\">{\"@context\":\"https:\\\/\\\/schema.org\",\"@graph\":[{\"@type\":\"WebPage\",\"@id\":\"https:\\\/\\\/cafecampeiro.com.br\\\/product\\\/combo-familia-intenso\\\/\",\"url\":\"https:\\\/\\\/cafecampeiro.com.br\\\/product\\\/combo-familia-intenso\\\/\",\"name\":\"Combo Fam\u00edlia Intenso - Caf\u00e9 Campeiro\",\"isPartOf\":{\"@id\":\"https:\\\/\\\/cafecampeiro.com.br\\\/#website\"},\"primaryImageOfPage\":{\"@id\":\"https:\\\/\\\/cafecampeiro.com.br\\\/product\\\/combo-familia-intenso\\\/#primaryimage\"},\"image\":{\"@id\":\"https:\\\/\\\/cafecampeiro.com.br\\\/product\\\/combo-familia-intenso\\\/#primaryimage\"},\"thumbnailUrl\":\"https:\\\/\\\/cafecampeiro.com.br\\\/wp-content\\\/uploads\\\/2022\\\/08\\\/Caixa-Cafe-Campeiro-Combo-Familia-Intenso-01-1-630x630-1-1.png\",\"datePublished\":\"2022-08-24T06:35:44+00:00\",\"dateModified\":\"2025-02-25T11:29:31+00:00\",\"breadcrumb\":{\"@id\":\"https:\\\/\\\/cafecampeiro.com.br\\\/product\\\/combo-familia-intenso\\\/#breadcrumb\"},\"inLanguage\":\"en-US\",\"potentialAction\":[{\"@type\":\"ReadAction\",\"target\":[\"https:\\\/\\\/cafecampeiro.com.br\\\/product\\\/combo-familia-intenso\\\/\"]}]},{\"@type\":\"ImageObject\",\"inLanguage\":\"en-US\",\"@id\":\"https:\\\/\\\/cafecampeiro.com.br\\\/product\\\/combo-familia-intenso\\\/#primaryimage\",\"url\":\"https:\\\/\\\/cafecampeiro.com.br\\\/wp-content\\\/uploads\\\/2022\\\/08\\\/Caixa-Cafe-Campeiro-Combo-Familia-Intenso-01-1-630x630-1-1.png\",\"contentUrl\":\"https:\\\/\\\/cafecampeiro.com.br\\\/wp-content\\\/uploads\\\/2022\\\/08\\\/Caixa-Cafe-Campeiro-Combo-Familia-Intenso-01-1-630x630-1-1.png\",\"width\":630,\"height\":630},{\"@type\":\"BreadcrumbList\",\"@id\":\"https:\\\/\\\/cafecampeiro.com.br\\\/product\\\/combo-familia-intenso\\\/#breadcrumb\",\"itemListElement\":[{\"@type\":\"ListItem\",\"position\":1,\"name\":\"In\u00edcio\",\"item\":\"https:\\\/\\\/cafecampeiro.com.br\\\/\"},{\"@type\":\"ListItem\",\"position\":2,\"name\":\"Produtos\",\"item\":\"https:\\\/\\\/cafecampeiro.com.br\\\/shop\\\/\"},{\"@type\":\"ListItem\",\"position\":3,\"name\":\"Combo Fam\u00edlia Intenso\"}]},{\"@type\":\"WebSite\",\"@id\":\"https:\\\/\\\/cafecampeiro.com.br\\\/#website\",\"url\":\"https:\\\/\\\/cafecampeiro.com.br\\\/\",\"name\":\"Caf\u00e9 Campeiro\",\"description\":\"Caf\u00e9 Campeiro\",\"potentialAction\":[{\"@type\":\"SearchAction\",\"target\":{\"@type\":\"EntryPoint\",\"urlTemplate\":\"https:\\\/\\\/cafecampeiro.com.br\\\/?s={search_term_string}\"},\"query-input\":{\"@type\":\"PropertyValueSpecification\",\"valueRequired\":true,\"valueName\":\"search_term_string\"}}],\"inLanguage\":\"en-US\"}]}<\/script>\n<!-- \/ Yoast SEO plugin. -->","yoast_head_json":{"title":"Combo Fam\u00edlia Intenso - Caf\u00e9 Campeiro","robots":{"index":"index","follow":"follow","max-snippet":"max-snippet:-1","max-image-preview":"max-image-preview:large","max-video-preview":"max-video-preview:-1"},"canonical":"https:\/\/cafecampeiro.com.br\/en\/product\/combo-familia-intenso\/","og_locale":"en_US","og_type":"article","og_title":"Combo Fam\u00edlia Intenso - Caf\u00e9 Campeiro","og_description":"No Combo Fam\u00edlia voc\u00ea leva cinco pacotes de Caf\u00e9 Campeiro Intenso (200g) por um valor 25% menor se compadarado com a compra avulsa desses caf\u00e9s.  Uma economia de mais de 53 reais!","og_url":"https:\/\/cafecampeiro.com.br\/en\/product\/combo-familia-intenso\/","og_site_name":"Caf\u00e9 Campeiro","article_modified_time":"2025-02-25T11:29:31+00:00","og_image":[{"width":630,"height":630,"url":"https:\/\/cafecampeiro.com.br\/wp-content\/uploads\/2022\/08\/Caixa-Cafe-Campeiro-Combo-Familia-Intenso-01-1-630x630-1-1.png","type":"image\/png"}],"twitter_card":"summary_large_image","twitter_misc":{"Est. reading time":"1 minute"},"schema":{"@context":"https:\/\/schema.org","@graph":[{"@type":"WebPage","@id":"https:\/\/cafecampeiro.com.br\/product\/combo-familia-intenso\/","url":"https:\/\/cafecampeiro.com.br\/product\/combo-familia-intenso\/","name":"Combo Fam\u00edlia Intenso - Caf\u00e9 Campeiro","isPartOf":{"@id":"https:\/\/cafecampeiro.com.br\/#website"},"primaryImageOfPage":{"@id":"https:\/\/cafecampeiro.com.br\/product\/combo-familia-intenso\/#primaryimage"},"image":{"@id":"https:\/\/cafecampeiro.com.br\/product\/combo-familia-intenso\/#primaryimage"},"thumbnailUrl":"https:\/\/cafecampeiro.com.br\/wp-content\/uploads\/2022\/08\/Caixa-Cafe-Campeiro-Combo-Familia-Intenso-01-1-630x630-1-1.png","datePublished":"2022-08-24T06:35:44+00:00","dateModified":"2025-02-25T11:29:31+00:00","breadcrumb":{"@id":"https:\/\/cafecampeiro.com.br\/product\/combo-familia-intenso\/#breadcrumb"},"inLanguage":"en-US","potentialAction":[{"@type":"ReadAction","target":["https:\/\/cafecampeiro.com.br\/product\/combo-familia-intenso\/"]}]},{"@type":"ImageObject","inLanguage":"en-US","@id":"https:\/\/cafecampeiro.com.br\/product\/combo-familia-intenso\/#primaryimage","url":"https:\/\/cafecampeiro.com.br\/wp-content\/uploads\/2022\/08\/Caixa-Cafe-Campeiro-Combo-Familia-Intenso-01-1-630x630-1-1.png","contentUrl":"https:\/\/cafecampeiro.com.br\/wp-content\/uploads\/2022\/08\/Caixa-Cafe-Campeiro-Combo-Familia-Intenso-01-1-630x630-1-1.png","width":630,"height":630},{"@type":"BreadcrumbList","@id":"https:\/\/cafecampeiro.com.br\/product\/combo-familia-intenso\/#breadcrumb","itemListElement":[{"@type":"ListItem","position":1,"name":"In\u00edcio","item":"https:\/\/cafecampeiro.com.br\/"},{"@type":"ListItem","position":2,"name":"Produtos","item":"https:\/\/cafecampeiro.com.br\/shop\/"},{"@type":"ListItem","position":3,"name":"Combo Fam\u00edlia Intenso"}]},{"@type":"WebSite","@id":"https:\/\/cafecampeiro.com.br\/#website","url":"https:\/\/cafecampeiro.com.br\/","name":"Caf\u00e9 Campeiro","description":"Caf\u00e9 Campeiro","potentialAction":[{"@type":"SearchAction","target":{"@type":"EntryPoint","urlTemplate":"https:\/\/cafecampeiro.com.br\/?s={search_term_string}"},"query-input":{"@type":"PropertyValueSpecification","valueRequired":true,"valueName":"search_term_string"}}],"inLanguage":"en-US"}]}},"jetpack_sharing_enabled":true,"_links":{"self":[{"href":"https:\/\/cafecampeiro.com.br\/en\/wp-json\/wp\/v2\/product\/2786","targetHints":{"allow":["GET"]}}],"collection":[{"href":"https:\/\/cafecampeiro.com.br\/en\/wp-json\/wp\/v2\/product"}],"about":[{"href":"https:\/\/cafecampeiro.com.br\/en\/wp-json\/wp\/v2\/types\/product"}],"replies":[{"embeddable":true,"href":"https:\/\/cafecampeiro.com.br\/en\/wp-json\/wp\/v2\/comments?post=2786"}],"wp:featuredmedia":[{"embeddable":true,"href":"https:\/\/cafecampeiro.com.br\/en\/wp-json\/wp\/v2\/media\/3119"}],"wp:attachment":[{"href":"https:\/\/cafecampeiro.com.br\/en\/wp-json\/wp\/v2\/media?parent=2786"}],"wp:term":[{"taxonomy":"product_brand","embeddable":true,"href":"https:\/\/cafecampeiro.com.br\/en\/wp-json\/wp\/v2\/product_brand?post=2786"},{"taxonomy":"product_cat","embeddable":true,"href":"https:\/\/cafecampeiro.com.br\/en\/wp-json\/wp\/v2\/product_cat?post=2786"},{"taxonomy":"product_tag","embeddable":true,"href":"https:\/\/cafecampeiro.com.br\/en\/wp-json\/wp\/v2\/product_tag?post=2786"}],"curies":[{"name":"wp","href":"https:\/\/api.w.org\/{rel}","templated":true}]}}

Combo Família Intenso

<div style="display: flex; flex-wrap;width: 100%; align-items: center;">
<div style="width: 33.33%; padding: 20px;"><img decoding="async" src="http://cafecampeiro.com.br/wp-content/uploads/2022/07/Caixa-Cafe-Campeiro-Intenso-02-1-1.png" alt="Intenso" /></div>
<div style="width: 33.33%; padding: 20px;">
<h3>O café:</h3>
<p><span style="font-weight: 400;">Representante do Cerrado Mineiro, nessa torra apresenta notas de chocolate com alto teor de cacau, doçura equilibrada, baixa acidez e um corpo impressionante, com finalização persistente e marcante.</span></p>
</div>
<div style="width: 33.33%; padding: 20px;">
<h4>Informações:</h4>
<p><span style="font-weight: 400;">Região: Cerrado Mineiro</span></p>
<p><span style="font-weight: 400;">Variedade: Mundo Novo</span></p>
<p><span style="font-weight: 400;">Processamento: natural</span></p>
<p><span style="font-weight: 400;">Altitude: 1200 m</span></p>
<p><span style="font-weight: 400;">Espécie: 100% arábica</span></p>
<p><span style="font-weight: 400;">Categoria: café especial</span></p>
<p><span style="font-weight: 400;">Torra: média escura</span></p>
<p><span style="font-weight: 400;">Peso: 1kg (5 pacotes de 200g)</span></p>
<p>&nbsp;</p>
</div>
</div>

<p><span style="font-weight: 400;">No Combo Família você leva cinco pacotes de Café Campeiro Intenso (200g) por um valor 25% menor se compadarado com a compra avulsa desses cafés.</span></p>
<p><span style="font-weight: 400;">Uma economia de mais de 53 reais!</span></p>

<!-- This site is optimized with the Yoast SEO plugin v27.3 - https://yoast.com/product/yoast-seo-wordpress/ -->
<title>Combo Família Intenso - Café Campeiro</title>
<meta name="robots" content="index, follow, max-snippet:-1, max-image-preview:large, max-video-preview:-1" />
<link rel="canonical" href="https://cafecampeiro.com.br/en/product/combo-familia-intenso/" />
<meta property="og:locale" content="en_US" />
<meta property="og:type" content="article" />
<meta property="og:title" content="Combo Família Intenso - Café Campeiro" />
<meta property="og:description" content="No Combo Família você leva cinco pacotes de Café Campeiro Intenso (200g) por um valor 25% menor se compadarado com a compra avulsa desses cafés.  Uma economia de mais de 53 reais!" />
<meta property="og:url" content="https://cafecampeiro.com.br/en/product/combo-familia-intenso/" />
<meta property="og:site_name" content="Café Campeiro" />
<meta property="article:modified_time" content="2025-02-25T11:29:31+00:00" />
<meta property="og:image" content="https://cafecampeiro.com.br/wp-content/uploads/2022/08/Caixa-Cafe-Campeiro-Combo-Familia-Intenso-01-1-630x630-1-1.png" />
	<meta property="og:image:width" content="630" />
	<meta property="og:image:height" content="630" />
	<meta property="og:image:type" content="image/png" />
<meta name="twitter:card" content="summary_large_image" />
<meta name="twitter:label1" content="Est. reading time" />
	<meta name="twitter:data1" content="1 minute" />
<script type="application/ld+json" class="yoast-schema-graph">{"@context":"https:\/\/schema.org","@graph":[{"@type":"WebPage","@id":"https:\/\/cafecampeiro.com.br\/product\/combo-familia-intenso\/","url":"https:\/\/cafecampeiro.com.br\/product\/combo-familia-intenso\/","name":"Combo Família Intenso - Café Campeiro","isPartOf":{"@id":"https:\/\/cafecampeiro.com.br\/#website"},"primaryImageOfPage":{"@id":"https:\/\/cafecampeiro.com.br\/product\/combo-familia-intenso\/#primaryimage"},"image":{"@id":"https:\/\/cafecampeiro.com.br\/product\/combo-familia-intenso\/#primaryimage"},"thumbnailUrl":"https:\/\/cafecampeiro.com.br\/wp-content\/uploads\/2022\/08\/Caixa-Cafe-Campeiro-Combo-Familia-Intenso-01-1-630x630-1-1.png","datePublished":"2022-08-24T06:35:44+00:00","dateModified":"2025-02-25T11:29:31+00:00","breadcrumb":{"@id":"https:\/\/cafecampeiro.com.br\/product\/combo-familia-intenso\/#breadcrumb"},"inLanguage":"en-US","potentialAction":[{"@type":"ReadAction","target":["https:\/\/cafecampeiro.com.br\/product\/combo-familia-intenso\/"]}]},{"@type":"ImageObject","inLanguage":"en-US","@id":"https:\/\/cafecampeiro.com.br\/product\/combo-familia-intenso\/#primaryimage","url":"https:\/\/cafecampeiro.com.br\/wp-content\/uploads\/2022\/08\/Caixa-Cafe-Campeiro-Combo-Familia-Intenso-01-1-630x630-1-1.png","contentUrl":"https:\/\/cafecampeiro.com.br\/wp-content\/uploads\/2022\/08\/Caixa-Cafe-Campeiro-Combo-Familia-Intenso-01-1-630x630-1-1.png","width":630,"height":630},{"@type":"BreadcrumbList","@id":"https:\/\/cafecampeiro.com.br\/product\/combo-familia-intenso\/#breadcrumb","itemListElement":[{"@type":"ListItem","position":1,"name":"Início","item":"https:\/\/cafecampeiro.com.br\/"},{"@type":"ListItem","position":2,"name":"Produtos","item":"https:\/\/cafecampeiro.com.br\/shop\/"},{"@type":"ListItem","position":3,"name":"Combo Família Intenso"}]},{"@type":"WebSite","@id":"https:\/\/cafecampeiro.com.br\/#website","url":"https:\/\/cafecampeiro.com.br\/","name":"Café Campeiro","description":"Café Campeiro","potentialAction":[{"@type":"SearchAction","target":{"@type":"EntryPoint","urlTemplate":"https:\/\/cafecampeiro.com.br\/?s={search_term_string}"},"query-input":{"@type":"PropertyValueSpecification","valueRequired":true,"valueName":"search_term_string"}}],"inLanguage":"en-US"}]}</script>
<!-- / Yoast SEO plugin. -->

Combo Família Intenso - Café Campeiro

No Combo Família você leva cinco pacotes de Café Campeiro Intenso (200g) por um valor 25% menor se compadarado com a compra avulsa desses cafés.  Uma economia de mais de 53 reais!

Café Campeiro

Início
