{"id":3346,"date":"2022-12-01T11:38:04","date_gmt":"2022-12-01T14:38:04","guid":{"rendered":"https:\/\/cafecampeiro.com.br\/?post_type=product&#038;p=3346"},"modified":"2023-01-07T23:43:16","modified_gmt":"2023-01-08T02:43:16","slug":"cafe-edicoes-panetone","status":"publish","type":"product","link":"https:\/\/cafecampeiro.com.br\/en\/product\/cafe-edicoes-panetone\/","title":{"rendered":"Caf\u00e9 Edi\u00e7\u00f5es Panetone"},"content":{"rendered":"<div style=\"display: flex; flex-wrap;width: 100%;\">\n<div style=\"width: 50%; background-size: cover; background-position: center; background-image: url('http:\/\/cafecampeiro.com.br\/wp-content\/uploads\/2022\/08\/descricao-cafe.png'); min-height: 600px; border-top-left-radius: 47px; border-bottom-left-radius: 47px;\"><\/div>\n<div style=\"width: 50%; padding: 80px 100px;\">\n<h4><b>INFORMA\u00c7\u00d5ES:<\/b><\/h4>\n<p><span style=\"font-weight: 400;\">Regi\u00e3o: cerrado mineiro<\/span><\/p>\n<p><span style=\"font-weight: 400;\">Variedade: catua\u00ed amarelo<\/span><\/p>\n<p><span style=\"font-weight: 400;\">Processamento: natural<\/span><\/p>\n<p><span style=\"font-weight: 400;\">Altitude: 980 m<\/span><\/p>\n<p><span style=\"font-weight: 400;\">Esp\u00e9cie: 100% ar\u00e1bica<\/span><\/p>\n<p><span style=\"font-weight: 400;\">Categoria: caf\u00e9 especial<\/span><\/p>\n<p><span style=\"font-weight: 400;\">Torra: m\u00e9dia\u00a0<\/span><\/p>\n<p><span style=\"font-weight: 400;\">Peso: 200 g<\/span><\/p>\n<\/div>\n<\/div>","protected":false},"excerpt":{"rendered":"<p><span style=\"font-weight: 400;\">Existem muitas lendas sobre a origem do Panetone, uma delas diz que foi criado por um padeiro que trabalhava em Mil\u00e3o, e apaixonado pela filha do patr\u00e3o, teria inventado o p\u00e3o doce para impressionar o pai de sua amada. Outra lenda diz que foi por acidente: a servi\u00e7o do nobre Ludovido, o Mouro, o chef Toni e sua equipe erraram uma receita, e no desespero, misturaram tudo que havia na cozinha. A receita agradou e foi chamada de &#8220;Pan de Toni&#8221;, mais tarde &#8220;panettone&#8221;.<\/span><\/p>\n<p>O nosso Caf\u00e9 Edi\u00e7\u00f5es &#8211; Panetone, assim como o doce j\u00e1 popularizado na mesa dos Brasileiros, \u00e9 muito especial &#8211; a \u00fanica diferen\u00e7a \u00e9 que podemos te dizer exatamente como o descobrimos! Foi buscando um caf\u00e9 realmente diferente e apropriado para o fim de ano que o encontramos, nas terras do Cerrado Mineiro.<\/p>\n<p>Esse caf\u00e9 t\u00e3o \u00fanico apresenta naturalmente um aroma incr\u00edvel de uvas-passas, e traz no paladar notas que remetem levemente a chocolate com passas, o que fez com que escolh\u00eassemos esse nome e esse caf\u00e9 para suas comemora\u00e7\u00f5es de fim de ano.<\/p>","protected":false},"featured_media":3352,"comment_status":"open","ping_status":"closed","template":"","meta":[],"product_brand":[],"product_cat":[57,58],"product_tag":[],"class_list":{"0":"post-3346","1":"product","2":"type-product","3":"status-publish","4":"has-post-thumbnail","6":"product_cat-cafe","7":"product_cat-linha-edicoes","9":"first","10":"outofstock","11":"taxable","12":"shipping-taxable","13":"purchasable","14":"product-type-variable"},"yoast_head":"<!-- This site is optimized with the Yoast SEO plugin v27.3 - https:\/\/yoast.com\/product\/yoast-seo-wordpress\/ -->\n<title>Caf\u00e9 Edi\u00e7\u00f5es Panetone - Caf\u00e9 Campeiro<\/title>\n<meta name=\"robots\" content=\"index, follow, max-snippet:-1, max-image-preview:large, max-video-preview:-1\" \/>\n<link rel=\"canonical\" href=\"https:\/\/cafecampeiro.com.br\/en\/product\/cafe-edicoes-panetone\/\" \/>\n<meta property=\"og:locale\" content=\"en_US\" \/>\n<meta property=\"og:type\" content=\"article\" \/>\n<meta property=\"og:title\" content=\"Caf\u00e9 Edi\u00e7\u00f5es Panetone - Caf\u00e9 Campeiro\" \/>\n<meta property=\"og:description\" content=\"Existem muitas lendas sobre a origem do Panetone, uma delas diz que foi criado por um padeiro que trabalhava em Mil\u00e3o, e apaixonado pela filha do patr\u00e3o, teria inventado o p\u00e3o doce para impressionar o pai de sua amada. Outra lenda diz que foi por acidente: a servi\u00e7o do nobre Ludovido, o Mouro, o chef Toni e sua equipe erraram uma receita, e no desespero, misturaram tudo que havia na cozinha. A receita agradou e foi chamada de &quot;Pan de Toni&quot;, mais tarde &quot;panettone&quot;.  O nosso Caf\u00e9 Edi\u00e7\u00f5es - Panetone, assim como o doce j\u00e1 popularizado na mesa dos Brasileiros, \u00e9 muito especial - a \u00fanica diferen\u00e7a \u00e9 que podemos te dizer exatamente como o descobrimos! Foi buscando um caf\u00e9 realmente diferente e apropriado para o fim de ano que o encontramos, nas terras do Cerrado Mineiro.  Esse caf\u00e9 t\u00e3o \u00fanico apresenta naturalmente um aroma incr\u00edvel de uvas-passas, e traz no paladar notas que remetem levemente a chocolate com passas, o que fez com que escolh\u00eassemos esse nome e esse caf\u00e9 para suas comemora\u00e7\u00f5es de fim de ano.\" \/>\n<meta property=\"og:url\" content=\"https:\/\/cafecampeiro.com.br\/en\/product\/cafe-edicoes-panetone\/\" \/>\n<meta property=\"og:site_name\" content=\"Caf\u00e9 Campeiro\" \/>\n<meta property=\"article:modified_time\" content=\"2023-01-08T02:43:16+00:00\" \/>\n<meta property=\"og:image\" content=\"https:\/\/cafecampeiro.com.br\/wp-content\/uploads\/2022\/12\/Caixa-Cafe-Campeiro-Panetone-01-1.png\" \/>\n\t<meta property=\"og:image:width\" content=\"1200\" \/>\n\t<meta property=\"og:image:height\" content=\"1200\" \/>\n\t<meta property=\"og:image:type\" content=\"image\/png\" \/>\n<meta name=\"twitter:card\" content=\"summary_large_image\" \/>\n<script type=\"application\/ld+json\" class=\"yoast-schema-graph\">{\"@context\":\"https:\\\/\\\/schema.org\",\"@graph\":[{\"@type\":\"WebPage\",\"@id\":\"https:\\\/\\\/cafecampeiro.com.br\\\/product\\\/cafe-edicoes-panetone\\\/\",\"url\":\"https:\\\/\\\/cafecampeiro.com.br\\\/product\\\/cafe-edicoes-panetone\\\/\",\"name\":\"Caf\u00e9 Edi\u00e7\u00f5es Panetone - Caf\u00e9 Campeiro\",\"isPartOf\":{\"@id\":\"https:\\\/\\\/cafecampeiro.com.br\\\/#website\"},\"primaryImageOfPage\":{\"@id\":\"https:\\\/\\\/cafecampeiro.com.br\\\/product\\\/cafe-edicoes-panetone\\\/#primaryimage\"},\"image\":{\"@id\":\"https:\\\/\\\/cafecampeiro.com.br\\\/product\\\/cafe-edicoes-panetone\\\/#primaryimage\"},\"thumbnailUrl\":\"https:\\\/\\\/cafecampeiro.com.br\\\/wp-content\\\/uploads\\\/2022\\\/12\\\/Caixa-Cafe-Campeiro-Panetone-01-1.png\",\"datePublished\":\"2022-12-01T14:38:04+00:00\",\"dateModified\":\"2023-01-08T02:43:16+00:00\",\"breadcrumb\":{\"@id\":\"https:\\\/\\\/cafecampeiro.com.br\\\/product\\\/cafe-edicoes-panetone\\\/#breadcrumb\"},\"inLanguage\":\"en-US\",\"potentialAction\":[{\"@type\":\"ReadAction\",\"target\":[\"https:\\\/\\\/cafecampeiro.com.br\\\/product\\\/cafe-edicoes-panetone\\\/\"]}]},{\"@type\":\"ImageObject\",\"inLanguage\":\"en-US\",\"@id\":\"https:\\\/\\\/cafecampeiro.com.br\\\/product\\\/cafe-edicoes-panetone\\\/#primaryimage\",\"url\":\"https:\\\/\\\/cafecampeiro.com.br\\\/wp-content\\\/uploads\\\/2022\\\/12\\\/Caixa-Cafe-Campeiro-Panetone-01-1.png\",\"contentUrl\":\"https:\\\/\\\/cafecampeiro.com.br\\\/wp-content\\\/uploads\\\/2022\\\/12\\\/Caixa-Cafe-Campeiro-Panetone-01-1.png\",\"width\":1200,\"height\":1200},{\"@type\":\"BreadcrumbList\",\"@id\":\"https:\\\/\\\/cafecampeiro.com.br\\\/product\\\/cafe-edicoes-panetone\\\/#breadcrumb\",\"itemListElement\":[{\"@type\":\"ListItem\",\"position\":1,\"name\":\"In\u00edcio\",\"item\":\"https:\\\/\\\/cafecampeiro.com.br\\\/\"},{\"@type\":\"ListItem\",\"position\":2,\"name\":\"Produtos\",\"item\":\"https:\\\/\\\/cafecampeiro.com.br\\\/shop\\\/\"},{\"@type\":\"ListItem\",\"position\":3,\"name\":\"Caf\u00e9 Edi\u00e7\u00f5es Panetone\"}]},{\"@type\":\"WebSite\",\"@id\":\"https:\\\/\\\/cafecampeiro.com.br\\\/#website\",\"url\":\"https:\\\/\\\/cafecampeiro.com.br\\\/\",\"name\":\"Caf\u00e9 Campeiro\",\"description\":\"Caf\u00e9 Campeiro\",\"potentialAction\":[{\"@type\":\"SearchAction\",\"target\":{\"@type\":\"EntryPoint\",\"urlTemplate\":\"https:\\\/\\\/cafecampeiro.com.br\\\/?s={search_term_string}\"},\"query-input\":{\"@type\":\"PropertyValueSpecification\",\"valueRequired\":true,\"valueName\":\"search_term_string\"}}],\"inLanguage\":\"en-US\"}]}<\/script>\n<!-- \/ Yoast SEO plugin. -->","yoast_head_json":{"title":"Caf\u00e9 Edi\u00e7\u00f5es Panetone - Caf\u00e9 Campeiro","robots":{"index":"index","follow":"follow","max-snippet":"max-snippet:-1","max-image-preview":"max-image-preview:large","max-video-preview":"max-video-preview:-1"},"canonical":"https:\/\/cafecampeiro.com.br\/en\/product\/cafe-edicoes-panetone\/","og_locale":"en_US","og_type":"article","og_title":"Caf\u00e9 Edi\u00e7\u00f5es Panetone - Caf\u00e9 Campeiro","og_description":"Existem muitas lendas sobre a origem do Panetone, uma delas diz que foi criado por um padeiro que trabalhava em Mil\u00e3o, e apaixonado pela filha do patr\u00e3o, teria inventado o p\u00e3o doce para impressionar o pai de sua amada. Outra lenda diz que foi por acidente: a servi\u00e7o do nobre Ludovido, o Mouro, o chef Toni e sua equipe erraram uma receita, e no desespero, misturaram tudo que havia na cozinha. A receita agradou e foi chamada de \"Pan de Toni\", mais tarde \"panettone\".  O nosso Caf\u00e9 Edi\u00e7\u00f5es - Panetone, assim como o doce j\u00e1 popularizado na mesa dos Brasileiros, \u00e9 muito especial - a \u00fanica diferen\u00e7a \u00e9 que podemos te dizer exatamente como o descobrimos! Foi buscando um caf\u00e9 realmente diferente e apropriado para o fim de ano que o encontramos, nas terras do Cerrado Mineiro.  Esse caf\u00e9 t\u00e3o \u00fanico apresenta naturalmente um aroma incr\u00edvel de uvas-passas, e traz no paladar notas que remetem levemente a chocolate com passas, o que fez com que escolh\u00eassemos esse nome e esse caf\u00e9 para suas comemora\u00e7\u00f5es de fim de ano.","og_url":"https:\/\/cafecampeiro.com.br\/en\/product\/cafe-edicoes-panetone\/","og_site_name":"Caf\u00e9 Campeiro","article_modified_time":"2023-01-08T02:43:16+00:00","og_image":[{"width":1200,"height":1200,"url":"https:\/\/cafecampeiro.com.br\/wp-content\/uploads\/2022\/12\/Caixa-Cafe-Campeiro-Panetone-01-1.png","type":"image\/png"}],"twitter_card":"summary_large_image","schema":{"@context":"https:\/\/schema.org","@graph":[{"@type":"WebPage","@id":"https:\/\/cafecampeiro.com.br\/product\/cafe-edicoes-panetone\/","url":"https:\/\/cafecampeiro.com.br\/product\/cafe-edicoes-panetone\/","name":"Caf\u00e9 Edi\u00e7\u00f5es Panetone - Caf\u00e9 Campeiro","isPartOf":{"@id":"https:\/\/cafecampeiro.com.br\/#website"},"primaryImageOfPage":{"@id":"https:\/\/cafecampeiro.com.br\/product\/cafe-edicoes-panetone\/#primaryimage"},"image":{"@id":"https:\/\/cafecampeiro.com.br\/product\/cafe-edicoes-panetone\/#primaryimage"},"thumbnailUrl":"https:\/\/cafecampeiro.com.br\/wp-content\/uploads\/2022\/12\/Caixa-Cafe-Campeiro-Panetone-01-1.png","datePublished":"2022-12-01T14:38:04+00:00","dateModified":"2023-01-08T02:43:16+00:00","breadcrumb":{"@id":"https:\/\/cafecampeiro.com.br\/product\/cafe-edicoes-panetone\/#breadcrumb"},"inLanguage":"en-US","potentialAction":[{"@type":"ReadAction","target":["https:\/\/cafecampeiro.com.br\/product\/cafe-edicoes-panetone\/"]}]},{"@type":"ImageObject","inLanguage":"en-US","@id":"https:\/\/cafecampeiro.com.br\/product\/cafe-edicoes-panetone\/#primaryimage","url":"https:\/\/cafecampeiro.com.br\/wp-content\/uploads\/2022\/12\/Caixa-Cafe-Campeiro-Panetone-01-1.png","contentUrl":"https:\/\/cafecampeiro.com.br\/wp-content\/uploads\/2022\/12\/Caixa-Cafe-Campeiro-Panetone-01-1.png","width":1200,"height":1200},{"@type":"BreadcrumbList","@id":"https:\/\/cafecampeiro.com.br\/product\/cafe-edicoes-panetone\/#breadcrumb","itemListElement":[{"@type":"ListItem","position":1,"name":"In\u00edcio","item":"https:\/\/cafecampeiro.com.br\/"},{"@type":"ListItem","position":2,"name":"Produtos","item":"https:\/\/cafecampeiro.com.br\/shop\/"},{"@type":"ListItem","position":3,"name":"Caf\u00e9 Edi\u00e7\u00f5es Panetone"}]},{"@type":"WebSite","@id":"https:\/\/cafecampeiro.com.br\/#website","url":"https:\/\/cafecampeiro.com.br\/","name":"Caf\u00e9 Campeiro","description":"Caf\u00e9 Campeiro","potentialAction":[{"@type":"SearchAction","target":{"@type":"EntryPoint","urlTemplate":"https:\/\/cafecampeiro.com.br\/?s={search_term_string}"},"query-input":{"@type":"PropertyValueSpecification","valueRequired":true,"valueName":"search_term_string"}}],"inLanguage":"en-US"}]}},"jetpack_sharing_enabled":true,"_links":{"self":[{"href":"https:\/\/cafecampeiro.com.br\/en\/wp-json\/wp\/v2\/product\/3346","targetHints":{"allow":["GET"]}}],"collection":[{"href":"https:\/\/cafecampeiro.com.br\/en\/wp-json\/wp\/v2\/product"}],"about":[{"href":"https:\/\/cafecampeiro.com.br\/en\/wp-json\/wp\/v2\/types\/product"}],"replies":[{"embeddable":true,"href":"https:\/\/cafecampeiro.com.br\/en\/wp-json\/wp\/v2\/comments?post=3346"}],"wp:featuredmedia":[{"embeddable":true,"href":"https:\/\/cafecampeiro.com.br\/en\/wp-json\/wp\/v2\/media\/3352"}],"wp:attachment":[{"href":"https:\/\/cafecampeiro.com.br\/en\/wp-json\/wp\/v2\/media?parent=3346"}],"wp:term":[{"taxonomy":"product_brand","embeddable":true,"href":"https:\/\/cafecampeiro.com.br\/en\/wp-json\/wp\/v2\/product_brand?post=3346"},{"taxonomy":"product_cat","embeddable":true,"href":"https:\/\/cafecampeiro.com.br\/en\/wp-json\/wp\/v2\/product_cat?post=3346"},{"taxonomy":"product_tag","embeddable":true,"href":"https:\/\/cafecampeiro.com.br\/en\/wp-json\/wp\/v2\/product_tag?post=3346"}],"curies":[{"name":"wp","href":"https:\/\/api.w.org\/{rel}","templated":true}]}}

Café Edições Panetone

<div style="display: flex; flex-wrap;width: 100%;">
<div style="width: 50%; background-size: cover; background-position: center; background-image: url('http://cafecampeiro.com.br/wp-content/uploads/2022/08/descricao-cafe.png'); min-height: 600px; border-top-left-radius: 47px; border-bottom-left-radius: 47px;"></div>
<div style="width: 50%; padding: 80px 100px;">
<h4><b>INFORMAÇÕES:</b></h4>
<p><span style="font-weight: 400;">Região: cerrado mineiro</span></p>
<p><span style="font-weight: 400;">Variedade: catuaí amarelo</span></p>
<p><span style="font-weight: 400;">Processamento: natural</span></p>
<p><span style="font-weight: 400;">Altitude: 980 m</span></p>
<p><span style="font-weight: 400;">Espécie: 100% arábica</span></p>
<p><span style="font-weight: 400;">Categoria: café especial</span></p>
<p><span style="font-weight: 400;">Torra: média </span></p>
<p><span style="font-weight: 400;">Peso: 200 g</span></p>
</div>
</div>

<p><span style="font-weight: 400;">Existem muitas lendas sobre a origem do Panetone, uma delas diz que foi criado por um padeiro que trabalhava em Milão, e apaixonado pela filha do patrão, teria inventado o pão doce para impressionar o pai de sua amada. Outra lenda diz que foi por acidente: a serviço do nobre Ludovido, o Mouro, o chef Toni e sua equipe erraram uma receita, e no desespero, misturaram tudo que havia na cozinha. A receita agradou e foi chamada de &#8220;Pan de Toni&#8221;, mais tarde &#8220;panettone&#8221;.</span></p>
<p>O nosso Café Edições &#8211; Panetone, assim como o doce já popularizado na mesa dos Brasileiros, é muito especial &#8211; a única diferença é que podemos te dizer exatamente como o descobrimos! Foi buscando um café realmente diferente e apropriado para o fim de ano que o encontramos, nas terras do Cerrado Mineiro.</p>
<p>Esse café tão único apresenta naturalmente um aroma incrível de uvas-passas, e traz no paladar notas que remetem levemente a chocolate com passas, o que fez com que escolhêssemos esse nome e esse café para suas comemorações de fim de ano.</p>

<!-- This site is optimized with the Yoast SEO plugin v27.3 - https://yoast.com/product/yoast-seo-wordpress/ -->
<title>Café Edições Panetone - Café Campeiro</title>
<meta name="robots" content="index, follow, max-snippet:-1, max-image-preview:large, max-video-preview:-1" />
<link rel="canonical" href="https://cafecampeiro.com.br/en/product/cafe-edicoes-panetone/" />
<meta property="og:locale" content="en_US" />
<meta property="og:type" content="article" />
<meta property="og:title" content="Café Edições Panetone - Café Campeiro" />
<meta property="og:description" content="Existem muitas lendas sobre a origem do Panetone, uma delas diz que foi criado por um padeiro que trabalhava em Milão, e apaixonado pela filha do patrão, teria inventado o pão doce para impressionar o pai de sua amada. Outra lenda diz que foi por acidente: a serviço do nobre Ludovido, o Mouro, o chef Toni e sua equipe erraram uma receita, e no desespero, misturaram tudo que havia na cozinha. A receita agradou e foi chamada de &quot;Pan de Toni&quot;, mais tarde &quot;panettone&quot;.  O nosso Café Edições - Panetone, assim como o doce já popularizado na mesa dos Brasileiros, é muito especial - a única diferença é que podemos te dizer exatamente como o descobrimos! Foi buscando um café realmente diferente e apropriado para o fim de ano que o encontramos, nas terras do Cerrado Mineiro.  Esse café tão único apresenta naturalmente um aroma incrível de uvas-passas, e traz no paladar notas que remetem levemente a chocolate com passas, o que fez com que escolhêssemos esse nome e esse café para suas comemorações de fim de ano." />
<meta property="og:url" content="https://cafecampeiro.com.br/en/product/cafe-edicoes-panetone/" />
<meta property="og:site_name" content="Café Campeiro" />
<meta property="article:modified_time" content="2023-01-08T02:43:16+00:00" />
<meta property="og:image" content="https://cafecampeiro.com.br/wp-content/uploads/2022/12/Caixa-Cafe-Campeiro-Panetone-01-1.png" />
	<meta property="og:image:width" content="1200" />
	<meta property="og:image:height" content="1200" />
	<meta property="og:image:type" content="image/png" />
<meta name="twitter:card" content="summary_large_image" />
<script type="application/ld+json" class="yoast-schema-graph">{"@context":"https:\/\/schema.org","@graph":[{"@type":"WebPage","@id":"https:\/\/cafecampeiro.com.br\/product\/cafe-edicoes-panetone\/","url":"https:\/\/cafecampeiro.com.br\/product\/cafe-edicoes-panetone\/","name":"Café Edições Panetone - Café Campeiro","isPartOf":{"@id":"https:\/\/cafecampeiro.com.br\/#website"},"primaryImageOfPage":{"@id":"https:\/\/cafecampeiro.com.br\/product\/cafe-edicoes-panetone\/#primaryimage"},"image":{"@id":"https:\/\/cafecampeiro.com.br\/product\/cafe-edicoes-panetone\/#primaryimage"},"thumbnailUrl":"https:\/\/cafecampeiro.com.br\/wp-content\/uploads\/2022\/12\/Caixa-Cafe-Campeiro-Panetone-01-1.png","datePublished":"2022-12-01T14:38:04+00:00","dateModified":"2023-01-08T02:43:16+00:00","breadcrumb":{"@id":"https:\/\/cafecampeiro.com.br\/product\/cafe-edicoes-panetone\/#breadcrumb"},"inLanguage":"en-US","potentialAction":[{"@type":"ReadAction","target":["https:\/\/cafecampeiro.com.br\/product\/cafe-edicoes-panetone\/"]}]},{"@type":"ImageObject","inLanguage":"en-US","@id":"https:\/\/cafecampeiro.com.br\/product\/cafe-edicoes-panetone\/#primaryimage","url":"https:\/\/cafecampeiro.com.br\/wp-content\/uploads\/2022\/12\/Caixa-Cafe-Campeiro-Panetone-01-1.png","contentUrl":"https:\/\/cafecampeiro.com.br\/wp-content\/uploads\/2022\/12\/Caixa-Cafe-Campeiro-Panetone-01-1.png","width":1200,"height":1200},{"@type":"BreadcrumbList","@id":"https:\/\/cafecampeiro.com.br\/product\/cafe-edicoes-panetone\/#breadcrumb","itemListElement":[{"@type":"ListItem","position":1,"name":"Início","item":"https:\/\/cafecampeiro.com.br\/"},{"@type":"ListItem","position":2,"name":"Produtos","item":"https:\/\/cafecampeiro.com.br\/shop\/"},{"@type":"ListItem","position":3,"name":"Café Edições Panetone"}]},{"@type":"WebSite","@id":"https:\/\/cafecampeiro.com.br\/#website","url":"https:\/\/cafecampeiro.com.br\/","name":"Café Campeiro","description":"Café Campeiro","potentialAction":[{"@type":"SearchAction","target":{"@type":"EntryPoint","urlTemplate":"https:\/\/cafecampeiro.com.br\/?s={search_term_string}"},"query-input":{"@type":"PropertyValueSpecification","valueRequired":true,"valueName":"search_term_string"}}],"inLanguage":"en-US"}]}</script>
<!-- / Yoast SEO plugin. -->

Café Edições Panetone - Café Campeiro

Existem muitas lendas sobre a origem do Panetone, uma delas diz que foi criado por um padeiro que trabalhava em Milão, e apaixonado pela filha do patrão, teria inventado o pão doce para impressionar o pai de sua amada. Outra lenda diz que foi por acidente: a serviço do nobre Ludovido, o Mouro, o chef Toni e sua equipe erraram uma receita, e no desespero, misturaram tudo que havia na cozinha. A receita agradou e foi chamada de "Pan de Toni", mais tarde "panettone".  O nosso Café Edições - Panetone, assim como o doce já popularizado na mesa dos Brasileiros, é muito especial - a única diferença é que podemos te dizer exatamente como o descobrimos! Foi buscando um café realmente diferente e apropriado para o fim de ano que o encontramos, nas terras do Cerrado Mineiro.  Esse café tão único apresenta naturalmente um aroma incrível de uvas-passas, e traz no paladar notas que remetem levemente a chocolate com passas, o que fez com que escolhêssemos esse nome e esse café para suas comemorações de fim de ano.

Café Campeiro

Início
