{"id":3480,"date":"2023-02-02T00:11:39","date_gmt":"2023-02-02T03:11:39","guid":{"rendered":"https:\/\/cafecampeiro.com.br\/?post_type=product&#038;p=3480"},"modified":"2025-02-24T19:30:16","modified_gmt":"2025-02-24T22:30:16","slug":"cafe-edicoes-pe-de-moleque","status":"publish","type":"product","link":"https:\/\/cafecampeiro.com.br\/en\/product\/cafe-edicoes-pe-de-moleque\/","title":{"rendered":"Caf\u00e9 Edi\u00e7\u00f5es P\u00e9 de moleque"},"content":{"rendered":"<div style=\"display: flex; flex-wrap;width: 100%;\">\n<div style=\"width: 50%; background-size: cover; background-position: center; background-image: url('http:\/\/cafecampeiro.com.br\/wp-content\/uploads\/2022\/08\/descricao-cafe.png'); min-height: 600px; border-top-left-radius: 47px; border-bottom-left-radius: 47px;\"><\/div>\n<div style=\"width: 50%; padding: 80px 100px;\">\n<h4><b>INFORMA\u00c7\u00d5ES:<\/b><\/h4>\n<p><span style=\"font-weight: 400;\">Regi\u00e3o: sul de minas<\/span><\/p>\n<p><span style=\"font-weight: 400;\">Variedade: acai\u00e1<br \/>\n<\/span><\/p>\n<p><span style=\"font-weight: 400;\">Processamento: natural<\/span><\/p>\n<p><span style=\"font-weight: 400;\">Altitude: 1300 m<\/span><\/p>\n<p><span style=\"font-weight: 400;\">Esp\u00e9cie: 100% ar\u00e1bica<\/span><\/p>\n<p><span style=\"font-weight: 400;\">Categoria: caf\u00e9 especial<\/span><\/p>\n<p><span style=\"font-weight: 400;\">Torra: m\u00e9dia\u00a0<\/span><\/p>\n<p><span style=\"font-weight: 400;\">Peso: 200 g<\/span><\/p>\n<\/div>\n<\/div>","protected":false},"excerpt":{"rendered":"<p>As notas de caramelo e oleaginosas presentes neste caf\u00e9, nos fazem lembrar do sabor marcante desse doce que surgiu no Brasil colonial como uma adapta\u00e7\u00e3o do doce persa <em>nougat<\/em>.<\/p>\n<p>A origem do seu nome \u00e9 controversa, alguns dizem que se d\u00e1 por ser parecido com o cal\u00e7amento comum das cidades, em que a jun\u00e7\u00e3o das pedras era assentada por crian\u00e7as escravizadas com p\u00e9s descal\u00e7os, outros dizem que teve origem quando meninos surrupiavam o doce das quituteiras, que gritavam: \u201cPede, moleque, pede!\u201d<\/p>","protected":false},"featured_media":3485,"comment_status":"open","ping_status":"closed","template":"","meta":[],"product_brand":[],"product_cat":[57,58],"product_tag":[],"class_list":{"0":"post-3480","1":"product","2":"type-product","3":"status-publish","4":"has-post-thumbnail","6":"product_cat-cafe","7":"product_cat-linha-edicoes","9":"first","10":"instock","11":"taxable","12":"shipping-taxable","13":"purchasable","14":"product-type-simple"},"yoast_head":"<!-- This site is optimized with the Yoast SEO plugin v27.3 - https:\/\/yoast.com\/product\/yoast-seo-wordpress\/ -->\n<title>Caf\u00e9 Edi\u00e7\u00f5es P\u00e9 de moleque - Caf\u00e9 Campeiro<\/title>\n<meta name=\"robots\" content=\"index, follow, max-snippet:-1, max-image-preview:large, max-video-preview:-1\" \/>\n<link rel=\"canonical\" href=\"https:\/\/cafecampeiro.com.br\/en\/product\/cafe-edicoes-pe-de-moleque\/\" \/>\n<meta property=\"og:locale\" content=\"en_US\" \/>\n<meta property=\"og:type\" content=\"article\" \/>\n<meta property=\"og:title\" content=\"Caf\u00e9 Edi\u00e7\u00f5es P\u00e9 de moleque - Caf\u00e9 Campeiro\" \/>\n<meta property=\"og:description\" content=\"As notas de caramelo e oleaginosas presentes neste caf\u00e9, nos fazem lembrar do sabor marcante desse doce que surgiu no Brasil colonial como uma adapta\u00e7\u00e3o do doce persa nougat.  A origem do seu nome \u00e9 controversa, alguns dizem que se d\u00e1 por ser parecido com o cal\u00e7amento comum das cidades, em que a jun\u00e7\u00e3o das pedras era assentada por crian\u00e7as escravizadas com p\u00e9s descal\u00e7os, outros dizem que teve origem quando meninos surrupiavam o doce das quituteiras, que gritavam: \u201cPede, moleque, pede!\u201d\" \/>\n<meta property=\"og:url\" content=\"https:\/\/cafecampeiro.com.br\/en\/product\/cafe-edicoes-pe-de-moleque\/\" \/>\n<meta property=\"og:site_name\" content=\"Caf\u00e9 Campeiro\" \/>\n<meta property=\"article:modified_time\" content=\"2025-02-24T22:30:16+00:00\" \/>\n<meta property=\"og:image\" content=\"https:\/\/cafecampeiro.com.br\/wp-content\/uploads\/2023\/02\/Caixa-Cafe-Campeiro-Pe-de-Moleque-01.png\" \/>\n\t<meta property=\"og:image:width\" content=\"1200\" \/>\n\t<meta property=\"og:image:height\" content=\"1200\" \/>\n\t<meta property=\"og:image:type\" content=\"image\/png\" \/>\n<meta name=\"twitter:card\" content=\"summary_large_image\" \/>\n<meta name=\"twitter:label1\" content=\"Est. reading time\" \/>\n\t<meta name=\"twitter:data1\" content=\"1 minute\" \/>\n<script type=\"application\/ld+json\" class=\"yoast-schema-graph\">{\"@context\":\"https:\\\/\\\/schema.org\",\"@graph\":[{\"@type\":\"WebPage\",\"@id\":\"https:\\\/\\\/cafecampeiro.com.br\\\/product\\\/cafe-edicoes-pe-de-moleque\\\/\",\"url\":\"https:\\\/\\\/cafecampeiro.com.br\\\/product\\\/cafe-edicoes-pe-de-moleque\\\/\",\"name\":\"Caf\u00e9 Edi\u00e7\u00f5es P\u00e9 de moleque - Caf\u00e9 Campeiro\",\"isPartOf\":{\"@id\":\"https:\\\/\\\/cafecampeiro.com.br\\\/#website\"},\"primaryImageOfPage\":{\"@id\":\"https:\\\/\\\/cafecampeiro.com.br\\\/product\\\/cafe-edicoes-pe-de-moleque\\\/#primaryimage\"},\"image\":{\"@id\":\"https:\\\/\\\/cafecampeiro.com.br\\\/product\\\/cafe-edicoes-pe-de-moleque\\\/#primaryimage\"},\"thumbnailUrl\":\"https:\\\/\\\/cafecampeiro.com.br\\\/wp-content\\\/uploads\\\/2023\\\/02\\\/Caixa-Cafe-Campeiro-Pe-de-Moleque-01.png\",\"datePublished\":\"2023-02-02T03:11:39+00:00\",\"dateModified\":\"2025-02-24T22:30:16+00:00\",\"breadcrumb\":{\"@id\":\"https:\\\/\\\/cafecampeiro.com.br\\\/product\\\/cafe-edicoes-pe-de-moleque\\\/#breadcrumb\"},\"inLanguage\":\"en-US\",\"potentialAction\":[{\"@type\":\"ReadAction\",\"target\":[\"https:\\\/\\\/cafecampeiro.com.br\\\/product\\\/cafe-edicoes-pe-de-moleque\\\/\"]}]},{\"@type\":\"ImageObject\",\"inLanguage\":\"en-US\",\"@id\":\"https:\\\/\\\/cafecampeiro.com.br\\\/product\\\/cafe-edicoes-pe-de-moleque\\\/#primaryimage\",\"url\":\"https:\\\/\\\/cafecampeiro.com.br\\\/wp-content\\\/uploads\\\/2023\\\/02\\\/Caixa-Cafe-Campeiro-Pe-de-Moleque-01.png\",\"contentUrl\":\"https:\\\/\\\/cafecampeiro.com.br\\\/wp-content\\\/uploads\\\/2023\\\/02\\\/Caixa-Cafe-Campeiro-Pe-de-Moleque-01.png\",\"width\":1200,\"height\":1200},{\"@type\":\"BreadcrumbList\",\"@id\":\"https:\\\/\\\/cafecampeiro.com.br\\\/product\\\/cafe-edicoes-pe-de-moleque\\\/#breadcrumb\",\"itemListElement\":[{\"@type\":\"ListItem\",\"position\":1,\"name\":\"In\u00edcio\",\"item\":\"https:\\\/\\\/cafecampeiro.com.br\\\/\"},{\"@type\":\"ListItem\",\"position\":2,\"name\":\"Produtos\",\"item\":\"https:\\\/\\\/cafecampeiro.com.br\\\/shop\\\/\"},{\"@type\":\"ListItem\",\"position\":3,\"name\":\"Caf\u00e9 Edi\u00e7\u00f5es P\u00e9 de moleque\"}]},{\"@type\":\"WebSite\",\"@id\":\"https:\\\/\\\/cafecampeiro.com.br\\\/#website\",\"url\":\"https:\\\/\\\/cafecampeiro.com.br\\\/\",\"name\":\"Caf\u00e9 Campeiro\",\"description\":\"Caf\u00e9 Campeiro\",\"potentialAction\":[{\"@type\":\"SearchAction\",\"target\":{\"@type\":\"EntryPoint\",\"urlTemplate\":\"https:\\\/\\\/cafecampeiro.com.br\\\/?s={search_term_string}\"},\"query-input\":{\"@type\":\"PropertyValueSpecification\",\"valueRequired\":true,\"valueName\":\"search_term_string\"}}],\"inLanguage\":\"en-US\"}]}<\/script>\n<!-- \/ Yoast SEO plugin. -->","yoast_head_json":{"title":"Caf\u00e9 Edi\u00e7\u00f5es P\u00e9 de moleque - Caf\u00e9 Campeiro","robots":{"index":"index","follow":"follow","max-snippet":"max-snippet:-1","max-image-preview":"max-image-preview:large","max-video-preview":"max-video-preview:-1"},"canonical":"https:\/\/cafecampeiro.com.br\/en\/product\/cafe-edicoes-pe-de-moleque\/","og_locale":"en_US","og_type":"article","og_title":"Caf\u00e9 Edi\u00e7\u00f5es P\u00e9 de moleque - Caf\u00e9 Campeiro","og_description":"As notas de caramelo e oleaginosas presentes neste caf\u00e9, nos fazem lembrar do sabor marcante desse doce que surgiu no Brasil colonial como uma adapta\u00e7\u00e3o do doce persa nougat.  A origem do seu nome \u00e9 controversa, alguns dizem que se d\u00e1 por ser parecido com o cal\u00e7amento comum das cidades, em que a jun\u00e7\u00e3o das pedras era assentada por crian\u00e7as escravizadas com p\u00e9s descal\u00e7os, outros dizem que teve origem quando meninos surrupiavam o doce das quituteiras, que gritavam: \u201cPede, moleque, pede!\u201d","og_url":"https:\/\/cafecampeiro.com.br\/en\/product\/cafe-edicoes-pe-de-moleque\/","og_site_name":"Caf\u00e9 Campeiro","article_modified_time":"2025-02-24T22:30:16+00:00","og_image":[{"width":1200,"height":1200,"url":"https:\/\/cafecampeiro.com.br\/wp-content\/uploads\/2023\/02\/Caixa-Cafe-Campeiro-Pe-de-Moleque-01.png","type":"image\/png"}],"twitter_card":"summary_large_image","twitter_misc":{"Est. reading time":"1 minute"},"schema":{"@context":"https:\/\/schema.org","@graph":[{"@type":"WebPage","@id":"https:\/\/cafecampeiro.com.br\/product\/cafe-edicoes-pe-de-moleque\/","url":"https:\/\/cafecampeiro.com.br\/product\/cafe-edicoes-pe-de-moleque\/","name":"Caf\u00e9 Edi\u00e7\u00f5es P\u00e9 de moleque - Caf\u00e9 Campeiro","isPartOf":{"@id":"https:\/\/cafecampeiro.com.br\/#website"},"primaryImageOfPage":{"@id":"https:\/\/cafecampeiro.com.br\/product\/cafe-edicoes-pe-de-moleque\/#primaryimage"},"image":{"@id":"https:\/\/cafecampeiro.com.br\/product\/cafe-edicoes-pe-de-moleque\/#primaryimage"},"thumbnailUrl":"https:\/\/cafecampeiro.com.br\/wp-content\/uploads\/2023\/02\/Caixa-Cafe-Campeiro-Pe-de-Moleque-01.png","datePublished":"2023-02-02T03:11:39+00:00","dateModified":"2025-02-24T22:30:16+00:00","breadcrumb":{"@id":"https:\/\/cafecampeiro.com.br\/product\/cafe-edicoes-pe-de-moleque\/#breadcrumb"},"inLanguage":"en-US","potentialAction":[{"@type":"ReadAction","target":["https:\/\/cafecampeiro.com.br\/product\/cafe-edicoes-pe-de-moleque\/"]}]},{"@type":"ImageObject","inLanguage":"en-US","@id":"https:\/\/cafecampeiro.com.br\/product\/cafe-edicoes-pe-de-moleque\/#primaryimage","url":"https:\/\/cafecampeiro.com.br\/wp-content\/uploads\/2023\/02\/Caixa-Cafe-Campeiro-Pe-de-Moleque-01.png","contentUrl":"https:\/\/cafecampeiro.com.br\/wp-content\/uploads\/2023\/02\/Caixa-Cafe-Campeiro-Pe-de-Moleque-01.png","width":1200,"height":1200},{"@type":"BreadcrumbList","@id":"https:\/\/cafecampeiro.com.br\/product\/cafe-edicoes-pe-de-moleque\/#breadcrumb","itemListElement":[{"@type":"ListItem","position":1,"name":"In\u00edcio","item":"https:\/\/cafecampeiro.com.br\/"},{"@type":"ListItem","position":2,"name":"Produtos","item":"https:\/\/cafecampeiro.com.br\/shop\/"},{"@type":"ListItem","position":3,"name":"Caf\u00e9 Edi\u00e7\u00f5es P\u00e9 de moleque"}]},{"@type":"WebSite","@id":"https:\/\/cafecampeiro.com.br\/#website","url":"https:\/\/cafecampeiro.com.br\/","name":"Caf\u00e9 Campeiro","description":"Caf\u00e9 Campeiro","potentialAction":[{"@type":"SearchAction","target":{"@type":"EntryPoint","urlTemplate":"https:\/\/cafecampeiro.com.br\/?s={search_term_string}"},"query-input":{"@type":"PropertyValueSpecification","valueRequired":true,"valueName":"search_term_string"}}],"inLanguage":"en-US"}]}},"jetpack_sharing_enabled":true,"_links":{"self":[{"href":"https:\/\/cafecampeiro.com.br\/en\/wp-json\/wp\/v2\/product\/3480","targetHints":{"allow":["GET"]}}],"collection":[{"href":"https:\/\/cafecampeiro.com.br\/en\/wp-json\/wp\/v2\/product"}],"about":[{"href":"https:\/\/cafecampeiro.com.br\/en\/wp-json\/wp\/v2\/types\/product"}],"replies":[{"embeddable":true,"href":"https:\/\/cafecampeiro.com.br\/en\/wp-json\/wp\/v2\/comments?post=3480"}],"wp:featuredmedia":[{"embeddable":true,"href":"https:\/\/cafecampeiro.com.br\/en\/wp-json\/wp\/v2\/media\/3485"}],"wp:attachment":[{"href":"https:\/\/cafecampeiro.com.br\/en\/wp-json\/wp\/v2\/media?parent=3480"}],"wp:term":[{"taxonomy":"product_brand","embeddable":true,"href":"https:\/\/cafecampeiro.com.br\/en\/wp-json\/wp\/v2\/product_brand?post=3480"},{"taxonomy":"product_cat","embeddable":true,"href":"https:\/\/cafecampeiro.com.br\/en\/wp-json\/wp\/v2\/product_cat?post=3480"},{"taxonomy":"product_tag","embeddable":true,"href":"https:\/\/cafecampeiro.com.br\/en\/wp-json\/wp\/v2\/product_tag?post=3480"}],"curies":[{"name":"wp","href":"https:\/\/api.w.org\/{rel}","templated":true}]}}

Café Edições Pé de moleque

<div style="display: flex; flex-wrap;width: 100%;">
<div style="width: 50%; background-size: cover; background-position: center; background-image: url('http://cafecampeiro.com.br/wp-content/uploads/2022/08/descricao-cafe.png'); min-height: 600px; border-top-left-radius: 47px; border-bottom-left-radius: 47px;"></div>
<div style="width: 50%; padding: 80px 100px;">
<h4><b>INFORMAÇÕES:</b></h4>
<p><span style="font-weight: 400;">Região: sul de minas</span></p>
<p><span style="font-weight: 400;">Variedade: acaiá<br />
</span></p>
<p><span style="font-weight: 400;">Processamento: natural</span></p>
<p><span style="font-weight: 400;">Altitude: 1300 m</span></p>
<p><span style="font-weight: 400;">Espécie: 100% arábica</span></p>
<p><span style="font-weight: 400;">Categoria: café especial</span></p>
<p><span style="font-weight: 400;">Torra: média </span></p>
<p><span style="font-weight: 400;">Peso: 200 g</span></p>
</div>
</div>

<p>As notas de caramelo e oleaginosas presentes neste café, nos fazem lembrar do sabor marcante desse doce que surgiu no Brasil colonial como uma adaptação do doce persa <em>nougat</em>.</p>
<p>A origem do seu nome é controversa, alguns dizem que se dá por ser parecido com o calçamento comum das cidades, em que a junção das pedras era assentada por crianças escravizadas com pés descalços, outros dizem que teve origem quando meninos surrupiavam o doce das quituteiras, que gritavam: “Pede, moleque, pede!”</p>

<!-- This site is optimized with the Yoast SEO plugin v27.3 - https://yoast.com/product/yoast-seo-wordpress/ -->
<title>Café Edições Pé de moleque - Café Campeiro</title>
<meta name="robots" content="index, follow, max-snippet:-1, max-image-preview:large, max-video-preview:-1" />
<link rel="canonical" href="https://cafecampeiro.com.br/en/product/cafe-edicoes-pe-de-moleque/" />
<meta property="og:locale" content="en_US" />
<meta property="og:type" content="article" />
<meta property="og:title" content="Café Edições Pé de moleque - Café Campeiro" />
<meta property="og:description" content="As notas de caramelo e oleaginosas presentes neste café, nos fazem lembrar do sabor marcante desse doce que surgiu no Brasil colonial como uma adaptação do doce persa nougat.  A origem do seu nome é controversa, alguns dizem que se dá por ser parecido com o calçamento comum das cidades, em que a junção das pedras era assentada por crianças escravizadas com pés descalços, outros dizem que teve origem quando meninos surrupiavam o doce das quituteiras, que gritavam: “Pede, moleque, pede!”" />
<meta property="og:url" content="https://cafecampeiro.com.br/en/product/cafe-edicoes-pe-de-moleque/" />
<meta property="og:site_name" content="Café Campeiro" />
<meta property="article:modified_time" content="2025-02-24T22:30:16+00:00" />
<meta property="og:image" content="https://cafecampeiro.com.br/wp-content/uploads/2023/02/Caixa-Cafe-Campeiro-Pe-de-Moleque-01.png" />
	<meta property="og:image:width" content="1200" />
	<meta property="og:image:height" content="1200" />
	<meta property="og:image:type" content="image/png" />
<meta name="twitter:card" content="summary_large_image" />
<meta name="twitter:label1" content="Est. reading time" />
	<meta name="twitter:data1" content="1 minute" />
<script type="application/ld+json" class="yoast-schema-graph">{"@context":"https:\/\/schema.org","@graph":[{"@type":"WebPage","@id":"https:\/\/cafecampeiro.com.br\/product\/cafe-edicoes-pe-de-moleque\/","url":"https:\/\/cafecampeiro.com.br\/product\/cafe-edicoes-pe-de-moleque\/","name":"Café Edições Pé de moleque - Café Campeiro","isPartOf":{"@id":"https:\/\/cafecampeiro.com.br\/#website"},"primaryImageOfPage":{"@id":"https:\/\/cafecampeiro.com.br\/product\/cafe-edicoes-pe-de-moleque\/#primaryimage"},"image":{"@id":"https:\/\/cafecampeiro.com.br\/product\/cafe-edicoes-pe-de-moleque\/#primaryimage"},"thumbnailUrl":"https:\/\/cafecampeiro.com.br\/wp-content\/uploads\/2023\/02\/Caixa-Cafe-Campeiro-Pe-de-Moleque-01.png","datePublished":"2023-02-02T03:11:39+00:00","dateModified":"2025-02-24T22:30:16+00:00","breadcrumb":{"@id":"https:\/\/cafecampeiro.com.br\/product\/cafe-edicoes-pe-de-moleque\/#breadcrumb"},"inLanguage":"en-US","potentialAction":[{"@type":"ReadAction","target":["https:\/\/cafecampeiro.com.br\/product\/cafe-edicoes-pe-de-moleque\/"]}]},{"@type":"ImageObject","inLanguage":"en-US","@id":"https:\/\/cafecampeiro.com.br\/product\/cafe-edicoes-pe-de-moleque\/#primaryimage","url":"https:\/\/cafecampeiro.com.br\/wp-content\/uploads\/2023\/02\/Caixa-Cafe-Campeiro-Pe-de-Moleque-01.png","contentUrl":"https:\/\/cafecampeiro.com.br\/wp-content\/uploads\/2023\/02\/Caixa-Cafe-Campeiro-Pe-de-Moleque-01.png","width":1200,"height":1200},{"@type":"BreadcrumbList","@id":"https:\/\/cafecampeiro.com.br\/product\/cafe-edicoes-pe-de-moleque\/#breadcrumb","itemListElement":[{"@type":"ListItem","position":1,"name":"Início","item":"https:\/\/cafecampeiro.com.br\/"},{"@type":"ListItem","position":2,"name":"Produtos","item":"https:\/\/cafecampeiro.com.br\/shop\/"},{"@type":"ListItem","position":3,"name":"Café Edições Pé de moleque"}]},{"@type":"WebSite","@id":"https:\/\/cafecampeiro.com.br\/#website","url":"https:\/\/cafecampeiro.com.br\/","name":"Café Campeiro","description":"Café Campeiro","potentialAction":[{"@type":"SearchAction","target":{"@type":"EntryPoint","urlTemplate":"https:\/\/cafecampeiro.com.br\/?s={search_term_string}"},"query-input":{"@type":"PropertyValueSpecification","valueRequired":true,"valueName":"search_term_string"}}],"inLanguage":"en-US"}]}</script>
<!-- / Yoast SEO plugin. -->

Café Edições Pé de moleque - Café Campeiro

As notas de caramelo e oleaginosas presentes neste café, nos fazem lembrar do sabor marcante desse doce que surgiu no Brasil colonial como uma adaptação do doce persa nougat.  A origem do seu nome é controversa, alguns dizem que se dá por ser parecido com o calçamento comum das cidades, em que a junção das pedras era assentada por crianças escravizadas com pés descalços, outros dizem que teve origem quando meninos surrupiavam o doce das quituteiras, que gritavam: “Pede, moleque, pede!”

Café Campeiro

Início
