{"id":782,"date":"2022-07-07T17:19:19","date_gmt":"2022-07-07T20:19:19","guid":{"rendered":"https:\/\/cafecampeiro.com.br\/product\/balanca\/"},"modified":"2025-11-07T13:43:53","modified_gmt":"2025-11-07T16:43:53","slug":"balancab","status":"publish","type":"product","link":"https:\/\/cafecampeiro.com.br\/en\/product\/balancab\/","title":{"rendered":"Balan\u00e7a"},"content":{"rendered":"<div style=\"display: flex; flex-wrap;width: 100%; align-items: center;\">\n<div style=\"width: 50%;\"><img decoding=\"async\" src=\"https:\/\/cafecampeiro.com.br\/wp-content\/uploads\/2022\/07\/1-1.png\" alt=\"Balan\u00e7a\" \/><\/div>\n<div style=\"width: 50%; padding: 80px 100px;\">\n<h4><b>Informa\u00e7\u00f5es:<\/b><\/h4>\n<p><span style=\"font-weight: 400;\">Marca: Pressca<\/span><\/p>\n<p><span style=\"font-weight: 400;\">Tamanho: 18 x 4 x 4 cm<\/span><\/p>\n<p><span style=\"font-weight: 400;\">Peso: 100g<\/span><\/p>\n<p><span style=\"font-weight: 400;\">Material: pl\u00e1stico BPA free<\/span><\/p>\n<p><span style=\"font-weight: 400;\">Modelo: PR-510003<\/span><\/p>\n<p><span style=\"font-weight: 400;\">Garantia: tr\u00eas meses para defeitos de fabrica\u00e7\u00e3o<\/span><\/p>\n<\/div>\n<\/div>","protected":false},"excerpt":{"rendered":"<p><span style=\"font-weight: 400;\">A Balan\u00e7a Dose Certa \u00e9 a evolu\u00e7\u00e3o da sua experi\u00eancia de preparo.\u00a0<\/span><\/p>\n<p><span style=\"font-weight: 400;\">Ela \u00e9 ideal para pesar o caf\u00e9 (em p\u00f3 ou em gr\u00e3os) com mais precis\u00e3o que a famosa \u201ccolherada\u201d e o seu custo-benef\u00edcio \u00e9 \u00f3timo, pois pode ser utilizado n\u00e3o apenas para o caf\u00e9, mas tamb\u00e9m para outros preparos.\u00a0<\/span><\/p>\n<p><span style=\"font-weight: 400;\">A balan\u00e7a \u00e9 f\u00e1cil de manusear e permite que o caf\u00e9 seja retirado direto da embalagem, pesado e usado na dosagem correta para o preparo da sua prefer\u00eancia.\u00a0<\/span><\/p>\n<p><span style=\"font-weight: 400;\">A Dose Certa \u00e9 compacta (suas partes podem ser desmontadas e montadas novamente) e muito leve, o que facilita que voc\u00ea a transporte tranquilamente e tenha uma experi\u00eancia completa de sabor em qualquer lugar.\u00a0<\/span><\/p>\n<p><span style=\"font-weight: 400;\">*A balan\u00e7a afere com at\u00e9 1g de erro e \u00e9 indicada para uso dom\u00e9stico.<\/span><\/p>","protected":false},"featured_media":3313,"comment_status":"open","ping_status":"closed","template":"","meta":[],"product_brand":[],"product_cat":[50,63],"product_tag":[],"class_list":{"0":"post-782","1":"product","2":"type-product","3":"status-publish","4":"has-post-thumbnail","6":"product_cat-acessorios","7":"product_cat-balancas","9":"first","10":"instock","11":"taxable","12":"shipping-taxable","13":"purchasable","14":"product-type-simple"},"yoast_head":"<!-- This site is optimized with the Yoast SEO plugin v27.3 - https:\/\/yoast.com\/product\/yoast-seo-wordpress\/ -->\n<title>Balan\u00e7a - Caf\u00e9 Campeiro<\/title>\n<meta name=\"robots\" content=\"index, follow, max-snippet:-1, max-image-preview:large, max-video-preview:-1\" \/>\n<link rel=\"canonical\" href=\"https:\/\/cafecampeiro.com.br\/en\/product\/balancab\/\" \/>\n<meta property=\"og:locale\" content=\"en_US\" \/>\n<meta property=\"og:type\" content=\"article\" \/>\n<meta property=\"og:title\" content=\"Balan\u00e7a - Caf\u00e9 Campeiro\" \/>\n<meta property=\"og:description\" content=\"A Balan\u00e7a Dose Certa \u00e9 a evolu\u00e7\u00e3o da sua experi\u00eancia de preparo.\u00a0  Ela \u00e9 ideal para pesar o caf\u00e9 (em p\u00f3 ou em gr\u00e3os) com mais precis\u00e3o que a famosa \u201ccolherada\u201d e o seu custo-benef\u00edcio \u00e9 \u00f3timo, pois pode ser utilizado n\u00e3o apenas para o caf\u00e9, mas tamb\u00e9m para outros preparos.\u00a0  A balan\u00e7a \u00e9 f\u00e1cil de manusear e permite que o caf\u00e9 seja retirado direto da embalagem, pesado e usado na dosagem correta para o preparo da sua prefer\u00eancia.\u00a0  A Dose Certa \u00e9 compacta (suas partes podem ser desmontadas e montadas novamente) e muito leve, o que facilita que voc\u00ea a transporte tranquilamente e tenha uma experi\u00eancia completa de sabor em qualquer lugar.\u00a0  *A balan\u00e7a afere com at\u00e9 1g de erro e \u00e9 indicada para uso dom\u00e9stico.\" \/>\n<meta property=\"og:url\" content=\"https:\/\/cafecampeiro.com.br\/en\/product\/balancab\/\" \/>\n<meta property=\"og:site_name\" content=\"Caf\u00e9 Campeiro\" \/>\n<meta property=\"article:modified_time\" content=\"2025-11-07T16:43:53+00:00\" \/>\n<meta property=\"og:image\" content=\"https:\/\/cafecampeiro.com.br\/wp-content\/uploads\/2022\/11\/654e1aae472c388ac60b5bc9b1ac9bf7.png\" \/>\n\t<meta property=\"og:image:width\" content=\"640\" \/>\n\t<meta property=\"og:image:height\" content=\"640\" \/>\n\t<meta property=\"og:image:type\" content=\"image\/png\" \/>\n<meta name=\"twitter:card\" content=\"summary_large_image\" \/>\n<script type=\"application\/ld+json\" class=\"yoast-schema-graph\">{\"@context\":\"https:\\\/\\\/schema.org\",\"@graph\":[{\"@type\":\"WebPage\",\"@id\":\"https:\\\/\\\/cafecampeiro.com.br\\\/product\\\/balancab\\\/\",\"url\":\"https:\\\/\\\/cafecampeiro.com.br\\\/product\\\/balancab\\\/\",\"name\":\"Balan\u00e7a - Caf\u00e9 Campeiro\",\"isPartOf\":{\"@id\":\"https:\\\/\\\/cafecampeiro.com.br\\\/#website\"},\"primaryImageOfPage\":{\"@id\":\"https:\\\/\\\/cafecampeiro.com.br\\\/product\\\/balancab\\\/#primaryimage\"},\"image\":{\"@id\":\"https:\\\/\\\/cafecampeiro.com.br\\\/product\\\/balancab\\\/#primaryimage\"},\"thumbnailUrl\":\"https:\\\/\\\/cafecampeiro.com.br\\\/wp-content\\\/uploads\\\/2022\\\/11\\\/654e1aae472c388ac60b5bc9b1ac9bf7.png\",\"datePublished\":\"2022-07-07T20:19:19+00:00\",\"dateModified\":\"2025-11-07T16:43:53+00:00\",\"breadcrumb\":{\"@id\":\"https:\\\/\\\/cafecampeiro.com.br\\\/product\\\/balancab\\\/#breadcrumb\"},\"inLanguage\":\"en-US\",\"potentialAction\":[{\"@type\":\"ReadAction\",\"target\":[\"https:\\\/\\\/cafecampeiro.com.br\\\/product\\\/balancab\\\/\"]}]},{\"@type\":\"ImageObject\",\"inLanguage\":\"en-US\",\"@id\":\"https:\\\/\\\/cafecampeiro.com.br\\\/product\\\/balancab\\\/#primaryimage\",\"url\":\"https:\\\/\\\/cafecampeiro.com.br\\\/wp-content\\\/uploads\\\/2022\\\/11\\\/654e1aae472c388ac60b5bc9b1ac9bf7.png\",\"contentUrl\":\"https:\\\/\\\/cafecampeiro.com.br\\\/wp-content\\\/uploads\\\/2022\\\/11\\\/654e1aae472c388ac60b5bc9b1ac9bf7.png\",\"width\":640,\"height\":640},{\"@type\":\"BreadcrumbList\",\"@id\":\"https:\\\/\\\/cafecampeiro.com.br\\\/product\\\/balancab\\\/#breadcrumb\",\"itemListElement\":[{\"@type\":\"ListItem\",\"position\":1,\"name\":\"In\u00edcio\",\"item\":\"https:\\\/\\\/cafecampeiro.com.br\\\/\"},{\"@type\":\"ListItem\",\"position\":2,\"name\":\"Produtos\",\"item\":\"https:\\\/\\\/cafecampeiro.com.br\\\/shop\\\/\"},{\"@type\":\"ListItem\",\"position\":3,\"name\":\"Balan\u00e7a\"}]},{\"@type\":\"WebSite\",\"@id\":\"https:\\\/\\\/cafecampeiro.com.br\\\/#website\",\"url\":\"https:\\\/\\\/cafecampeiro.com.br\\\/\",\"name\":\"Caf\u00e9 Campeiro\",\"description\":\"Caf\u00e9 Campeiro\",\"potentialAction\":[{\"@type\":\"SearchAction\",\"target\":{\"@type\":\"EntryPoint\",\"urlTemplate\":\"https:\\\/\\\/cafecampeiro.com.br\\\/?s={search_term_string}\"},\"query-input\":{\"@type\":\"PropertyValueSpecification\",\"valueRequired\":true,\"valueName\":\"search_term_string\"}}],\"inLanguage\":\"en-US\"}]}<\/script>\n<!-- \/ Yoast SEO plugin. -->","yoast_head_json":{"title":"Balan\u00e7a - Caf\u00e9 Campeiro","robots":{"index":"index","follow":"follow","max-snippet":"max-snippet:-1","max-image-preview":"max-image-preview:large","max-video-preview":"max-video-preview:-1"},"canonical":"https:\/\/cafecampeiro.com.br\/en\/product\/balancab\/","og_locale":"en_US","og_type":"article","og_title":"Balan\u00e7a - Caf\u00e9 Campeiro","og_description":"A Balan\u00e7a Dose Certa \u00e9 a evolu\u00e7\u00e3o da sua experi\u00eancia de preparo.\u00a0  Ela \u00e9 ideal para pesar o caf\u00e9 (em p\u00f3 ou em gr\u00e3os) com mais precis\u00e3o que a famosa \u201ccolherada\u201d e o seu custo-benef\u00edcio \u00e9 \u00f3timo, pois pode ser utilizado n\u00e3o apenas para o caf\u00e9, mas tamb\u00e9m para outros preparos.\u00a0  A balan\u00e7a \u00e9 f\u00e1cil de manusear e permite que o caf\u00e9 seja retirado direto da embalagem, pesado e usado na dosagem correta para o preparo da sua prefer\u00eancia.\u00a0  A Dose Certa \u00e9 compacta (suas partes podem ser desmontadas e montadas novamente) e muito leve, o que facilita que voc\u00ea a transporte tranquilamente e tenha uma experi\u00eancia completa de sabor em qualquer lugar.\u00a0  *A balan\u00e7a afere com at\u00e9 1g de erro e \u00e9 indicada para uso dom\u00e9stico.","og_url":"https:\/\/cafecampeiro.com.br\/en\/product\/balancab\/","og_site_name":"Caf\u00e9 Campeiro","article_modified_time":"2025-11-07T16:43:53+00:00","og_image":[{"width":640,"height":640,"url":"https:\/\/cafecampeiro.com.br\/wp-content\/uploads\/2022\/11\/654e1aae472c388ac60b5bc9b1ac9bf7.png","type":"image\/png"}],"twitter_card":"summary_large_image","schema":{"@context":"https:\/\/schema.org","@graph":[{"@type":"WebPage","@id":"https:\/\/cafecampeiro.com.br\/product\/balancab\/","url":"https:\/\/cafecampeiro.com.br\/product\/balancab\/","name":"Balan\u00e7a - Caf\u00e9 Campeiro","isPartOf":{"@id":"https:\/\/cafecampeiro.com.br\/#website"},"primaryImageOfPage":{"@id":"https:\/\/cafecampeiro.com.br\/product\/balancab\/#primaryimage"},"image":{"@id":"https:\/\/cafecampeiro.com.br\/product\/balancab\/#primaryimage"},"thumbnailUrl":"https:\/\/cafecampeiro.com.br\/wp-content\/uploads\/2022\/11\/654e1aae472c388ac60b5bc9b1ac9bf7.png","datePublished":"2022-07-07T20:19:19+00:00","dateModified":"2025-11-07T16:43:53+00:00","breadcrumb":{"@id":"https:\/\/cafecampeiro.com.br\/product\/balancab\/#breadcrumb"},"inLanguage":"en-US","potentialAction":[{"@type":"ReadAction","target":["https:\/\/cafecampeiro.com.br\/product\/balancab\/"]}]},{"@type":"ImageObject","inLanguage":"en-US","@id":"https:\/\/cafecampeiro.com.br\/product\/balancab\/#primaryimage","url":"https:\/\/cafecampeiro.com.br\/wp-content\/uploads\/2022\/11\/654e1aae472c388ac60b5bc9b1ac9bf7.png","contentUrl":"https:\/\/cafecampeiro.com.br\/wp-content\/uploads\/2022\/11\/654e1aae472c388ac60b5bc9b1ac9bf7.png","width":640,"height":640},{"@type":"BreadcrumbList","@id":"https:\/\/cafecampeiro.com.br\/product\/balancab\/#breadcrumb","itemListElement":[{"@type":"ListItem","position":1,"name":"In\u00edcio","item":"https:\/\/cafecampeiro.com.br\/"},{"@type":"ListItem","position":2,"name":"Produtos","item":"https:\/\/cafecampeiro.com.br\/shop\/"},{"@type":"ListItem","position":3,"name":"Balan\u00e7a"}]},{"@type":"WebSite","@id":"https:\/\/cafecampeiro.com.br\/#website","url":"https:\/\/cafecampeiro.com.br\/","name":"Caf\u00e9 Campeiro","description":"Caf\u00e9 Campeiro","potentialAction":[{"@type":"SearchAction","target":{"@type":"EntryPoint","urlTemplate":"https:\/\/cafecampeiro.com.br\/?s={search_term_string}"},"query-input":{"@type":"PropertyValueSpecification","valueRequired":true,"valueName":"search_term_string"}}],"inLanguage":"en-US"}]}},"jetpack_sharing_enabled":true,"_links":{"self":[{"href":"https:\/\/cafecampeiro.com.br\/en\/wp-json\/wp\/v2\/product\/782","targetHints":{"allow":["GET"]}}],"collection":[{"href":"https:\/\/cafecampeiro.com.br\/en\/wp-json\/wp\/v2\/product"}],"about":[{"href":"https:\/\/cafecampeiro.com.br\/en\/wp-json\/wp\/v2\/types\/product"}],"replies":[{"embeddable":true,"href":"https:\/\/cafecampeiro.com.br\/en\/wp-json\/wp\/v2\/comments?post=782"}],"wp:featuredmedia":[{"embeddable":true,"href":"https:\/\/cafecampeiro.com.br\/en\/wp-json\/wp\/v2\/media\/3313"}],"wp:attachment":[{"href":"https:\/\/cafecampeiro.com.br\/en\/wp-json\/wp\/v2\/media?parent=782"}],"wp:term":[{"taxonomy":"product_brand","embeddable":true,"href":"https:\/\/cafecampeiro.com.br\/en\/wp-json\/wp\/v2\/product_brand?post=782"},{"taxonomy":"product_cat","embeddable":true,"href":"https:\/\/cafecampeiro.com.br\/en\/wp-json\/wp\/v2\/product_cat?post=782"},{"taxonomy":"product_tag","embeddable":true,"href":"https:\/\/cafecampeiro.com.br\/en\/wp-json\/wp\/v2\/product_tag?post=782"}],"curies":[{"name":"wp","href":"https:\/\/api.w.org\/{rel}","templated":true}]}}

Balança

<div style="display: flex; flex-wrap;width: 100%; align-items: center;">
<div style="width: 50%;"><img decoding="async" src="https://cafecampeiro.com.br/wp-content/uploads/2022/07/1-1.png" alt="Balança" /></div>
<div style="width: 50%; padding: 80px 100px;">
<h4><b>Informações:</b></h4>
<p><span style="font-weight: 400;">Marca: Pressca</span></p>
<p><span style="font-weight: 400;">Tamanho: 18 x 4 x 4 cm</span></p>
<p><span style="font-weight: 400;">Peso: 100g</span></p>
<p><span style="font-weight: 400;">Material: plástico BPA free</span></p>
<p><span style="font-weight: 400;">Modelo: PR-510003</span></p>
<p><span style="font-weight: 400;">Garantia: três meses para defeitos de fabricação</span></p>
</div>
</div>

<p><span style="font-weight: 400;">A Balança Dose Certa é a evolução da sua experiência de preparo. </span></p>
<p><span style="font-weight: 400;">Ela é ideal para pesar o café (em pó ou em grãos) com mais precisão que a famosa “colherada” e o seu custo-benefício é ótimo, pois pode ser utilizado não apenas para o café, mas também para outros preparos. </span></p>
<p><span style="font-weight: 400;">A balança é fácil de manusear e permite que o café seja retirado direto da embalagem, pesado e usado na dosagem correta para o preparo da sua preferência. </span></p>
<p><span style="font-weight: 400;">A Dose Certa é compacta (suas partes podem ser desmontadas e montadas novamente) e muito leve, o que facilita que você a transporte tranquilamente e tenha uma experiência completa de sabor em qualquer lugar. </span></p>
<p><span style="font-weight: 400;">*A balança afere com até 1g de erro e é indicada para uso doméstico.</span></p>

<!-- This site is optimized with the Yoast SEO plugin v27.3 - https://yoast.com/product/yoast-seo-wordpress/ -->
<title>Balança - Café Campeiro</title>
<meta name="robots" content="index, follow, max-snippet:-1, max-image-preview:large, max-video-preview:-1" />
<link rel="canonical" href="https://cafecampeiro.com.br/en/product/balancab/" />
<meta property="og:locale" content="en_US" />
<meta property="og:type" content="article" />
<meta property="og:title" content="Balança - Café Campeiro" />
<meta property="og:description" content="A Balança Dose Certa é a evolução da sua experiência de preparo.   Ela é ideal para pesar o café (em pó ou em grãos) com mais precisão que a famosa “colherada” e o seu custo-benefício é ótimo, pois pode ser utilizado não apenas para o café, mas também para outros preparos.   A balança é fácil de manusear e permite que o café seja retirado direto da embalagem, pesado e usado na dosagem correta para o preparo da sua preferência.   A Dose Certa é compacta (suas partes podem ser desmontadas e montadas novamente) e muito leve, o que facilita que você a transporte tranquilamente e tenha uma experiência completa de sabor em qualquer lugar.   *A balança afere com até 1g de erro e é indicada para uso doméstico." />
<meta property="og:url" content="https://cafecampeiro.com.br/en/product/balancab/" />
<meta property="og:site_name" content="Café Campeiro" />
<meta property="article:modified_time" content="2025-11-07T16:43:53+00:00" />
<meta property="og:image" content="https://cafecampeiro.com.br/wp-content/uploads/2022/11/654e1aae472c388ac60b5bc9b1ac9bf7.png" />
	<meta property="og:image:width" content="640" />
	<meta property="og:image:height" content="640" />
	<meta property="og:image:type" content="image/png" />
<meta name="twitter:card" content="summary_large_image" />
<script type="application/ld+json" class="yoast-schema-graph">{"@context":"https:\/\/schema.org","@graph":[{"@type":"WebPage","@id":"https:\/\/cafecampeiro.com.br\/product\/balancab\/","url":"https:\/\/cafecampeiro.com.br\/product\/balancab\/","name":"Balança - Café Campeiro","isPartOf":{"@id":"https:\/\/cafecampeiro.com.br\/#website"},"primaryImageOfPage":{"@id":"https:\/\/cafecampeiro.com.br\/product\/balancab\/#primaryimage"},"image":{"@id":"https:\/\/cafecampeiro.com.br\/product\/balancab\/#primaryimage"},"thumbnailUrl":"https:\/\/cafecampeiro.com.br\/wp-content\/uploads\/2022\/11\/654e1aae472c388ac60b5bc9b1ac9bf7.png","datePublished":"2022-07-07T20:19:19+00:00","dateModified":"2025-11-07T16:43:53+00:00","breadcrumb":{"@id":"https:\/\/cafecampeiro.com.br\/product\/balancab\/#breadcrumb"},"inLanguage":"en-US","potentialAction":[{"@type":"ReadAction","target":["https:\/\/cafecampeiro.com.br\/product\/balancab\/"]}]},{"@type":"ImageObject","inLanguage":"en-US","@id":"https:\/\/cafecampeiro.com.br\/product\/balancab\/#primaryimage","url":"https:\/\/cafecampeiro.com.br\/wp-content\/uploads\/2022\/11\/654e1aae472c388ac60b5bc9b1ac9bf7.png","contentUrl":"https:\/\/cafecampeiro.com.br\/wp-content\/uploads\/2022\/11\/654e1aae472c388ac60b5bc9b1ac9bf7.png","width":640,"height":640},{"@type":"BreadcrumbList","@id":"https:\/\/cafecampeiro.com.br\/product\/balancab\/#breadcrumb","itemListElement":[{"@type":"ListItem","position":1,"name":"Início","item":"https:\/\/cafecampeiro.com.br\/"},{"@type":"ListItem","position":2,"name":"Produtos","item":"https:\/\/cafecampeiro.com.br\/shop\/"},{"@type":"ListItem","position":3,"name":"Balança"}]},{"@type":"WebSite","@id":"https:\/\/cafecampeiro.com.br\/#website","url":"https:\/\/cafecampeiro.com.br\/","name":"Café Campeiro","description":"Café Campeiro","potentialAction":[{"@type":"SearchAction","target":{"@type":"EntryPoint","urlTemplate":"https:\/\/cafecampeiro.com.br\/?s={search_term_string}"},"query-input":{"@type":"PropertyValueSpecification","valueRequired":true,"valueName":"search_term_string"}}],"inLanguage":"en-US"}]}</script>
<!-- / Yoast SEO plugin. -->

Balança - Café Campeiro

A Balança Dose Certa é a evolução da sua experiência de preparo.   Ela é ideal para pesar o café (em pó ou em grãos) com mais precisão que a famosa “colherada” e o seu custo-benefício é ótimo, pois pode ser utilizado não apenas para o café, mas também para outros preparos.   A balança é fácil de manusear e permite que o café seja retirado direto da embalagem, pesado e usado na dosagem correta para o preparo da sua preferência.   A Dose Certa é compacta (suas partes podem ser desmontadas e montadas novamente) e muito leve, o que facilita que você a transporte tranquilamente e tenha uma experiência completa de sabor em qualquer lugar.   *A balança afere com até 1g de erro e é indicada para uso doméstico.

Café Campeiro

Início
