{"id":783,"date":"2022-07-07T20:19:59","date_gmt":"2022-07-07T20:19:59","guid":{"rendered":"https:\/\/cafecampeiro.com.br\/product\/cafe-edicoes-amendoeira\/"},"modified":"2025-02-24T19:36:48","modified_gmt":"2025-02-24T22:36:48","slug":"cafe-edicoes-amendoeira","status":"publish","type":"product","link":"https:\/\/cafecampeiro.com.br\/en\/product\/cafe-edicoes-amendoeira\/","title":{"rendered":"Caf\u00e9 Edi\u00e7\u00f5es Amendoeira"},"content":{"rendered":"<div style=\"display: flex; flex-wrap;width: 100%;\">\n<div style=\"width: 50%; background-size: cover; background-position: center; background-image: url('http:\/\/cafecampeiro.com.br\/wp-content\/uploads\/2022\/08\/descricao-cafe.png'); min-height: 600px; border-top-left-radius: 47px; border-bottom-left-radius: 47px;\"><\/div>\n<div style=\"width: 50%; padding: 80px 100px;\">\n<p>&nbsp;<\/p>\n<h4 style=\"margin-top: 0;\"><b>INFORMA\u00c7\u00d5ES:<\/b><\/h4>\n<p><span style=\"font-weight: 400;\">Regi\u00e3o: Alta Mogiana<\/span><\/p>\n<p><span style=\"font-weight: 400;\">Variedade: Catua\u00ed Amarelo<\/span><\/p>\n<p><span style=\"font-weight: 400;\">Processamento: natural<\/span><\/p>\n<p><span style=\"font-weight: 400;\">Altitude: 900 m<\/span><\/p>\n<p><span style=\"font-weight: 400;\">Esp\u00e9cie: 100% ar\u00e1bica<\/span><\/p>\n<p><span style=\"font-weight: 400;\">Categoria: caf\u00e9 especial<\/span><\/p>\n<p><span style=\"font-weight: 400;\">Torra: m\u00e9dia<\/span><\/p>\n<p><span style=\"font-weight: 400;\">Peso: 200g<\/span><\/p>\n<\/div>\n<\/div>","protected":false},"excerpt":{"rendered":"<p><span style=\"font-weight: 400;\">As barras de chocolate com am\u00eandoas j\u00e1 se tornaram um cl\u00e1ssico entre os choc\u00f3latras de plant\u00e3o, n\u00e3o \u00e9 mesmo?!\u00a0<\/span><\/p>\n<p><span style=\"font-weight: 400;\">Pensando nisso, buscamos este caf\u00e9 &#8211; com notas de chocolate e am\u00eandoas, leve acidez e corpo m\u00e9dio &#8211; pr\u00f3ximo \u00e0 divisa com Minas Gerais, na regi\u00e3o da Alta Mogiana.<\/span><\/p>\n<p><span style=\"font-weight: 400;\">E n\u00e3o para por a\u00ed: o aroma dele \u00e9 um show de sensa\u00e7\u00f5es \u00e0 parte!<\/span><\/p>","protected":false},"featured_media":2607,"comment_status":"open","ping_status":"closed","template":"","meta":[],"product_brand":[],"product_cat":[57,58],"product_tag":[],"class_list":{"0":"post-783","1":"product","2":"type-product","3":"status-publish","4":"has-post-thumbnail","6":"product_cat-cafe","7":"product_cat-linha-edicoes","9":"first","10":"instock","11":"taxable","12":"shipping-taxable","13":"purchasable","14":"product-type-simple"},"yoast_head":"<!-- This site is optimized with the Yoast SEO plugin v27.3 - https:\/\/yoast.com\/product\/yoast-seo-wordpress\/ -->\n<title>Caf\u00e9 Edi\u00e7\u00f5es Amendoeira - Caf\u00e9 Campeiro<\/title>\n<meta name=\"robots\" content=\"index, follow, max-snippet:-1, max-image-preview:large, max-video-preview:-1\" \/>\n<link rel=\"canonical\" href=\"https:\/\/cafecampeiro.com.br\/en\/product\/cafe-edicoes-amendoeira\/\" \/>\n<meta property=\"og:locale\" content=\"en_US\" \/>\n<meta property=\"og:type\" content=\"article\" \/>\n<meta property=\"og:title\" content=\"Caf\u00e9 Edi\u00e7\u00f5es Amendoeira - Caf\u00e9 Campeiro\" \/>\n<meta property=\"og:description\" content=\"As barras de chocolate com am\u00eandoas j\u00e1 se tornaram um cl\u00e1ssico entre os choc\u00f3latras de plant\u00e3o, n\u00e3o \u00e9 mesmo?!\u00a0  Pensando nisso, buscamos este caf\u00e9 - com notas de chocolate e am\u00eandoas, leve acidez e corpo m\u00e9dio - pr\u00f3ximo \u00e0 divisa com Minas Gerais, na regi\u00e3o da Alta Mogiana.  E n\u00e3o para por a\u00ed: o aroma dele \u00e9 um show de sensa\u00e7\u00f5es \u00e0 parte!\" \/>\n<meta property=\"og:url\" content=\"https:\/\/cafecampeiro.com.br\/en\/product\/cafe-edicoes-amendoeira\/\" \/>\n<meta property=\"og:site_name\" content=\"Caf\u00e9 Campeiro\" \/>\n<meta property=\"article:modified_time\" content=\"2025-02-24T22:36:48+00:00\" \/>\n<meta property=\"og:image\" content=\"https:\/\/cafecampeiro.com.br\/wp-content\/uploads\/2022\/07\/Caixa-Cafe-Campeiro-Amendoeira-01-1.png\" \/>\n\t<meta property=\"og:image:width\" content=\"1200\" \/>\n\t<meta property=\"og:image:height\" content=\"1200\" \/>\n\t<meta property=\"og:image:type\" content=\"image\/png\" \/>\n<meta name=\"twitter:card\" content=\"summary_large_image\" \/>\n<meta name=\"twitter:label1\" content=\"Est. reading time\" \/>\n\t<meta name=\"twitter:data1\" content=\"1 minute\" \/>\n<script type=\"application\/ld+json\" class=\"yoast-schema-graph\">{\"@context\":\"https:\\\/\\\/schema.org\",\"@graph\":[{\"@type\":\"WebPage\",\"@id\":\"https:\\\/\\\/cafecampeiro.com.br\\\/product\\\/cafe-edicoes-amendoeira\\\/\",\"url\":\"https:\\\/\\\/cafecampeiro.com.br\\\/product\\\/cafe-edicoes-amendoeira\\\/\",\"name\":\"Caf\u00e9 Edi\u00e7\u00f5es Amendoeira - Caf\u00e9 Campeiro\",\"isPartOf\":{\"@id\":\"https:\\\/\\\/cafecampeiro.com.br\\\/#website\"},\"primaryImageOfPage\":{\"@id\":\"https:\\\/\\\/cafecampeiro.com.br\\\/product\\\/cafe-edicoes-amendoeira\\\/#primaryimage\"},\"image\":{\"@id\":\"https:\\\/\\\/cafecampeiro.com.br\\\/product\\\/cafe-edicoes-amendoeira\\\/#primaryimage\"},\"thumbnailUrl\":\"https:\\\/\\\/cafecampeiro.com.br\\\/wp-content\\\/uploads\\\/2022\\\/07\\\/Caixa-Cafe-Campeiro-Amendoeira-01-1.png\",\"datePublished\":\"2022-07-07T20:19:59+00:00\",\"dateModified\":\"2025-02-24T22:36:48+00:00\",\"breadcrumb\":{\"@id\":\"https:\\\/\\\/cafecampeiro.com.br\\\/product\\\/cafe-edicoes-amendoeira\\\/#breadcrumb\"},\"inLanguage\":\"en-US\",\"potentialAction\":[{\"@type\":\"ReadAction\",\"target\":[\"https:\\\/\\\/cafecampeiro.com.br\\\/product\\\/cafe-edicoes-amendoeira\\\/\"]}]},{\"@type\":\"ImageObject\",\"inLanguage\":\"en-US\",\"@id\":\"https:\\\/\\\/cafecampeiro.com.br\\\/product\\\/cafe-edicoes-amendoeira\\\/#primaryimage\",\"url\":\"https:\\\/\\\/cafecampeiro.com.br\\\/wp-content\\\/uploads\\\/2022\\\/07\\\/Caixa-Cafe-Campeiro-Amendoeira-01-1.png\",\"contentUrl\":\"https:\\\/\\\/cafecampeiro.com.br\\\/wp-content\\\/uploads\\\/2022\\\/07\\\/Caixa-Cafe-Campeiro-Amendoeira-01-1.png\",\"width\":1200,\"height\":1200},{\"@type\":\"BreadcrumbList\",\"@id\":\"https:\\\/\\\/cafecampeiro.com.br\\\/product\\\/cafe-edicoes-amendoeira\\\/#breadcrumb\",\"itemListElement\":[{\"@type\":\"ListItem\",\"position\":1,\"name\":\"In\u00edcio\",\"item\":\"https:\\\/\\\/cafecampeiro.com.br\\\/\"},{\"@type\":\"ListItem\",\"position\":2,\"name\":\"Produtos\",\"item\":\"https:\\\/\\\/cafecampeiro.com.br\\\/shop\\\/\"},{\"@type\":\"ListItem\",\"position\":3,\"name\":\"Caf\u00e9 Edi\u00e7\u00f5es Amendoeira\"}]},{\"@type\":\"WebSite\",\"@id\":\"https:\\\/\\\/cafecampeiro.com.br\\\/#website\",\"url\":\"https:\\\/\\\/cafecampeiro.com.br\\\/\",\"name\":\"Caf\u00e9 Campeiro\",\"description\":\"Caf\u00e9 Campeiro\",\"potentialAction\":[{\"@type\":\"SearchAction\",\"target\":{\"@type\":\"EntryPoint\",\"urlTemplate\":\"https:\\\/\\\/cafecampeiro.com.br\\\/?s={search_term_string}\"},\"query-input\":{\"@type\":\"PropertyValueSpecification\",\"valueRequired\":true,\"valueName\":\"search_term_string\"}}],\"inLanguage\":\"en-US\"}]}<\/script>\n<!-- \/ Yoast SEO plugin. -->","yoast_head_json":{"title":"Caf\u00e9 Edi\u00e7\u00f5es Amendoeira - Caf\u00e9 Campeiro","robots":{"index":"index","follow":"follow","max-snippet":"max-snippet:-1","max-image-preview":"max-image-preview:large","max-video-preview":"max-video-preview:-1"},"canonical":"https:\/\/cafecampeiro.com.br\/en\/product\/cafe-edicoes-amendoeira\/","og_locale":"en_US","og_type":"article","og_title":"Caf\u00e9 Edi\u00e7\u00f5es Amendoeira - Caf\u00e9 Campeiro","og_description":"As barras de chocolate com am\u00eandoas j\u00e1 se tornaram um cl\u00e1ssico entre os choc\u00f3latras de plant\u00e3o, n\u00e3o \u00e9 mesmo?!\u00a0  Pensando nisso, buscamos este caf\u00e9 - com notas de chocolate e am\u00eandoas, leve acidez e corpo m\u00e9dio - pr\u00f3ximo \u00e0 divisa com Minas Gerais, na regi\u00e3o da Alta Mogiana.  E n\u00e3o para por a\u00ed: o aroma dele \u00e9 um show de sensa\u00e7\u00f5es \u00e0 parte!","og_url":"https:\/\/cafecampeiro.com.br\/en\/product\/cafe-edicoes-amendoeira\/","og_site_name":"Caf\u00e9 Campeiro","article_modified_time":"2025-02-24T22:36:48+00:00","og_image":[{"width":1200,"height":1200,"url":"https:\/\/cafecampeiro.com.br\/wp-content\/uploads\/2022\/07\/Caixa-Cafe-Campeiro-Amendoeira-01-1.png","type":"image\/png"}],"twitter_card":"summary_large_image","twitter_misc":{"Est. reading time":"1 minute"},"schema":{"@context":"https:\/\/schema.org","@graph":[{"@type":"WebPage","@id":"https:\/\/cafecampeiro.com.br\/product\/cafe-edicoes-amendoeira\/","url":"https:\/\/cafecampeiro.com.br\/product\/cafe-edicoes-amendoeira\/","name":"Caf\u00e9 Edi\u00e7\u00f5es Amendoeira - Caf\u00e9 Campeiro","isPartOf":{"@id":"https:\/\/cafecampeiro.com.br\/#website"},"primaryImageOfPage":{"@id":"https:\/\/cafecampeiro.com.br\/product\/cafe-edicoes-amendoeira\/#primaryimage"},"image":{"@id":"https:\/\/cafecampeiro.com.br\/product\/cafe-edicoes-amendoeira\/#primaryimage"},"thumbnailUrl":"https:\/\/cafecampeiro.com.br\/wp-content\/uploads\/2022\/07\/Caixa-Cafe-Campeiro-Amendoeira-01-1.png","datePublished":"2022-07-07T20:19:59+00:00","dateModified":"2025-02-24T22:36:48+00:00","breadcrumb":{"@id":"https:\/\/cafecampeiro.com.br\/product\/cafe-edicoes-amendoeira\/#breadcrumb"},"inLanguage":"en-US","potentialAction":[{"@type":"ReadAction","target":["https:\/\/cafecampeiro.com.br\/product\/cafe-edicoes-amendoeira\/"]}]},{"@type":"ImageObject","inLanguage":"en-US","@id":"https:\/\/cafecampeiro.com.br\/product\/cafe-edicoes-amendoeira\/#primaryimage","url":"https:\/\/cafecampeiro.com.br\/wp-content\/uploads\/2022\/07\/Caixa-Cafe-Campeiro-Amendoeira-01-1.png","contentUrl":"https:\/\/cafecampeiro.com.br\/wp-content\/uploads\/2022\/07\/Caixa-Cafe-Campeiro-Amendoeira-01-1.png","width":1200,"height":1200},{"@type":"BreadcrumbList","@id":"https:\/\/cafecampeiro.com.br\/product\/cafe-edicoes-amendoeira\/#breadcrumb","itemListElement":[{"@type":"ListItem","position":1,"name":"In\u00edcio","item":"https:\/\/cafecampeiro.com.br\/"},{"@type":"ListItem","position":2,"name":"Produtos","item":"https:\/\/cafecampeiro.com.br\/shop\/"},{"@type":"ListItem","position":3,"name":"Caf\u00e9 Edi\u00e7\u00f5es Amendoeira"}]},{"@type":"WebSite","@id":"https:\/\/cafecampeiro.com.br\/#website","url":"https:\/\/cafecampeiro.com.br\/","name":"Caf\u00e9 Campeiro","description":"Caf\u00e9 Campeiro","potentialAction":[{"@type":"SearchAction","target":{"@type":"EntryPoint","urlTemplate":"https:\/\/cafecampeiro.com.br\/?s={search_term_string}"},"query-input":{"@type":"PropertyValueSpecification","valueRequired":true,"valueName":"search_term_string"}}],"inLanguage":"en-US"}]}},"jetpack_sharing_enabled":true,"_links":{"self":[{"href":"https:\/\/cafecampeiro.com.br\/en\/wp-json\/wp\/v2\/product\/783","targetHints":{"allow":["GET"]}}],"collection":[{"href":"https:\/\/cafecampeiro.com.br\/en\/wp-json\/wp\/v2\/product"}],"about":[{"href":"https:\/\/cafecampeiro.com.br\/en\/wp-json\/wp\/v2\/types\/product"}],"replies":[{"embeddable":true,"href":"https:\/\/cafecampeiro.com.br\/en\/wp-json\/wp\/v2\/comments?post=783"}],"wp:featuredmedia":[{"embeddable":true,"href":"https:\/\/cafecampeiro.com.br\/en\/wp-json\/wp\/v2\/media\/2607"}],"wp:attachment":[{"href":"https:\/\/cafecampeiro.com.br\/en\/wp-json\/wp\/v2\/media?parent=783"}],"wp:term":[{"taxonomy":"product_brand","embeddable":true,"href":"https:\/\/cafecampeiro.com.br\/en\/wp-json\/wp\/v2\/product_brand?post=783"},{"taxonomy":"product_cat","embeddable":true,"href":"https:\/\/cafecampeiro.com.br\/en\/wp-json\/wp\/v2\/product_cat?post=783"},{"taxonomy":"product_tag","embeddable":true,"href":"https:\/\/cafecampeiro.com.br\/en\/wp-json\/wp\/v2\/product_tag?post=783"}],"curies":[{"name":"wp","href":"https:\/\/api.w.org\/{rel}","templated":true}]}}

Café Edições Amendoeira

<div style="display: flex; flex-wrap;width: 100%;">
<div style="width: 50%; background-size: cover; background-position: center; background-image: url('http://cafecampeiro.com.br/wp-content/uploads/2022/08/descricao-cafe.png'); min-height: 600px; border-top-left-radius: 47px; border-bottom-left-radius: 47px;"></div>
<div style="width: 50%; padding: 80px 100px;">
<p>&nbsp;</p>
<h4 style="margin-top: 0;"><b>INFORMAÇÕES:</b></h4>
<p><span style="font-weight: 400;">Região: Alta Mogiana</span></p>
<p><span style="font-weight: 400;">Variedade: Catuaí Amarelo</span></p>
<p><span style="font-weight: 400;">Processamento: natural</span></p>
<p><span style="font-weight: 400;">Altitude: 900 m</span></p>
<p><span style="font-weight: 400;">Espécie: 100% arábica</span></p>
<p><span style="font-weight: 400;">Categoria: café especial</span></p>
<p><span style="font-weight: 400;">Torra: média</span></p>
<p><span style="font-weight: 400;">Peso: 200g</span></p>
</div>
</div>

<p><span style="font-weight: 400;">As barras de chocolate com amêndoas já se tornaram um clássico entre os chocólatras de plantão, não é mesmo?! </span></p>
<p><span style="font-weight: 400;">Pensando nisso, buscamos este café &#8211; com notas de chocolate e amêndoas, leve acidez e corpo médio &#8211; próximo à divisa com Minas Gerais, na região da Alta Mogiana.</span></p>
<p><span style="font-weight: 400;">E não para por aí: o aroma dele é um show de sensações à parte!</span></p>

<!-- This site is optimized with the Yoast SEO plugin v27.3 - https://yoast.com/product/yoast-seo-wordpress/ -->
<title>Café Edições Amendoeira - Café Campeiro</title>
<meta name="robots" content="index, follow, max-snippet:-1, max-image-preview:large, max-video-preview:-1" />
<link rel="canonical" href="https://cafecampeiro.com.br/en/product/cafe-edicoes-amendoeira/" />
<meta property="og:locale" content="en_US" />
<meta property="og:type" content="article" />
<meta property="og:title" content="Café Edições Amendoeira - Café Campeiro" />
<meta property="og:description" content="As barras de chocolate com amêndoas já se tornaram um clássico entre os chocólatras de plantão, não é mesmo?!   Pensando nisso, buscamos este café - com notas de chocolate e amêndoas, leve acidez e corpo médio - próximo à divisa com Minas Gerais, na região da Alta Mogiana.  E não para por aí: o aroma dele é um show de sensações à parte!" />
<meta property="og:url" content="https://cafecampeiro.com.br/en/product/cafe-edicoes-amendoeira/" />
<meta property="og:site_name" content="Café Campeiro" />
<meta property="article:modified_time" content="2025-02-24T22:36:48+00:00" />
<meta property="og:image" content="https://cafecampeiro.com.br/wp-content/uploads/2022/07/Caixa-Cafe-Campeiro-Amendoeira-01-1.png" />
	<meta property="og:image:width" content="1200" />
	<meta property="og:image:height" content="1200" />
	<meta property="og:image:type" content="image/png" />
<meta name="twitter:card" content="summary_large_image" />
<meta name="twitter:label1" content="Est. reading time" />
	<meta name="twitter:data1" content="1 minute" />
<script type="application/ld+json" class="yoast-schema-graph">{"@context":"https:\/\/schema.org","@graph":[{"@type":"WebPage","@id":"https:\/\/cafecampeiro.com.br\/product\/cafe-edicoes-amendoeira\/","url":"https:\/\/cafecampeiro.com.br\/product\/cafe-edicoes-amendoeira\/","name":"Café Edições Amendoeira - Café Campeiro","isPartOf":{"@id":"https:\/\/cafecampeiro.com.br\/#website"},"primaryImageOfPage":{"@id":"https:\/\/cafecampeiro.com.br\/product\/cafe-edicoes-amendoeira\/#primaryimage"},"image":{"@id":"https:\/\/cafecampeiro.com.br\/product\/cafe-edicoes-amendoeira\/#primaryimage"},"thumbnailUrl":"https:\/\/cafecampeiro.com.br\/wp-content\/uploads\/2022\/07\/Caixa-Cafe-Campeiro-Amendoeira-01-1.png","datePublished":"2022-07-07T20:19:59+00:00","dateModified":"2025-02-24T22:36:48+00:00","breadcrumb":{"@id":"https:\/\/cafecampeiro.com.br\/product\/cafe-edicoes-amendoeira\/#breadcrumb"},"inLanguage":"en-US","potentialAction":[{"@type":"ReadAction","target":["https:\/\/cafecampeiro.com.br\/product\/cafe-edicoes-amendoeira\/"]}]},{"@type":"ImageObject","inLanguage":"en-US","@id":"https:\/\/cafecampeiro.com.br\/product\/cafe-edicoes-amendoeira\/#primaryimage","url":"https:\/\/cafecampeiro.com.br\/wp-content\/uploads\/2022\/07\/Caixa-Cafe-Campeiro-Amendoeira-01-1.png","contentUrl":"https:\/\/cafecampeiro.com.br\/wp-content\/uploads\/2022\/07\/Caixa-Cafe-Campeiro-Amendoeira-01-1.png","width":1200,"height":1200},{"@type":"BreadcrumbList","@id":"https:\/\/cafecampeiro.com.br\/product\/cafe-edicoes-amendoeira\/#breadcrumb","itemListElement":[{"@type":"ListItem","position":1,"name":"Início","item":"https:\/\/cafecampeiro.com.br\/"},{"@type":"ListItem","position":2,"name":"Produtos","item":"https:\/\/cafecampeiro.com.br\/shop\/"},{"@type":"ListItem","position":3,"name":"Café Edições Amendoeira"}]},{"@type":"WebSite","@id":"https:\/\/cafecampeiro.com.br\/#website","url":"https:\/\/cafecampeiro.com.br\/","name":"Café Campeiro","description":"Café Campeiro","potentialAction":[{"@type":"SearchAction","target":{"@type":"EntryPoint","urlTemplate":"https:\/\/cafecampeiro.com.br\/?s={search_term_string}"},"query-input":{"@type":"PropertyValueSpecification","valueRequired":true,"valueName":"search_term_string"}}],"inLanguage":"en-US"}]}</script>
<!-- / Yoast SEO plugin. -->

Café Edições Amendoeira - Café Campeiro

As barras de chocolate com amêndoas já se tornaram um clássico entre os chocólatras de plantão, não é mesmo?!   Pensando nisso, buscamos este café - com notas de chocolate e amêndoas, leve acidez e corpo médio - próximo à divisa com Minas Gerais, na região da Alta Mogiana.  E não para por aí: o aroma dele é um show de sensações à parte!

Café Campeiro

Início
