{"id":808,"date":"2022-07-07T20:21:11","date_gmt":"2022-07-07T20:21:11","guid":{"rendered":"https:\/\/cafecampeiro.com.br\/product\/cafeteira-italiana\/"},"modified":"2022-10-18T17:52:41","modified_gmt":"2022-10-18T20:52:41","slug":"cafeteira-italiana","status":"publish","type":"product","link":"https:\/\/cafecampeiro.com.br\/en\/product\/cafeteira-italiana\/","title":{"rendered":"Cafeteira Italiana &#8211; Moka"},"content":{"rendered":"<div style=\"display: flex; flex-wrap;width: 100%; align-items: center;\">\n<div style=\"width: 50%;\"><img decoding=\"async\" src=\"https:\/\/cafecampeiro.com.br\/wp-content\/uploads\/2022\/07\/Novo-Projeto-1.jpg\" alt=\"Cafeteira Italiana\" \/><\/div>\n<div style=\"width: 50%; padding: 80px 100px;\">\n<h4><b>Informa\u00e7\u00f5es:<\/b><\/h4>\n<p><span style=\"font-weight: 400;\">Marca: Brinox<\/span><\/p>\n<p><span style=\"font-weight: 400;\">Material: alum\u00ednio<\/span><\/p>\n<p><span style=\"font-weight: 400;\">Composi\u00e7\u00e3o: 01 conjunto de filtros (01 anel de silicone + 01 filtro de a\u00e7o inox)<\/span><\/p>\n<p><span style=\"font-weight: 400;\">Capacidade: 300ml<\/span><\/p>\n<p><span style=\"font-weight: 400;\">Peso: 464g<\/span><\/p>\n<p><span style=\"font-weight: 400;\">Uso: pode ir ao fog\u00e3o (aten\u00e7\u00e3o! N\u00e3o deve ser utilizada em fog\u00e3o de indu\u00e7\u00e3o)<\/span><\/p>\n<p><span style=\"font-weight: 400;\">Quantidade de x\u00edcaras: 6 x\u00edcaras de 50ml<\/span><\/p>\n<p><span style=\"font-weight: 400;\">Medida: 11,5 x 16 x 22<\/span><\/p>\n<p><span style=\"font-weight: 400;\">Modelo: Verona<\/span><\/p>\n<p><span style=\"font-weight: 400;\">Cor: preta ou prata<\/span><\/p>\n<p><span style=\"font-weight: 400;\">Garantia: tr\u00eas meses para defeito de fabrica\u00e7\u00e3o<\/span><\/p>\n<\/div>\n<\/div>","protected":false},"excerpt":{"rendered":"<p><span style=\"font-weight: 400;\">A cafeteira italiana Brinox possui corpo, filtro e recipiente em alum\u00ednio. O cabo e o puxador s\u00e3o feitos em baquelite e n\u00e3o esquentam. Al\u00e9m disso, o seu anel de veda\u00e7\u00e3o garante efici\u00eancia durante o uso e funciona como v\u00e1lvula de seguran\u00e7a para a sa\u00edda do vapor.\u00a0<\/span><\/p>\n<p><span style=\"font-weight: 400;\">O item prepara at\u00e9 300 ml de caf\u00e9 em aproximadamente cinco minutos.\u00a0<\/span><\/p>\n<p><span style=\"font-weight: 400;\">E tem mais!\u00a0<\/span><\/p>\n<p><span style=\"font-weight: 400;\">Possui alta qualidade e o design cl\u00e1ssico confere um charme \u00fanico \u00e0 pe\u00e7a.<\/span><\/p>\n<p><span style=\"font-weight: 400;\">Para os amantes de um cl\u00e1ssico caf\u00e9 italiano no dia a dia, a Cafeteira Italiana \u00e9 para voc\u00ea!<\/span><\/p>","protected":false},"featured_media":3026,"comment_status":"open","ping_status":"closed","template":"","meta":[],"product_brand":[],"product_cat":[50,67],"product_tag":[],"class_list":{"0":"post-808","1":"product","2":"type-product","3":"status-publish","4":"has-post-thumbnail","6":"product_cat-acessorios","7":"product_cat-preparo-de-cafe","9":"first","10":"instock","11":"taxable","12":"shipping-taxable","13":"purchasable","14":"product-type-variable"},"yoast_head":"<!-- This site is optimized with the Yoast SEO plugin v27.3 - https:\/\/yoast.com\/product\/yoast-seo-wordpress\/ -->\n<title>Cafeteira Italiana - Moka - Caf\u00e9 Campeiro<\/title>\n<meta name=\"robots\" content=\"index, follow, max-snippet:-1, max-image-preview:large, max-video-preview:-1\" \/>\n<link rel=\"canonical\" href=\"https:\/\/cafecampeiro.com.br\/en\/product\/cafeteira-italiana\/\" \/>\n<meta property=\"og:locale\" content=\"en_US\" \/>\n<meta property=\"og:type\" content=\"article\" \/>\n<meta property=\"og:title\" content=\"Cafeteira Italiana - Moka - Caf\u00e9 Campeiro\" \/>\n<meta property=\"og:description\" content=\"A cafeteira italiana Brinox possui corpo, filtro e recipiente em alum\u00ednio. O cabo e o puxador s\u00e3o feitos em baquelite e n\u00e3o esquentam. Al\u00e9m disso, o seu anel de veda\u00e7\u00e3o garante efici\u00eancia durante o uso e funciona como v\u00e1lvula de seguran\u00e7a para a sa\u00edda do vapor.\u00a0  O item prepara at\u00e9 300 ml de caf\u00e9 em aproximadamente cinco minutos.\u00a0  E tem mais!\u00a0  Possui alta qualidade e o design cl\u00e1ssico confere um charme \u00fanico \u00e0 pe\u00e7a.  Para os amantes de um cl\u00e1ssico caf\u00e9 italiano no dia a dia, a Cafeteira Italiana \u00e9 para voc\u00ea!\" \/>\n<meta property=\"og:url\" content=\"https:\/\/cafecampeiro.com.br\/en\/product\/cafeteira-italiana\/\" \/>\n<meta property=\"og:site_name\" content=\"Caf\u00e9 Campeiro\" \/>\n<meta property=\"article:modified_time\" content=\"2022-10-18T20:52:41+00:00\" \/>\n<meta property=\"og:image\" content=\"https:\/\/cafecampeiro.com.br\/wp-content\/uploads\/2022\/07\/Novo-Projeto-1.jpg\" \/>\n\t<meta property=\"og:image:width\" content=\"630\" \/>\n\t<meta property=\"og:image:height\" content=\"630\" \/>\n\t<meta property=\"og:image:type\" content=\"image\/jpeg\" \/>\n<meta name=\"twitter:card\" content=\"summary_large_image\" \/>\n<script type=\"application\/ld+json\" class=\"yoast-schema-graph\">{\"@context\":\"https:\\\/\\\/schema.org\",\"@graph\":[{\"@type\":\"WebPage\",\"@id\":\"https:\\\/\\\/cafecampeiro.com.br\\\/product\\\/cafeteira-italiana\\\/\",\"url\":\"https:\\\/\\\/cafecampeiro.com.br\\\/product\\\/cafeteira-italiana\\\/\",\"name\":\"Cafeteira Italiana - Moka - Caf\u00e9 Campeiro\",\"isPartOf\":{\"@id\":\"https:\\\/\\\/cafecampeiro.com.br\\\/#website\"},\"primaryImageOfPage\":{\"@id\":\"https:\\\/\\\/cafecampeiro.com.br\\\/product\\\/cafeteira-italiana\\\/#primaryimage\"},\"image\":{\"@id\":\"https:\\\/\\\/cafecampeiro.com.br\\\/product\\\/cafeteira-italiana\\\/#primaryimage\"},\"thumbnailUrl\":\"https:\\\/\\\/cafecampeiro.com.br\\\/wp-content\\\/uploads\\\/2022\\\/07\\\/Novo-Projeto-1.jpg\",\"datePublished\":\"2022-07-07T20:21:11+00:00\",\"dateModified\":\"2022-10-18T20:52:41+00:00\",\"breadcrumb\":{\"@id\":\"https:\\\/\\\/cafecampeiro.com.br\\\/product\\\/cafeteira-italiana\\\/#breadcrumb\"},\"inLanguage\":\"en-US\",\"potentialAction\":[{\"@type\":\"ReadAction\",\"target\":[\"https:\\\/\\\/cafecampeiro.com.br\\\/product\\\/cafeteira-italiana\\\/\"]}]},{\"@type\":\"ImageObject\",\"inLanguage\":\"en-US\",\"@id\":\"https:\\\/\\\/cafecampeiro.com.br\\\/product\\\/cafeteira-italiana\\\/#primaryimage\",\"url\":\"https:\\\/\\\/cafecampeiro.com.br\\\/wp-content\\\/uploads\\\/2022\\\/07\\\/Novo-Projeto-1.jpg\",\"contentUrl\":\"https:\\\/\\\/cafecampeiro.com.br\\\/wp-content\\\/uploads\\\/2022\\\/07\\\/Novo-Projeto-1.jpg\",\"width\":630,\"height\":630},{\"@type\":\"BreadcrumbList\",\"@id\":\"https:\\\/\\\/cafecampeiro.com.br\\\/product\\\/cafeteira-italiana\\\/#breadcrumb\",\"itemListElement\":[{\"@type\":\"ListItem\",\"position\":1,\"name\":\"In\u00edcio\",\"item\":\"https:\\\/\\\/cafecampeiro.com.br\\\/\"},{\"@type\":\"ListItem\",\"position\":2,\"name\":\"Produtos\",\"item\":\"https:\\\/\\\/cafecampeiro.com.br\\\/shop\\\/\"},{\"@type\":\"ListItem\",\"position\":3,\"name\":\"Cafeteira Italiana &#8211; Moka\"}]},{\"@type\":\"WebSite\",\"@id\":\"https:\\\/\\\/cafecampeiro.com.br\\\/#website\",\"url\":\"https:\\\/\\\/cafecampeiro.com.br\\\/\",\"name\":\"Caf\u00e9 Campeiro\",\"description\":\"Caf\u00e9 Campeiro\",\"potentialAction\":[{\"@type\":\"SearchAction\",\"target\":{\"@type\":\"EntryPoint\",\"urlTemplate\":\"https:\\\/\\\/cafecampeiro.com.br\\\/?s={search_term_string}\"},\"query-input\":{\"@type\":\"PropertyValueSpecification\",\"valueRequired\":true,\"valueName\":\"search_term_string\"}}],\"inLanguage\":\"en-US\"}]}<\/script>\n<!-- \/ Yoast SEO plugin. -->","yoast_head_json":{"title":"Cafeteira Italiana - Moka - Caf\u00e9 Campeiro","robots":{"index":"index","follow":"follow","max-snippet":"max-snippet:-1","max-image-preview":"max-image-preview:large","max-video-preview":"max-video-preview:-1"},"canonical":"https:\/\/cafecampeiro.com.br\/en\/product\/cafeteira-italiana\/","og_locale":"en_US","og_type":"article","og_title":"Cafeteira Italiana - Moka - Caf\u00e9 Campeiro","og_description":"A cafeteira italiana Brinox possui corpo, filtro e recipiente em alum\u00ednio. O cabo e o puxador s\u00e3o feitos em baquelite e n\u00e3o esquentam. Al\u00e9m disso, o seu anel de veda\u00e7\u00e3o garante efici\u00eancia durante o uso e funciona como v\u00e1lvula de seguran\u00e7a para a sa\u00edda do vapor.\u00a0  O item prepara at\u00e9 300 ml de caf\u00e9 em aproximadamente cinco minutos.\u00a0  E tem mais!\u00a0  Possui alta qualidade e o design cl\u00e1ssico confere um charme \u00fanico \u00e0 pe\u00e7a.  Para os amantes de um cl\u00e1ssico caf\u00e9 italiano no dia a dia, a Cafeteira Italiana \u00e9 para voc\u00ea!","og_url":"https:\/\/cafecampeiro.com.br\/en\/product\/cafeteira-italiana\/","og_site_name":"Caf\u00e9 Campeiro","article_modified_time":"2022-10-18T20:52:41+00:00","og_image":[{"width":630,"height":630,"url":"https:\/\/cafecampeiro.com.br\/wp-content\/uploads\/2022\/07\/Novo-Projeto-1.jpg","type":"image\/jpeg"}],"twitter_card":"summary_large_image","schema":{"@context":"https:\/\/schema.org","@graph":[{"@type":"WebPage","@id":"https:\/\/cafecampeiro.com.br\/product\/cafeteira-italiana\/","url":"https:\/\/cafecampeiro.com.br\/product\/cafeteira-italiana\/","name":"Cafeteira Italiana - Moka - Caf\u00e9 Campeiro","isPartOf":{"@id":"https:\/\/cafecampeiro.com.br\/#website"},"primaryImageOfPage":{"@id":"https:\/\/cafecampeiro.com.br\/product\/cafeteira-italiana\/#primaryimage"},"image":{"@id":"https:\/\/cafecampeiro.com.br\/product\/cafeteira-italiana\/#primaryimage"},"thumbnailUrl":"https:\/\/cafecampeiro.com.br\/wp-content\/uploads\/2022\/07\/Novo-Projeto-1.jpg","datePublished":"2022-07-07T20:21:11+00:00","dateModified":"2022-10-18T20:52:41+00:00","breadcrumb":{"@id":"https:\/\/cafecampeiro.com.br\/product\/cafeteira-italiana\/#breadcrumb"},"inLanguage":"en-US","potentialAction":[{"@type":"ReadAction","target":["https:\/\/cafecampeiro.com.br\/product\/cafeteira-italiana\/"]}]},{"@type":"ImageObject","inLanguage":"en-US","@id":"https:\/\/cafecampeiro.com.br\/product\/cafeteira-italiana\/#primaryimage","url":"https:\/\/cafecampeiro.com.br\/wp-content\/uploads\/2022\/07\/Novo-Projeto-1.jpg","contentUrl":"https:\/\/cafecampeiro.com.br\/wp-content\/uploads\/2022\/07\/Novo-Projeto-1.jpg","width":630,"height":630},{"@type":"BreadcrumbList","@id":"https:\/\/cafecampeiro.com.br\/product\/cafeteira-italiana\/#breadcrumb","itemListElement":[{"@type":"ListItem","position":1,"name":"In\u00edcio","item":"https:\/\/cafecampeiro.com.br\/"},{"@type":"ListItem","position":2,"name":"Produtos","item":"https:\/\/cafecampeiro.com.br\/shop\/"},{"@type":"ListItem","position":3,"name":"Cafeteira Italiana &#8211; Moka"}]},{"@type":"WebSite","@id":"https:\/\/cafecampeiro.com.br\/#website","url":"https:\/\/cafecampeiro.com.br\/","name":"Caf\u00e9 Campeiro","description":"Caf\u00e9 Campeiro","potentialAction":[{"@type":"SearchAction","target":{"@type":"EntryPoint","urlTemplate":"https:\/\/cafecampeiro.com.br\/?s={search_term_string}"},"query-input":{"@type":"PropertyValueSpecification","valueRequired":true,"valueName":"search_term_string"}}],"inLanguage":"en-US"}]}},"jetpack_sharing_enabled":true,"_links":{"self":[{"href":"https:\/\/cafecampeiro.com.br\/en\/wp-json\/wp\/v2\/product\/808","targetHints":{"allow":["GET"]}}],"collection":[{"href":"https:\/\/cafecampeiro.com.br\/en\/wp-json\/wp\/v2\/product"}],"about":[{"href":"https:\/\/cafecampeiro.com.br\/en\/wp-json\/wp\/v2\/types\/product"}],"replies":[{"embeddable":true,"href":"https:\/\/cafecampeiro.com.br\/en\/wp-json\/wp\/v2\/comments?post=808"}],"wp:featuredmedia":[{"embeddable":true,"href":"https:\/\/cafecampeiro.com.br\/en\/wp-json\/wp\/v2\/media\/3026"}],"wp:attachment":[{"href":"https:\/\/cafecampeiro.com.br\/en\/wp-json\/wp\/v2\/media?parent=808"}],"wp:term":[{"taxonomy":"product_brand","embeddable":true,"href":"https:\/\/cafecampeiro.com.br\/en\/wp-json\/wp\/v2\/product_brand?post=808"},{"taxonomy":"product_cat","embeddable":true,"href":"https:\/\/cafecampeiro.com.br\/en\/wp-json\/wp\/v2\/product_cat?post=808"},{"taxonomy":"product_tag","embeddable":true,"href":"https:\/\/cafecampeiro.com.br\/en\/wp-json\/wp\/v2\/product_tag?post=808"}],"curies":[{"name":"wp","href":"https:\/\/api.w.org\/{rel}","templated":true}]}}

<div style="display: flex; flex-wrap;width: 100%; align-items: center;">
<div style="width: 50%;"><img decoding="async" src="https://cafecampeiro.com.br/wp-content/uploads/2022/07/Novo-Projeto-1.jpg" alt="Cafeteira Italiana" /></div>
<div style="width: 50%; padding: 80px 100px;">
<h4><b>Informações:</b></h4>
<p><span style="font-weight: 400;">Marca: Brinox</span></p>
<p><span style="font-weight: 400;">Material: alumínio</span></p>
<p><span style="font-weight: 400;">Composição: 01 conjunto de filtros (01 anel de silicone + 01 filtro de aço inox)</span></p>
<p><span style="font-weight: 400;">Capacidade: 300ml</span></p>
<p><span style="font-weight: 400;">Peso: 464g</span></p>
<p><span style="font-weight: 400;">Uso: pode ir ao fogão (atenção! Não deve ser utilizada em fogão de indução)</span></p>
<p><span style="font-weight: 400;">Quantidade de xícaras: 6 xícaras de 50ml</span></p>
<p><span style="font-weight: 400;">Medida: 11,5 x 16 x 22</span></p>
<p><span style="font-weight: 400;">Modelo: Verona</span></p>
<p><span style="font-weight: 400;">Cor: preta ou prata</span></p>
<p><span style="font-weight: 400;">Garantia: três meses para defeito de fabricação</span></p>
</div>
</div>

<p><span style="font-weight: 400;">A cafeteira italiana Brinox possui corpo, filtro e recipiente em alumínio. O cabo e o puxador são feitos em baquelite e não esquentam. Além disso, o seu anel de vedação garante eficiência durante o uso e funciona como válvula de segurança para a saída do vapor. </span></p>
<p><span style="font-weight: 400;">O item prepara até 300 ml de café em aproximadamente cinco minutos. </span></p>
<p><span style="font-weight: 400;">E tem mais! </span></p>
<p><span style="font-weight: 400;">Possui alta qualidade e o design clássico confere um charme único à peça.</span></p>
<p><span style="font-weight: 400;">Para os amantes de um clássico café italiano no dia a dia, a Cafeteira Italiana é para você!</span></p>

<!-- This site is optimized with the Yoast SEO plugin v27.3 - https://yoast.com/product/yoast-seo-wordpress/ -->
<title>Cafeteira Italiana - Moka - Café Campeiro</title>
<meta name="robots" content="index, follow, max-snippet:-1, max-image-preview:large, max-video-preview:-1" />
<link rel="canonical" href="https://cafecampeiro.com.br/en/product/cafeteira-italiana/" />
<meta property="og:locale" content="en_US" />
<meta property="og:type" content="article" />
<meta property="og:title" content="Cafeteira Italiana - Moka - Café Campeiro" />
<meta property="og:description" content="A cafeteira italiana Brinox possui corpo, filtro e recipiente em alumínio. O cabo e o puxador são feitos em baquelite e não esquentam. Além disso, o seu anel de vedação garante eficiência durante o uso e funciona como válvula de segurança para a saída do vapor.   O item prepara até 300 ml de café em aproximadamente cinco minutos.   E tem mais!   Possui alta qualidade e o design clássico confere um charme único à peça.  Para os amantes de um clássico café italiano no dia a dia, a Cafeteira Italiana é para você!" />
<meta property="og:url" content="https://cafecampeiro.com.br/en/product/cafeteira-italiana/" />
<meta property="og:site_name" content="Café Campeiro" />
<meta property="article:modified_time" content="2022-10-18T20:52:41+00:00" />
<meta property="og:image" content="https://cafecampeiro.com.br/wp-content/uploads/2022/07/Novo-Projeto-1.jpg" />
	<meta property="og:image:width" content="630" />
	<meta property="og:image:height" content="630" />
	<meta property="og:image:type" content="image/jpeg" />
<meta name="twitter:card" content="summary_large_image" />
<script type="application/ld+json" class="yoast-schema-graph">{"@context":"https:\/\/schema.org","@graph":[{"@type":"WebPage","@id":"https:\/\/cafecampeiro.com.br\/product\/cafeteira-italiana\/","url":"https:\/\/cafecampeiro.com.br\/product\/cafeteira-italiana\/","name":"Cafeteira Italiana - Moka - Café Campeiro","isPartOf":{"@id":"https:\/\/cafecampeiro.com.br\/#website"},"primaryImageOfPage":{"@id":"https:\/\/cafecampeiro.com.br\/product\/cafeteira-italiana\/#primaryimage"},"image":{"@id":"https:\/\/cafecampeiro.com.br\/product\/cafeteira-italiana\/#primaryimage"},"thumbnailUrl":"https:\/\/cafecampeiro.com.br\/wp-content\/uploads\/2022\/07\/Novo-Projeto-1.jpg","datePublished":"2022-07-07T20:21:11+00:00","dateModified":"2022-10-18T20:52:41+00:00","breadcrumb":{"@id":"https:\/\/cafecampeiro.com.br\/product\/cafeteira-italiana\/#breadcrumb"},"inLanguage":"en-US","potentialAction":[{"@type":"ReadAction","target":["https:\/\/cafecampeiro.com.br\/product\/cafeteira-italiana\/"]}]},{"@type":"ImageObject","inLanguage":"en-US","@id":"https:\/\/cafecampeiro.com.br\/product\/cafeteira-italiana\/#primaryimage","url":"https:\/\/cafecampeiro.com.br\/wp-content\/uploads\/2022\/07\/Novo-Projeto-1.jpg","contentUrl":"https:\/\/cafecampeiro.com.br\/wp-content\/uploads\/2022\/07\/Novo-Projeto-1.jpg","width":630,"height":630},{"@type":"BreadcrumbList","@id":"https:\/\/cafecampeiro.com.br\/product\/cafeteira-italiana\/#breadcrumb","itemListElement":[{"@type":"ListItem","position":1,"name":"Início","item":"https:\/\/cafecampeiro.com.br\/"},{"@type":"ListItem","position":2,"name":"Produtos","item":"https:\/\/cafecampeiro.com.br\/shop\/"},{"@type":"ListItem","position":3,"name":"Cafeteira Italiana &#8211; Moka"}]},{"@type":"WebSite","@id":"https:\/\/cafecampeiro.com.br\/#website","url":"https:\/\/cafecampeiro.com.br\/","name":"Café Campeiro","description":"Café Campeiro","potentialAction":[{"@type":"SearchAction","target":{"@type":"EntryPoint","urlTemplate":"https:\/\/cafecampeiro.com.br\/?s={search_term_string}"},"query-input":{"@type":"PropertyValueSpecification","valueRequired":true,"valueName":"search_term_string"}}],"inLanguage":"en-US"}]}</script>
<!-- / Yoast SEO plugin. -->

Cafeteira Italiana - Moka - Café Campeiro

A cafeteira italiana Brinox possui corpo, filtro e recipiente em alumínio. O cabo e o puxador são feitos em baquelite e não esquentam. Além disso, o seu anel de vedação garante eficiência durante o uso e funciona como válvula de segurança para a saída do vapor.   O item prepara até 300 ml de café em aproximadamente cinco minutos.   E tem mais!   Possui alta qualidade e o design clássico confere um charme único à peça.  Para os amantes de um clássico café italiano no dia a dia, a Cafeteira Italiana é para você!

Café Campeiro

Início
