{"id":811,"date":"2022-07-07T17:21:20","date_gmt":"2022-07-07T20:21:20","guid":{"rendered":"https:\/\/cafecampeiro.com.br\/product\/chaleira\/"},"modified":"2023-05-22T19:21:18","modified_gmt":"2023-05-22T22:21:18","slug":"chaleira","status":"publish","type":"product","link":"https:\/\/cafecampeiro.com.br\/en\/product\/chaleira\/","title":{"rendered":"Chaleira"},"content":{"rendered":"<div style=\"display: flex; flex-wrap;width: 100%; align-items: center;\">\n<div style=\"width: 50%;\"><img decoding=\"async\" src=\"https:\/\/cafecampeiro.com.br\/wp-content\/uploads\/2022\/07\/1-4-1.jpg\" alt=\"Chaleira\" \/><\/div>\n<div style=\"width: 50%; padding: 80px 100px;\">\n<h4><b>Informa\u00e7\u00f5es:<\/b><\/h4>\n<p><span style=\"font-weight: 400;\">Marca: FPRO<\/span><\/p>\n<p><span style=\"font-weight: 400;\">Capacidade: 700ml<\/span><\/p>\n<p><span style=\"font-weight: 400;\">Material: a\u00e7o inoxid\u00e1vel e madeira<\/span><\/p>\n<p><span style=\"font-weight: 400;\">Cor: prata<\/span><\/p>\n<p><span style=\"font-weight: 400;\">Dimens\u00f5es: 22 x 10 x 17 cm<\/span><\/p>\n<p><span style=\"font-weight: 400;\">Peso: 450g<\/span><\/p>\n<p><span style=\"font-weight: 400;\">Modelo: FP-CC08-07W<\/span><\/p>\n<p><span style=\"font-weight: 400;\">Garantia: tr\u00eas meses para defeitos de fabrica\u00e7\u00e3o<\/span><\/p>\n<p>&nbsp;<\/p>\n<\/div>\n<\/div>","protected":false},"excerpt":{"rendered":"<p><span style=\"font-weight: 400;\">A Chaleira FPRO Drip Kettle \u00e9 feita em a\u00e7o inox com al\u00e7a de madeira e possui um design ergon\u00f4mico que auxilia na pegada e proporciona um controle preciso e seguro do fluxo de \u00e1gua.\u00a0<\/span><\/p>\n<p><span style=\"font-weight: 400;\">Aten\u00e7\u00e3o: n\u00e3o coloque a FPRO em contato com o fogo e n\u00e3o a utilize no microondas. Aque\u00e7a a \u00e1gua em outro recipiente e utilize a chaleira apenas para o \u201cpour\u201d (despejar a \u00e1gua diretamente sobre o p\u00f3 de caf\u00e9 de maneira lenta e uniforme, seja no preparo convencional de coar ou no m\u00e9todo da prensa francesa, por exemplo).<\/span><\/p>","protected":false},"featured_media":2630,"comment_status":"open","ping_status":"closed","template":"","meta":[],"product_brand":[],"product_cat":[50,65],"product_tag":[],"class_list":{"0":"post-811","1":"product","2":"type-product","3":"status-publish","4":"has-post-thumbnail","6":"product_cat-acessorios","7":"product_cat-chaleiras","9":"first","10":"instock","11":"taxable","12":"shipping-taxable","13":"purchasable","14":"product-type-simple"},"yoast_head":"<!-- This site is optimized with the Yoast SEO plugin v27.3 - https:\/\/yoast.com\/product\/yoast-seo-wordpress\/ -->\n<title>Chaleira - Caf\u00e9 Campeiro<\/title>\n<meta name=\"robots\" content=\"index, follow, max-snippet:-1, max-image-preview:large, max-video-preview:-1\" \/>\n<link rel=\"canonical\" href=\"https:\/\/cafecampeiro.com.br\/en\/product\/chaleira\/\" \/>\n<meta property=\"og:locale\" content=\"en_US\" \/>\n<meta property=\"og:type\" content=\"article\" \/>\n<meta property=\"og:title\" content=\"Chaleira - Caf\u00e9 Campeiro\" \/>\n<meta property=\"og:description\" content=\"A Chaleira FPRO Drip Kettle \u00e9 feita em a\u00e7o inox com al\u00e7a de madeira e possui um design ergon\u00f4mico que auxilia na pegada e proporciona um controle preciso e seguro do fluxo de \u00e1gua.\u00a0  Aten\u00e7\u00e3o: n\u00e3o coloque a FPRO em contato com o fogo e n\u00e3o a utilize no microondas. Aque\u00e7a a \u00e1gua em outro recipiente e utilize a chaleira apenas para o \u201cpour\u201d (despejar a \u00e1gua diretamente sobre o p\u00f3 de caf\u00e9 de maneira lenta e uniforme, seja no preparo convencional de coar ou no m\u00e9todo da prensa francesa, por exemplo).\" \/>\n<meta property=\"og:url\" content=\"https:\/\/cafecampeiro.com.br\/en\/product\/chaleira\/\" \/>\n<meta property=\"og:site_name\" content=\"Caf\u00e9 Campeiro\" \/>\n<meta property=\"article:modified_time\" content=\"2023-05-22T22:21:18+00:00\" \/>\n<meta property=\"og:image\" content=\"https:\/\/cafecampeiro.com.br\/wp-content\/uploads\/2022\/07\/1-4-1.jpg\" \/>\n\t<meta property=\"og:image:width\" content=\"1459\" \/>\n\t<meta property=\"og:image:height\" content=\"1459\" \/>\n\t<meta property=\"og:image:type\" content=\"image\/jpeg\" \/>\n<meta name=\"twitter:card\" content=\"summary_large_image\" \/>\n<meta name=\"twitter:label1\" content=\"Est. reading time\" \/>\n\t<meta name=\"twitter:data1\" content=\"1 minute\" \/>\n<script type=\"application\/ld+json\" class=\"yoast-schema-graph\">{\"@context\":\"https:\\\/\\\/schema.org\",\"@graph\":[{\"@type\":\"WebPage\",\"@id\":\"https:\\\/\\\/cafecampeiro.com.br\\\/product\\\/chaleira\\\/\",\"url\":\"https:\\\/\\\/cafecampeiro.com.br\\\/product\\\/chaleira\\\/\",\"name\":\"Chaleira - Caf\u00e9 Campeiro\",\"isPartOf\":{\"@id\":\"https:\\\/\\\/cafecampeiro.com.br\\\/#website\"},\"primaryImageOfPage\":{\"@id\":\"https:\\\/\\\/cafecampeiro.com.br\\\/product\\\/chaleira\\\/#primaryimage\"},\"image\":{\"@id\":\"https:\\\/\\\/cafecampeiro.com.br\\\/product\\\/chaleira\\\/#primaryimage\"},\"thumbnailUrl\":\"https:\\\/\\\/cafecampeiro.com.br\\\/wp-content\\\/uploads\\\/2022\\\/07\\\/1-4-1.jpg\",\"datePublished\":\"2022-07-07T20:21:20+00:00\",\"dateModified\":\"2023-05-22T22:21:18+00:00\",\"breadcrumb\":{\"@id\":\"https:\\\/\\\/cafecampeiro.com.br\\\/product\\\/chaleira\\\/#breadcrumb\"},\"inLanguage\":\"en-US\",\"potentialAction\":[{\"@type\":\"ReadAction\",\"target\":[\"https:\\\/\\\/cafecampeiro.com.br\\\/product\\\/chaleira\\\/\"]}]},{\"@type\":\"ImageObject\",\"inLanguage\":\"en-US\",\"@id\":\"https:\\\/\\\/cafecampeiro.com.br\\\/product\\\/chaleira\\\/#primaryimage\",\"url\":\"https:\\\/\\\/cafecampeiro.com.br\\\/wp-content\\\/uploads\\\/2022\\\/07\\\/1-4-1.jpg\",\"contentUrl\":\"https:\\\/\\\/cafecampeiro.com.br\\\/wp-content\\\/uploads\\\/2022\\\/07\\\/1-4-1.jpg\",\"width\":1459,\"height\":1459},{\"@type\":\"BreadcrumbList\",\"@id\":\"https:\\\/\\\/cafecampeiro.com.br\\\/product\\\/chaleira\\\/#breadcrumb\",\"itemListElement\":[{\"@type\":\"ListItem\",\"position\":1,\"name\":\"In\u00edcio\",\"item\":\"https:\\\/\\\/cafecampeiro.com.br\\\/\"},{\"@type\":\"ListItem\",\"position\":2,\"name\":\"Produtos\",\"item\":\"https:\\\/\\\/cafecampeiro.com.br\\\/shop\\\/\"},{\"@type\":\"ListItem\",\"position\":3,\"name\":\"Chaleira\"}]},{\"@type\":\"WebSite\",\"@id\":\"https:\\\/\\\/cafecampeiro.com.br\\\/#website\",\"url\":\"https:\\\/\\\/cafecampeiro.com.br\\\/\",\"name\":\"Caf\u00e9 Campeiro\",\"description\":\"Caf\u00e9 Campeiro\",\"potentialAction\":[{\"@type\":\"SearchAction\",\"target\":{\"@type\":\"EntryPoint\",\"urlTemplate\":\"https:\\\/\\\/cafecampeiro.com.br\\\/?s={search_term_string}\"},\"query-input\":{\"@type\":\"PropertyValueSpecification\",\"valueRequired\":true,\"valueName\":\"search_term_string\"}}],\"inLanguage\":\"en-US\"}]}<\/script>\n<!-- \/ Yoast SEO plugin. -->","yoast_head_json":{"title":"Chaleira - Caf\u00e9 Campeiro","robots":{"index":"index","follow":"follow","max-snippet":"max-snippet:-1","max-image-preview":"max-image-preview:large","max-video-preview":"max-video-preview:-1"},"canonical":"https:\/\/cafecampeiro.com.br\/en\/product\/chaleira\/","og_locale":"en_US","og_type":"article","og_title":"Chaleira - Caf\u00e9 Campeiro","og_description":"A Chaleira FPRO Drip Kettle \u00e9 feita em a\u00e7o inox com al\u00e7a de madeira e possui um design ergon\u00f4mico que auxilia na pegada e proporciona um controle preciso e seguro do fluxo de \u00e1gua.\u00a0  Aten\u00e7\u00e3o: n\u00e3o coloque a FPRO em contato com o fogo e n\u00e3o a utilize no microondas. Aque\u00e7a a \u00e1gua em outro recipiente e utilize a chaleira apenas para o \u201cpour\u201d (despejar a \u00e1gua diretamente sobre o p\u00f3 de caf\u00e9 de maneira lenta e uniforme, seja no preparo convencional de coar ou no m\u00e9todo da prensa francesa, por exemplo).","og_url":"https:\/\/cafecampeiro.com.br\/en\/product\/chaleira\/","og_site_name":"Caf\u00e9 Campeiro","article_modified_time":"2023-05-22T22:21:18+00:00","og_image":[{"width":1459,"height":1459,"url":"https:\/\/cafecampeiro.com.br\/wp-content\/uploads\/2022\/07\/1-4-1.jpg","type":"image\/jpeg"}],"twitter_card":"summary_large_image","twitter_misc":{"Est. reading time":"1 minute"},"schema":{"@context":"https:\/\/schema.org","@graph":[{"@type":"WebPage","@id":"https:\/\/cafecampeiro.com.br\/product\/chaleira\/","url":"https:\/\/cafecampeiro.com.br\/product\/chaleira\/","name":"Chaleira - Caf\u00e9 Campeiro","isPartOf":{"@id":"https:\/\/cafecampeiro.com.br\/#website"},"primaryImageOfPage":{"@id":"https:\/\/cafecampeiro.com.br\/product\/chaleira\/#primaryimage"},"image":{"@id":"https:\/\/cafecampeiro.com.br\/product\/chaleira\/#primaryimage"},"thumbnailUrl":"https:\/\/cafecampeiro.com.br\/wp-content\/uploads\/2022\/07\/1-4-1.jpg","datePublished":"2022-07-07T20:21:20+00:00","dateModified":"2023-05-22T22:21:18+00:00","breadcrumb":{"@id":"https:\/\/cafecampeiro.com.br\/product\/chaleira\/#breadcrumb"},"inLanguage":"en-US","potentialAction":[{"@type":"ReadAction","target":["https:\/\/cafecampeiro.com.br\/product\/chaleira\/"]}]},{"@type":"ImageObject","inLanguage":"en-US","@id":"https:\/\/cafecampeiro.com.br\/product\/chaleira\/#primaryimage","url":"https:\/\/cafecampeiro.com.br\/wp-content\/uploads\/2022\/07\/1-4-1.jpg","contentUrl":"https:\/\/cafecampeiro.com.br\/wp-content\/uploads\/2022\/07\/1-4-1.jpg","width":1459,"height":1459},{"@type":"BreadcrumbList","@id":"https:\/\/cafecampeiro.com.br\/product\/chaleira\/#breadcrumb","itemListElement":[{"@type":"ListItem","position":1,"name":"In\u00edcio","item":"https:\/\/cafecampeiro.com.br\/"},{"@type":"ListItem","position":2,"name":"Produtos","item":"https:\/\/cafecampeiro.com.br\/shop\/"},{"@type":"ListItem","position":3,"name":"Chaleira"}]},{"@type":"WebSite","@id":"https:\/\/cafecampeiro.com.br\/#website","url":"https:\/\/cafecampeiro.com.br\/","name":"Caf\u00e9 Campeiro","description":"Caf\u00e9 Campeiro","potentialAction":[{"@type":"SearchAction","target":{"@type":"EntryPoint","urlTemplate":"https:\/\/cafecampeiro.com.br\/?s={search_term_string}"},"query-input":{"@type":"PropertyValueSpecification","valueRequired":true,"valueName":"search_term_string"}}],"inLanguage":"en-US"}]}},"jetpack_sharing_enabled":true,"_links":{"self":[{"href":"https:\/\/cafecampeiro.com.br\/en\/wp-json\/wp\/v2\/product\/811","targetHints":{"allow":["GET"]}}],"collection":[{"href":"https:\/\/cafecampeiro.com.br\/en\/wp-json\/wp\/v2\/product"}],"about":[{"href":"https:\/\/cafecampeiro.com.br\/en\/wp-json\/wp\/v2\/types\/product"}],"replies":[{"embeddable":true,"href":"https:\/\/cafecampeiro.com.br\/en\/wp-json\/wp\/v2\/comments?post=811"}],"wp:featuredmedia":[{"embeddable":true,"href":"https:\/\/cafecampeiro.com.br\/en\/wp-json\/wp\/v2\/media\/2630"}],"wp:attachment":[{"href":"https:\/\/cafecampeiro.com.br\/en\/wp-json\/wp\/v2\/media?parent=811"}],"wp:term":[{"taxonomy":"product_brand","embeddable":true,"href":"https:\/\/cafecampeiro.com.br\/en\/wp-json\/wp\/v2\/product_brand?post=811"},{"taxonomy":"product_cat","embeddable":true,"href":"https:\/\/cafecampeiro.com.br\/en\/wp-json\/wp\/v2\/product_cat?post=811"},{"taxonomy":"product_tag","embeddable":true,"href":"https:\/\/cafecampeiro.com.br\/en\/wp-json\/wp\/v2\/product_tag?post=811"}],"curies":[{"name":"wp","href":"https:\/\/api.w.org\/{rel}","templated":true}]}}

<div style="display: flex; flex-wrap;width: 100%; align-items: center;">
<div style="width: 50%;"><img decoding="async" src="https://cafecampeiro.com.br/wp-content/uploads/2022/07/1-4-1.jpg" alt="Chaleira" /></div>
<div style="width: 50%; padding: 80px 100px;">
<h4><b>Informações:</b></h4>
<p><span style="font-weight: 400;">Marca: FPRO</span></p>
<p><span style="font-weight: 400;">Capacidade: 700ml</span></p>
<p><span style="font-weight: 400;">Material: aço inoxidável e madeira</span></p>
<p><span style="font-weight: 400;">Cor: prata</span></p>
<p><span style="font-weight: 400;">Dimensões: 22 x 10 x 17 cm</span></p>
<p><span style="font-weight: 400;">Peso: 450g</span></p>
<p><span style="font-weight: 400;">Modelo: FP-CC08-07W</span></p>
<p><span style="font-weight: 400;">Garantia: três meses para defeitos de fabricação</span></p>
<p>&nbsp;</p>
</div>
</div>

<p><span style="font-weight: 400;">A Chaleira FPRO Drip Kettle é feita em aço inox com alça de madeira e possui um design ergonômico que auxilia na pegada e proporciona um controle preciso e seguro do fluxo de água. </span></p>
<p><span style="font-weight: 400;">Atenção: não coloque a FPRO em contato com o fogo e não a utilize no microondas. Aqueça a água em outro recipiente e utilize a chaleira apenas para o “pour” (despejar a água diretamente sobre o pó de café de maneira lenta e uniforme, seja no preparo convencional de coar ou no método da prensa francesa, por exemplo).</span></p>

<!-- This site is optimized with the Yoast SEO plugin v27.3 - https://yoast.com/product/yoast-seo-wordpress/ -->
<title>Chaleira - Café Campeiro</title>
<meta name="robots" content="index, follow, max-snippet:-1, max-image-preview:large, max-video-preview:-1" />
<link rel="canonical" href="https://cafecampeiro.com.br/en/product/chaleira/" />
<meta property="og:locale" content="en_US" />
<meta property="og:type" content="article" />
<meta property="og:title" content="Chaleira - Café Campeiro" />
<meta property="og:description" content="A Chaleira FPRO Drip Kettle é feita em aço inox com alça de madeira e possui um design ergonômico que auxilia na pegada e proporciona um controle preciso e seguro do fluxo de água.   Atenção: não coloque a FPRO em contato com o fogo e não a utilize no microondas. Aqueça a água em outro recipiente e utilize a chaleira apenas para o “pour” (despejar a água diretamente sobre o pó de café de maneira lenta e uniforme, seja no preparo convencional de coar ou no método da prensa francesa, por exemplo)." />
<meta property="og:url" content="https://cafecampeiro.com.br/en/product/chaleira/" />
<meta property="og:site_name" content="Café Campeiro" />
<meta property="article:modified_time" content="2023-05-22T22:21:18+00:00" />
<meta property="og:image" content="https://cafecampeiro.com.br/wp-content/uploads/2022/07/1-4-1.jpg" />
	<meta property="og:image:width" content="1459" />
	<meta property="og:image:height" content="1459" />
	<meta property="og:image:type" content="image/jpeg" />
<meta name="twitter:card" content="summary_large_image" />
<meta name="twitter:label1" content="Est. reading time" />
	<meta name="twitter:data1" content="1 minute" />
<script type="application/ld+json" class="yoast-schema-graph">{"@context":"https:\/\/schema.org","@graph":[{"@type":"WebPage","@id":"https:\/\/cafecampeiro.com.br\/product\/chaleira\/","url":"https:\/\/cafecampeiro.com.br\/product\/chaleira\/","name":"Chaleira - Café Campeiro","isPartOf":{"@id":"https:\/\/cafecampeiro.com.br\/#website"},"primaryImageOfPage":{"@id":"https:\/\/cafecampeiro.com.br\/product\/chaleira\/#primaryimage"},"image":{"@id":"https:\/\/cafecampeiro.com.br\/product\/chaleira\/#primaryimage"},"thumbnailUrl":"https:\/\/cafecampeiro.com.br\/wp-content\/uploads\/2022\/07\/1-4-1.jpg","datePublished":"2022-07-07T20:21:20+00:00","dateModified":"2023-05-22T22:21:18+00:00","breadcrumb":{"@id":"https:\/\/cafecampeiro.com.br\/product\/chaleira\/#breadcrumb"},"inLanguage":"en-US","potentialAction":[{"@type":"ReadAction","target":["https:\/\/cafecampeiro.com.br\/product\/chaleira\/"]}]},{"@type":"ImageObject","inLanguage":"en-US","@id":"https:\/\/cafecampeiro.com.br\/product\/chaleira\/#primaryimage","url":"https:\/\/cafecampeiro.com.br\/wp-content\/uploads\/2022\/07\/1-4-1.jpg","contentUrl":"https:\/\/cafecampeiro.com.br\/wp-content\/uploads\/2022\/07\/1-4-1.jpg","width":1459,"height":1459},{"@type":"BreadcrumbList","@id":"https:\/\/cafecampeiro.com.br\/product\/chaleira\/#breadcrumb","itemListElement":[{"@type":"ListItem","position":1,"name":"Início","item":"https:\/\/cafecampeiro.com.br\/"},{"@type":"ListItem","position":2,"name":"Produtos","item":"https:\/\/cafecampeiro.com.br\/shop\/"},{"@type":"ListItem","position":3,"name":"Chaleira"}]},{"@type":"WebSite","@id":"https:\/\/cafecampeiro.com.br\/#website","url":"https:\/\/cafecampeiro.com.br\/","name":"Café Campeiro","description":"Café Campeiro","potentialAction":[{"@type":"SearchAction","target":{"@type":"EntryPoint","urlTemplate":"https:\/\/cafecampeiro.com.br\/?s={search_term_string}"},"query-input":{"@type":"PropertyValueSpecification","valueRequired":true,"valueName":"search_term_string"}}],"inLanguage":"en-US"}]}</script>
<!-- / Yoast SEO plugin. -->

Chaleira - Café Campeiro

A Chaleira FPRO Drip Kettle é feita em aço inox com alça de madeira e possui um design ergonômico que auxilia na pegada e proporciona um controle preciso e seguro do fluxo de água.   Atenção: não coloque a FPRO em contato com o fogo e não a utilize no microondas. Aqueça a água em outro recipiente e utilize a chaleira apenas para o “pour” (despejar a água diretamente sobre o pó de café de maneira lenta e uniforme, seja no preparo convencional de coar ou no método da prensa francesa, por exemplo).

Café Campeiro

Início
