{"id":835,"date":"2022-07-07T20:22:34","date_gmt":"2022-07-07T20:22:34","guid":{"rendered":"https:\/\/cafecampeiro.com.br\/product\/plano-campeiro-assinatura-mensal\/"},"modified":"2025-02-27T09:21:48","modified_gmt":"2025-02-27T12:21:48","slug":"plano-campeiro-assinatura-mensal","status":"publish","type":"product","link":"https:\/\/cafecampeiro.com.br\/en\/product\/plano-campeiro-assinatura-mensal\/","title":{"rendered":"Plano Campeiro &#8211; Assinatura Mensal"},"content":{"rendered":"","protected":false},"excerpt":{"rendered":"<p>O Plano de Assinatura Campeiro \u00e9 a solu\u00e7\u00e3o para quem quer apreciar um caf\u00e9 perfeito a qualquer momento. Com muita praticidade e comodidade, ele \u00e9 ideal para o dia a dia.<\/p>\n<p>Se voc\u00ea ainda est\u00e1 na d\u00favida, a gente te ajuda: voc\u00ea \u00e9 pragm\u00e1tico, tem objetivos bem definidos e gosta de tomar sempre o mesmo caf\u00e9 todos os dias? Ent\u00e3o esse plano \u00e9 para voc\u00ea!<\/p>\n<p>Nesta op\u00e7\u00e3o, voc\u00ea pode escolher entre as linhas Cl\u00e1ssico e Intenso.<\/p>","protected":false},"featured_media":2644,"comment_status":"open","ping_status":"closed","template":"","meta":[],"product_brand":[],"product_cat":[46],"product_tag":[],"class_list":{"0":"post-835","1":"product","2":"type-product","3":"status-publish","4":"has-post-thumbnail","6":"product_cat-assinaturas","8":"first","9":"instock","10":"taxable","11":"shipping-taxable","12":"purchasable","13":"product-type-variable","14":"has-default-attributes"},"yoast_head":"<!-- This site is optimized with the Yoast SEO plugin v27.3 - https:\/\/yoast.com\/product\/yoast-seo-wordpress\/ -->\n<title>Plano Campeiro - Assinatura Mensal - Caf\u00e9 Campeiro<\/title>\n<meta name=\"robots\" content=\"index, follow, max-snippet:-1, max-image-preview:large, max-video-preview:-1\" \/>\n<link rel=\"canonical\" href=\"https:\/\/cafecampeiro.com.br\/en\/product\/plano-campeiro-assinatura-mensal\/\" \/>\n<meta property=\"og:locale\" content=\"en_US\" \/>\n<meta property=\"og:type\" content=\"article\" \/>\n<meta property=\"og:title\" content=\"Plano Campeiro - Assinatura Mensal - Caf\u00e9 Campeiro\" \/>\n<meta property=\"og:description\" content=\"O Plano de Assinatura Campeiro \u00e9 a solu\u00e7\u00e3o para quem quer apreciar um caf\u00e9 perfeito a qualquer momento. Com muita praticidade e comodidade, ele \u00e9 ideal para o dia a dia.  Se voc\u00ea ainda est\u00e1 na d\u00favida, a gente te ajuda: voc\u00ea \u00e9 pragm\u00e1tico, tem objetivos bem definidos e gosta de tomar sempre o mesmo caf\u00e9 todos os dias? Ent\u00e3o esse plano \u00e9 para voc\u00ea!  Nesta op\u00e7\u00e3o, voc\u00ea pode escolher entre as linhas Cl\u00e1ssico e Intenso.\" \/>\n<meta property=\"og:url\" content=\"https:\/\/cafecampeiro.com.br\/en\/product\/plano-campeiro-assinatura-mensal\/\" \/>\n<meta property=\"og:site_name\" content=\"Caf\u00e9 Campeiro\" \/>\n<meta property=\"article:modified_time\" content=\"2025-02-27T12:21:48+00:00\" \/>\n<meta property=\"og:image\" content=\"https:\/\/cafecampeiro.com.br\/wp-content\/uploads\/2022\/07\/Caixa-Cafe-Campeiro-Plano-Campeiro-Misto-01-1024x1024.png\" \/>\n\t<meta property=\"og:image:width\" content=\"1024\" \/>\n\t<meta property=\"og:image:height\" content=\"1024\" \/>\n\t<meta property=\"og:image:type\" content=\"image\/png\" \/>\n<meta name=\"twitter:card\" content=\"summary_large_image\" \/>\n<meta name=\"twitter:label1\" content=\"Est. reading time\" \/>\n\t<meta name=\"twitter:data1\" content=\"1 minute\" \/>\n<script type=\"application\/ld+json\" class=\"yoast-schema-graph\">{\"@context\":\"https:\\\/\\\/schema.org\",\"@graph\":[{\"@type\":\"WebPage\",\"@id\":\"https:\\\/\\\/cafecampeiro.com.br\\\/product\\\/plano-campeiro-assinatura-mensal\\\/\",\"url\":\"https:\\\/\\\/cafecampeiro.com.br\\\/product\\\/plano-campeiro-assinatura-mensal\\\/\",\"name\":\"Plano Campeiro - Assinatura Mensal - Caf\u00e9 Campeiro\",\"isPartOf\":{\"@id\":\"https:\\\/\\\/cafecampeiro.com.br\\\/#website\"},\"primaryImageOfPage\":{\"@id\":\"https:\\\/\\\/cafecampeiro.com.br\\\/product\\\/plano-campeiro-assinatura-mensal\\\/#primaryimage\"},\"image\":{\"@id\":\"https:\\\/\\\/cafecampeiro.com.br\\\/product\\\/plano-campeiro-assinatura-mensal\\\/#primaryimage\"},\"thumbnailUrl\":\"https:\\\/\\\/cafecampeiro.com.br\\\/wp-content\\\/uploads\\\/2022\\\/07\\\/Caixa-Cafe-Campeiro-Plano-Campeiro-Misto-01.png\",\"datePublished\":\"2022-07-07T20:22:34+00:00\",\"dateModified\":\"2025-02-27T12:21:48+00:00\",\"breadcrumb\":{\"@id\":\"https:\\\/\\\/cafecampeiro.com.br\\\/product\\\/plano-campeiro-assinatura-mensal\\\/#breadcrumb\"},\"inLanguage\":\"en-US\",\"potentialAction\":[{\"@type\":\"ReadAction\",\"target\":[\"https:\\\/\\\/cafecampeiro.com.br\\\/product\\\/plano-campeiro-assinatura-mensal\\\/\"]}]},{\"@type\":\"ImageObject\",\"inLanguage\":\"en-US\",\"@id\":\"https:\\\/\\\/cafecampeiro.com.br\\\/product\\\/plano-campeiro-assinatura-mensal\\\/#primaryimage\",\"url\":\"https:\\\/\\\/cafecampeiro.com.br\\\/wp-content\\\/uploads\\\/2022\\\/07\\\/Caixa-Cafe-Campeiro-Plano-Campeiro-Misto-01.png\",\"contentUrl\":\"https:\\\/\\\/cafecampeiro.com.br\\\/wp-content\\\/uploads\\\/2022\\\/07\\\/Caixa-Cafe-Campeiro-Plano-Campeiro-Misto-01.png\",\"width\":1200,\"height\":1200},{\"@type\":\"BreadcrumbList\",\"@id\":\"https:\\\/\\\/cafecampeiro.com.br\\\/product\\\/plano-campeiro-assinatura-mensal\\\/#breadcrumb\",\"itemListElement\":[{\"@type\":\"ListItem\",\"position\":1,\"name\":\"In\u00edcio\",\"item\":\"https:\\\/\\\/cafecampeiro.com.br\\\/\"},{\"@type\":\"ListItem\",\"position\":2,\"name\":\"Produtos\",\"item\":\"https:\\\/\\\/cafecampeiro.com.br\\\/shop\\\/\"},{\"@type\":\"ListItem\",\"position\":3,\"name\":\"Plano Campeiro &#8211; Assinatura Mensal\"}]},{\"@type\":\"WebSite\",\"@id\":\"https:\\\/\\\/cafecampeiro.com.br\\\/#website\",\"url\":\"https:\\\/\\\/cafecampeiro.com.br\\\/\",\"name\":\"Caf\u00e9 Campeiro\",\"description\":\"Caf\u00e9 Campeiro\",\"potentialAction\":[{\"@type\":\"SearchAction\",\"target\":{\"@type\":\"EntryPoint\",\"urlTemplate\":\"https:\\\/\\\/cafecampeiro.com.br\\\/?s={search_term_string}\"},\"query-input\":{\"@type\":\"PropertyValueSpecification\",\"valueRequired\":true,\"valueName\":\"search_term_string\"}}],\"inLanguage\":\"en-US\"}]}<\/script>\n<!-- \/ Yoast SEO plugin. -->","yoast_head_json":{"title":"Plano Campeiro - Assinatura Mensal - Caf\u00e9 Campeiro","robots":{"index":"index","follow":"follow","max-snippet":"max-snippet:-1","max-image-preview":"max-image-preview:large","max-video-preview":"max-video-preview:-1"},"canonical":"https:\/\/cafecampeiro.com.br\/en\/product\/plano-campeiro-assinatura-mensal\/","og_locale":"en_US","og_type":"article","og_title":"Plano Campeiro - Assinatura Mensal - Caf\u00e9 Campeiro","og_description":"O Plano de Assinatura Campeiro \u00e9 a solu\u00e7\u00e3o para quem quer apreciar um caf\u00e9 perfeito a qualquer momento. Com muita praticidade e comodidade, ele \u00e9 ideal para o dia a dia.  Se voc\u00ea ainda est\u00e1 na d\u00favida, a gente te ajuda: voc\u00ea \u00e9 pragm\u00e1tico, tem objetivos bem definidos e gosta de tomar sempre o mesmo caf\u00e9 todos os dias? Ent\u00e3o esse plano \u00e9 para voc\u00ea!  Nesta op\u00e7\u00e3o, voc\u00ea pode escolher entre as linhas Cl\u00e1ssico e Intenso.","og_url":"https:\/\/cafecampeiro.com.br\/en\/product\/plano-campeiro-assinatura-mensal\/","og_site_name":"Caf\u00e9 Campeiro","article_modified_time":"2025-02-27T12:21:48+00:00","og_image":[{"width":1024,"height":1024,"url":"https:\/\/cafecampeiro.com.br\/wp-content\/uploads\/2022\/07\/Caixa-Cafe-Campeiro-Plano-Campeiro-Misto-01-1024x1024.png","type":"image\/png"}],"twitter_card":"summary_large_image","twitter_misc":{"Est. reading time":"1 minute"},"schema":{"@context":"https:\/\/schema.org","@graph":[{"@type":"WebPage","@id":"https:\/\/cafecampeiro.com.br\/product\/plano-campeiro-assinatura-mensal\/","url":"https:\/\/cafecampeiro.com.br\/product\/plano-campeiro-assinatura-mensal\/","name":"Plano Campeiro - Assinatura Mensal - Caf\u00e9 Campeiro","isPartOf":{"@id":"https:\/\/cafecampeiro.com.br\/#website"},"primaryImageOfPage":{"@id":"https:\/\/cafecampeiro.com.br\/product\/plano-campeiro-assinatura-mensal\/#primaryimage"},"image":{"@id":"https:\/\/cafecampeiro.com.br\/product\/plano-campeiro-assinatura-mensal\/#primaryimage"},"thumbnailUrl":"https:\/\/cafecampeiro.com.br\/wp-content\/uploads\/2022\/07\/Caixa-Cafe-Campeiro-Plano-Campeiro-Misto-01.png","datePublished":"2022-07-07T20:22:34+00:00","dateModified":"2025-02-27T12:21:48+00:00","breadcrumb":{"@id":"https:\/\/cafecampeiro.com.br\/product\/plano-campeiro-assinatura-mensal\/#breadcrumb"},"inLanguage":"en-US","potentialAction":[{"@type":"ReadAction","target":["https:\/\/cafecampeiro.com.br\/product\/plano-campeiro-assinatura-mensal\/"]}]},{"@type":"ImageObject","inLanguage":"en-US","@id":"https:\/\/cafecampeiro.com.br\/product\/plano-campeiro-assinatura-mensal\/#primaryimage","url":"https:\/\/cafecampeiro.com.br\/wp-content\/uploads\/2022\/07\/Caixa-Cafe-Campeiro-Plano-Campeiro-Misto-01.png","contentUrl":"https:\/\/cafecampeiro.com.br\/wp-content\/uploads\/2022\/07\/Caixa-Cafe-Campeiro-Plano-Campeiro-Misto-01.png","width":1200,"height":1200},{"@type":"BreadcrumbList","@id":"https:\/\/cafecampeiro.com.br\/product\/plano-campeiro-assinatura-mensal\/#breadcrumb","itemListElement":[{"@type":"ListItem","position":1,"name":"In\u00edcio","item":"https:\/\/cafecampeiro.com.br\/"},{"@type":"ListItem","position":2,"name":"Produtos","item":"https:\/\/cafecampeiro.com.br\/shop\/"},{"@type":"ListItem","position":3,"name":"Plano Campeiro &#8211; Assinatura Mensal"}]},{"@type":"WebSite","@id":"https:\/\/cafecampeiro.com.br\/#website","url":"https:\/\/cafecampeiro.com.br\/","name":"Caf\u00e9 Campeiro","description":"Caf\u00e9 Campeiro","potentialAction":[{"@type":"SearchAction","target":{"@type":"EntryPoint","urlTemplate":"https:\/\/cafecampeiro.com.br\/?s={search_term_string}"},"query-input":{"@type":"PropertyValueSpecification","valueRequired":true,"valueName":"search_term_string"}}],"inLanguage":"en-US"}]}},"jetpack_sharing_enabled":true,"_links":{"self":[{"href":"https:\/\/cafecampeiro.com.br\/en\/wp-json\/wp\/v2\/product\/835","targetHints":{"allow":["GET"]}}],"collection":[{"href":"https:\/\/cafecampeiro.com.br\/en\/wp-json\/wp\/v2\/product"}],"about":[{"href":"https:\/\/cafecampeiro.com.br\/en\/wp-json\/wp\/v2\/types\/product"}],"replies":[{"embeddable":true,"href":"https:\/\/cafecampeiro.com.br\/en\/wp-json\/wp\/v2\/comments?post=835"}],"wp:featuredmedia":[{"embeddable":true,"href":"https:\/\/cafecampeiro.com.br\/en\/wp-json\/wp\/v2\/media\/2644"}],"wp:attachment":[{"href":"https:\/\/cafecampeiro.com.br\/en\/wp-json\/wp\/v2\/media?parent=835"}],"wp:term":[{"taxonomy":"product_brand","embeddable":true,"href":"https:\/\/cafecampeiro.com.br\/en\/wp-json\/wp\/v2\/product_brand?post=835"},{"taxonomy":"product_cat","embeddable":true,"href":"https:\/\/cafecampeiro.com.br\/en\/wp-json\/wp\/v2\/product_cat?post=835"},{"taxonomy":"product_tag","embeddable":true,"href":"https:\/\/cafecampeiro.com.br\/en\/wp-json\/wp\/v2\/product_tag?post=835"}],"curies":[{"name":"wp","href":"https:\/\/api.w.org\/{rel}","templated":true}]}}

<p>O Plano de Assinatura Campeiro é a solução para quem quer apreciar um café perfeito a qualquer momento. Com muita praticidade e comodidade, ele é ideal para o dia a dia.</p>
<p>Se você ainda está na dúvida, a gente te ajuda: você é pragmático, tem objetivos bem definidos e gosta de tomar sempre o mesmo café todos os dias? Então esse plano é para você!</p>
<p>Nesta opção, você pode escolher entre as linhas Clássico e Intenso.</p>

<!-- This site is optimized with the Yoast SEO plugin v27.3 - https://yoast.com/product/yoast-seo-wordpress/ -->
<title>Plano Campeiro - Assinatura Mensal - Café Campeiro</title>
<meta name="robots" content="index, follow, max-snippet:-1, max-image-preview:large, max-video-preview:-1" />
<link rel="canonical" href="https://cafecampeiro.com.br/en/product/plano-campeiro-assinatura-mensal/" />
<meta property="og:locale" content="en_US" />
<meta property="og:type" content="article" />
<meta property="og:title" content="Plano Campeiro - Assinatura Mensal - Café Campeiro" />
<meta property="og:description" content="O Plano de Assinatura Campeiro é a solução para quem quer apreciar um café perfeito a qualquer momento. Com muita praticidade e comodidade, ele é ideal para o dia a dia.  Se você ainda está na dúvida, a gente te ajuda: você é pragmático, tem objetivos bem definidos e gosta de tomar sempre o mesmo café todos os dias? Então esse plano é para você!  Nesta opção, você pode escolher entre as linhas Clássico e Intenso." />
<meta property="og:url" content="https://cafecampeiro.com.br/en/product/plano-campeiro-assinatura-mensal/" />
<meta property="og:site_name" content="Café Campeiro" />
<meta property="article:modified_time" content="2025-02-27T12:21:48+00:00" />
<meta property="og:image" content="https://cafecampeiro.com.br/wp-content/uploads/2022/07/Caixa-Cafe-Campeiro-Plano-Campeiro-Misto-01-1024x1024.png" />
	<meta property="og:image:width" content="1024" />
	<meta property="og:image:height" content="1024" />
	<meta property="og:image:type" content="image/png" />
<meta name="twitter:card" content="summary_large_image" />
<meta name="twitter:label1" content="Est. reading time" />
	<meta name="twitter:data1" content="1 minute" />
<script type="application/ld+json" class="yoast-schema-graph">{"@context":"https:\/\/schema.org","@graph":[{"@type":"WebPage","@id":"https:\/\/cafecampeiro.com.br\/product\/plano-campeiro-assinatura-mensal\/","url":"https:\/\/cafecampeiro.com.br\/product\/plano-campeiro-assinatura-mensal\/","name":"Plano Campeiro - Assinatura Mensal - Café Campeiro","isPartOf":{"@id":"https:\/\/cafecampeiro.com.br\/#website"},"primaryImageOfPage":{"@id":"https:\/\/cafecampeiro.com.br\/product\/plano-campeiro-assinatura-mensal\/#primaryimage"},"image":{"@id":"https:\/\/cafecampeiro.com.br\/product\/plano-campeiro-assinatura-mensal\/#primaryimage"},"thumbnailUrl":"https:\/\/cafecampeiro.com.br\/wp-content\/uploads\/2022\/07\/Caixa-Cafe-Campeiro-Plano-Campeiro-Misto-01.png","datePublished":"2022-07-07T20:22:34+00:00","dateModified":"2025-02-27T12:21:48+00:00","breadcrumb":{"@id":"https:\/\/cafecampeiro.com.br\/product\/plano-campeiro-assinatura-mensal\/#breadcrumb"},"inLanguage":"en-US","potentialAction":[{"@type":"ReadAction","target":["https:\/\/cafecampeiro.com.br\/product\/plano-campeiro-assinatura-mensal\/"]}]},{"@type":"ImageObject","inLanguage":"en-US","@id":"https:\/\/cafecampeiro.com.br\/product\/plano-campeiro-assinatura-mensal\/#primaryimage","url":"https:\/\/cafecampeiro.com.br\/wp-content\/uploads\/2022\/07\/Caixa-Cafe-Campeiro-Plano-Campeiro-Misto-01.png","contentUrl":"https:\/\/cafecampeiro.com.br\/wp-content\/uploads\/2022\/07\/Caixa-Cafe-Campeiro-Plano-Campeiro-Misto-01.png","width":1200,"height":1200},{"@type":"BreadcrumbList","@id":"https:\/\/cafecampeiro.com.br\/product\/plano-campeiro-assinatura-mensal\/#breadcrumb","itemListElement":[{"@type":"ListItem","position":1,"name":"Início","item":"https:\/\/cafecampeiro.com.br\/"},{"@type":"ListItem","position":2,"name":"Produtos","item":"https:\/\/cafecampeiro.com.br\/shop\/"},{"@type":"ListItem","position":3,"name":"Plano Campeiro &#8211; Assinatura Mensal"}]},{"@type":"WebSite","@id":"https:\/\/cafecampeiro.com.br\/#website","url":"https:\/\/cafecampeiro.com.br\/","name":"Café Campeiro","description":"Café Campeiro","potentialAction":[{"@type":"SearchAction","target":{"@type":"EntryPoint","urlTemplate":"https:\/\/cafecampeiro.com.br\/?s={search_term_string}"},"query-input":{"@type":"PropertyValueSpecification","valueRequired":true,"valueName":"search_term_string"}}],"inLanguage":"en-US"}]}</script>
<!-- / Yoast SEO plugin. -->

Plano Campeiro - Assinatura Mensal - Café Campeiro

O Plano de Assinatura Campeiro é a solução para quem quer apreciar um café perfeito a qualquer momento. Com muita praticidade e comodidade, ele é ideal para o dia a dia.  Se você ainda está na dúvida, a gente te ajuda: você é pragmático, tem objetivos bem definidos e gosta de tomar sempre o mesmo café todos os dias? Então esse plano é para você!  Nesta opção, você pode escolher entre as linhas Clássico e Intenso.

Café Campeiro

Início
