{"id":885,"date":"2022-07-07T20:24:37","date_gmt":"2022-07-07T20:24:37","guid":{"rendered":"https:\/\/cafecampeiro.com.br\/product\/plano-misto-assinatura-mensal\/"},"modified":"2025-02-27T09:29:46","modified_gmt":"2025-02-27T12:29:46","slug":"plano-misto-assinatura-mensal","status":"publish","type":"product","link":"https:\/\/cafecampeiro.com.br\/en\/product\/plano-misto-assinatura-mensal\/","title":{"rendered":"Plano Misto &#8211; Assinatura Mensal"},"content":{"rendered":"","protected":false},"excerpt":{"rendered":"<p><span style=\"font-weight: 400;\">Gosta da rotina, mas tamb\u00e9m n\u00e3o abre m\u00e3o de novas experi\u00eancias aos finais de semana? Ou, ainda, adora a praticidade de tomar o mesmo cafezinho todos os dias, mas mora com algu\u00e9m que aprecia novidades?<\/span><\/p>\n<p><span style=\"font-weight: 400;\">Ent\u00e3o olha s\u00f3 o que preparamos para voc\u00ea com este plano:<\/span><\/p>\n<p><span style=\"font-weight: 400;\">Na assinatura mista voc\u00ea recebe mensalmente caf\u00e9s da linha Cl\u00e1ssico ou Intenso (de acordo com a sua escolha) e tamb\u00e9m o caf\u00e9 do m\u00eas, apresentado no Plano Descobertas e escolhido pelo nosso mestre de torra.<\/span><\/p>","protected":false},"featured_media":2912,"comment_status":"open","ping_status":"closed","template":"","meta":[],"product_brand":[],"product_cat":[46],"product_tag":[],"class_list":{"0":"post-885","1":"product","2":"type-product","3":"status-publish","4":"has-post-thumbnail","6":"product_cat-assinaturas","8":"first","9":"outofstock","10":"taxable","11":"shipping-taxable","12":"purchasable","13":"product-type-variable","14":"has-default-attributes"},"yoast_head":"<!-- This site is optimized with the Yoast SEO plugin v27.3 - https:\/\/yoast.com\/product\/yoast-seo-wordpress\/ -->\n<title>Plano Misto - Assinatura Mensal - Caf\u00e9 Campeiro<\/title>\n<meta name=\"robots\" content=\"index, follow, max-snippet:-1, max-image-preview:large, max-video-preview:-1\" \/>\n<link rel=\"canonical\" href=\"https:\/\/cafecampeiro.com.br\/en\/product\/plano-misto-assinatura-mensal\/\" \/>\n<meta property=\"og:locale\" content=\"en_US\" \/>\n<meta property=\"og:type\" content=\"article\" \/>\n<meta property=\"og:title\" content=\"Plano Misto - Assinatura Mensal - Caf\u00e9 Campeiro\" \/>\n<meta property=\"og:description\" content=\"Gosta da rotina, mas tamb\u00e9m n\u00e3o abre m\u00e3o de novas experi\u00eancias aos finais de semana? Ou, ainda, adora a praticidade de tomar o mesmo cafezinho todos os dias, mas mora com algu\u00e9m que aprecia novidades?  Ent\u00e3o olha s\u00f3 o que preparamos para voc\u00ea com este plano:  Na assinatura mista voc\u00ea recebe mensalmente caf\u00e9s da linha Cl\u00e1ssico ou Intenso (de acordo com a sua escolha) e tamb\u00e9m o caf\u00e9 do m\u00eas, apresentado no Plano Descobertas e escolhido pelo nosso mestre de torra.\" \/>\n<meta property=\"og:url\" content=\"https:\/\/cafecampeiro.com.br\/en\/product\/plano-misto-assinatura-mensal\/\" \/>\n<meta property=\"og:site_name\" content=\"Caf\u00e9 Campeiro\" \/>\n<meta property=\"article:modified_time\" content=\"2025-02-27T12:29:46+00:00\" \/>\n<meta property=\"og:image\" content=\"https:\/\/cafecampeiro.com.br\/wp-content\/uploads\/2022\/07\/Co\u0301pia-de-Caixa-Cafe-Campeiro-Misto-Classico-01-1.png\" \/>\n\t<meta property=\"og:image:width\" content=\"1200\" \/>\n\t<meta property=\"og:image:height\" content=\"1200\" \/>\n\t<meta property=\"og:image:type\" content=\"image\/png\" \/>\n<meta name=\"twitter:card\" content=\"summary_large_image\" \/>\n<script type=\"application\/ld+json\" class=\"yoast-schema-graph\">{\"@context\":\"https:\\\/\\\/schema.org\",\"@graph\":[{\"@type\":\"WebPage\",\"@id\":\"https:\\\/\\\/cafecampeiro.com.br\\\/product\\\/plano-misto-assinatura-mensal\\\/\",\"url\":\"https:\\\/\\\/cafecampeiro.com.br\\\/product\\\/plano-misto-assinatura-mensal\\\/\",\"name\":\"Plano Misto - Assinatura Mensal - Caf\u00e9 Campeiro\",\"isPartOf\":{\"@id\":\"https:\\\/\\\/cafecampeiro.com.br\\\/#website\"},\"primaryImageOfPage\":{\"@id\":\"https:\\\/\\\/cafecampeiro.com.br\\\/product\\\/plano-misto-assinatura-mensal\\\/#primaryimage\"},\"image\":{\"@id\":\"https:\\\/\\\/cafecampeiro.com.br\\\/product\\\/plano-misto-assinatura-mensal\\\/#primaryimage\"},\"thumbnailUrl\":\"https:\\\/\\\/cafecampeiro.com.br\\\/wp-content\\\/uploads\\\/2022\\\/07\\\/Co\u0301pia-de-Caixa-Cafe-Campeiro-Misto-Classico-01-1.png\",\"datePublished\":\"2022-07-07T20:24:37+00:00\",\"dateModified\":\"2025-02-27T12:29:46+00:00\",\"breadcrumb\":{\"@id\":\"https:\\\/\\\/cafecampeiro.com.br\\\/product\\\/plano-misto-assinatura-mensal\\\/#breadcrumb\"},\"inLanguage\":\"en-US\",\"potentialAction\":[{\"@type\":\"ReadAction\",\"target\":[\"https:\\\/\\\/cafecampeiro.com.br\\\/product\\\/plano-misto-assinatura-mensal\\\/\"]}]},{\"@type\":\"ImageObject\",\"inLanguage\":\"en-US\",\"@id\":\"https:\\\/\\\/cafecampeiro.com.br\\\/product\\\/plano-misto-assinatura-mensal\\\/#primaryimage\",\"url\":\"https:\\\/\\\/cafecampeiro.com.br\\\/wp-content\\\/uploads\\\/2022\\\/07\\\/Co\u0301pia-de-Caixa-Cafe-Campeiro-Misto-Classico-01-1.png\",\"contentUrl\":\"https:\\\/\\\/cafecampeiro.com.br\\\/wp-content\\\/uploads\\\/2022\\\/07\\\/Co\u0301pia-de-Caixa-Cafe-Campeiro-Misto-Classico-01-1.png\",\"width\":1200,\"height\":1200},{\"@type\":\"BreadcrumbList\",\"@id\":\"https:\\\/\\\/cafecampeiro.com.br\\\/product\\\/plano-misto-assinatura-mensal\\\/#breadcrumb\",\"itemListElement\":[{\"@type\":\"ListItem\",\"position\":1,\"name\":\"In\u00edcio\",\"item\":\"https:\\\/\\\/cafecampeiro.com.br\\\/\"},{\"@type\":\"ListItem\",\"position\":2,\"name\":\"Produtos\",\"item\":\"https:\\\/\\\/cafecampeiro.com.br\\\/shop\\\/\"},{\"@type\":\"ListItem\",\"position\":3,\"name\":\"Plano Misto &#8211; Assinatura Mensal\"}]},{\"@type\":\"WebSite\",\"@id\":\"https:\\\/\\\/cafecampeiro.com.br\\\/#website\",\"url\":\"https:\\\/\\\/cafecampeiro.com.br\\\/\",\"name\":\"Caf\u00e9 Campeiro\",\"description\":\"Caf\u00e9 Campeiro\",\"potentialAction\":[{\"@type\":\"SearchAction\",\"target\":{\"@type\":\"EntryPoint\",\"urlTemplate\":\"https:\\\/\\\/cafecampeiro.com.br\\\/?s={search_term_string}\"},\"query-input\":{\"@type\":\"PropertyValueSpecification\",\"valueRequired\":true,\"valueName\":\"search_term_string\"}}],\"inLanguage\":\"en-US\"}]}<\/script>\n<!-- \/ Yoast SEO plugin. -->","yoast_head_json":{"title":"Plano Misto - Assinatura Mensal - Caf\u00e9 Campeiro","robots":{"index":"index","follow":"follow","max-snippet":"max-snippet:-1","max-image-preview":"max-image-preview:large","max-video-preview":"max-video-preview:-1"},"canonical":"https:\/\/cafecampeiro.com.br\/en\/product\/plano-misto-assinatura-mensal\/","og_locale":"en_US","og_type":"article","og_title":"Plano Misto - Assinatura Mensal - Caf\u00e9 Campeiro","og_description":"Gosta da rotina, mas tamb\u00e9m n\u00e3o abre m\u00e3o de novas experi\u00eancias aos finais de semana? Ou, ainda, adora a praticidade de tomar o mesmo cafezinho todos os dias, mas mora com algu\u00e9m que aprecia novidades?  Ent\u00e3o olha s\u00f3 o que preparamos para voc\u00ea com este plano:  Na assinatura mista voc\u00ea recebe mensalmente caf\u00e9s da linha Cl\u00e1ssico ou Intenso (de acordo com a sua escolha) e tamb\u00e9m o caf\u00e9 do m\u00eas, apresentado no Plano Descobertas e escolhido pelo nosso mestre de torra.","og_url":"https:\/\/cafecampeiro.com.br\/en\/product\/plano-misto-assinatura-mensal\/","og_site_name":"Caf\u00e9 Campeiro","article_modified_time":"2025-02-27T12:29:46+00:00","og_image":[{"width":1200,"height":1200,"url":"https:\/\/cafecampeiro.com.br\/wp-content\/uploads\/2022\/07\/Co\u0301pia-de-Caixa-Cafe-Campeiro-Misto-Classico-01-1.png","type":"image\/png"}],"twitter_card":"summary_large_image","schema":{"@context":"https:\/\/schema.org","@graph":[{"@type":"WebPage","@id":"https:\/\/cafecampeiro.com.br\/product\/plano-misto-assinatura-mensal\/","url":"https:\/\/cafecampeiro.com.br\/product\/plano-misto-assinatura-mensal\/","name":"Plano Misto - Assinatura Mensal - Caf\u00e9 Campeiro","isPartOf":{"@id":"https:\/\/cafecampeiro.com.br\/#website"},"primaryImageOfPage":{"@id":"https:\/\/cafecampeiro.com.br\/product\/plano-misto-assinatura-mensal\/#primaryimage"},"image":{"@id":"https:\/\/cafecampeiro.com.br\/product\/plano-misto-assinatura-mensal\/#primaryimage"},"thumbnailUrl":"https:\/\/cafecampeiro.com.br\/wp-content\/uploads\/2022\/07\/Co\u0301pia-de-Caixa-Cafe-Campeiro-Misto-Classico-01-1.png","datePublished":"2022-07-07T20:24:37+00:00","dateModified":"2025-02-27T12:29:46+00:00","breadcrumb":{"@id":"https:\/\/cafecampeiro.com.br\/product\/plano-misto-assinatura-mensal\/#breadcrumb"},"inLanguage":"en-US","potentialAction":[{"@type":"ReadAction","target":["https:\/\/cafecampeiro.com.br\/product\/plano-misto-assinatura-mensal\/"]}]},{"@type":"ImageObject","inLanguage":"en-US","@id":"https:\/\/cafecampeiro.com.br\/product\/plano-misto-assinatura-mensal\/#primaryimage","url":"https:\/\/cafecampeiro.com.br\/wp-content\/uploads\/2022\/07\/Co\u0301pia-de-Caixa-Cafe-Campeiro-Misto-Classico-01-1.png","contentUrl":"https:\/\/cafecampeiro.com.br\/wp-content\/uploads\/2022\/07\/Co\u0301pia-de-Caixa-Cafe-Campeiro-Misto-Classico-01-1.png","width":1200,"height":1200},{"@type":"BreadcrumbList","@id":"https:\/\/cafecampeiro.com.br\/product\/plano-misto-assinatura-mensal\/#breadcrumb","itemListElement":[{"@type":"ListItem","position":1,"name":"In\u00edcio","item":"https:\/\/cafecampeiro.com.br\/"},{"@type":"ListItem","position":2,"name":"Produtos","item":"https:\/\/cafecampeiro.com.br\/shop\/"},{"@type":"ListItem","position":3,"name":"Plano Misto &#8211; Assinatura Mensal"}]},{"@type":"WebSite","@id":"https:\/\/cafecampeiro.com.br\/#website","url":"https:\/\/cafecampeiro.com.br\/","name":"Caf\u00e9 Campeiro","description":"Caf\u00e9 Campeiro","potentialAction":[{"@type":"SearchAction","target":{"@type":"EntryPoint","urlTemplate":"https:\/\/cafecampeiro.com.br\/?s={search_term_string}"},"query-input":{"@type":"PropertyValueSpecification","valueRequired":true,"valueName":"search_term_string"}}],"inLanguage":"en-US"}]}},"jetpack_sharing_enabled":true,"_links":{"self":[{"href":"https:\/\/cafecampeiro.com.br\/en\/wp-json\/wp\/v2\/product\/885","targetHints":{"allow":["GET"]}}],"collection":[{"href":"https:\/\/cafecampeiro.com.br\/en\/wp-json\/wp\/v2\/product"}],"about":[{"href":"https:\/\/cafecampeiro.com.br\/en\/wp-json\/wp\/v2\/types\/product"}],"replies":[{"embeddable":true,"href":"https:\/\/cafecampeiro.com.br\/en\/wp-json\/wp\/v2\/comments?post=885"}],"wp:featuredmedia":[{"embeddable":true,"href":"https:\/\/cafecampeiro.com.br\/en\/wp-json\/wp\/v2\/media\/2912"}],"wp:attachment":[{"href":"https:\/\/cafecampeiro.com.br\/en\/wp-json\/wp\/v2\/media?parent=885"}],"wp:term":[{"taxonomy":"product_brand","embeddable":true,"href":"https:\/\/cafecampeiro.com.br\/en\/wp-json\/wp\/v2\/product_brand?post=885"},{"taxonomy":"product_cat","embeddable":true,"href":"https:\/\/cafecampeiro.com.br\/en\/wp-json\/wp\/v2\/product_cat?post=885"},{"taxonomy":"product_tag","embeddable":true,"href":"https:\/\/cafecampeiro.com.br\/en\/wp-json\/wp\/v2\/product_tag?post=885"}],"curies":[{"name":"wp","href":"https:\/\/api.w.org\/{rel}","templated":true}]}}

<p><span style="font-weight: 400;">Gosta da rotina, mas também não abre mão de novas experiências aos finais de semana? Ou, ainda, adora a praticidade de tomar o mesmo cafezinho todos os dias, mas mora com alguém que aprecia novidades?</span></p>
<p><span style="font-weight: 400;">Então olha só o que preparamos para você com este plano:</span></p>
<p><span style="font-weight: 400;">Na assinatura mista você recebe mensalmente cafés da linha Clássico ou Intenso (de acordo com a sua escolha) e também o café do mês, apresentado no Plano Descobertas e escolhido pelo nosso mestre de torra.</span></p>

<!-- This site is optimized with the Yoast SEO plugin v27.3 - https://yoast.com/product/yoast-seo-wordpress/ -->
<title>Plano Misto - Assinatura Mensal - Café Campeiro</title>
<meta name="robots" content="index, follow, max-snippet:-1, max-image-preview:large, max-video-preview:-1" />
<link rel="canonical" href="https://cafecampeiro.com.br/en/product/plano-misto-assinatura-mensal/" />
<meta property="og:locale" content="en_US" />
<meta property="og:type" content="article" />
<meta property="og:title" content="Plano Misto - Assinatura Mensal - Café Campeiro" />
<meta property="og:description" content="Gosta da rotina, mas também não abre mão de novas experiências aos finais de semana? Ou, ainda, adora a praticidade de tomar o mesmo cafezinho todos os dias, mas mora com alguém que aprecia novidades?  Então olha só o que preparamos para você com este plano:  Na assinatura mista você recebe mensalmente cafés da linha Clássico ou Intenso (de acordo com a sua escolha) e também o café do mês, apresentado no Plano Descobertas e escolhido pelo nosso mestre de torra." />
<meta property="og:url" content="https://cafecampeiro.com.br/en/product/plano-misto-assinatura-mensal/" />
<meta property="og:site_name" content="Café Campeiro" />
<meta property="article:modified_time" content="2025-02-27T12:29:46+00:00" />
<meta property="og:image" content="https://cafecampeiro.com.br/wp-content/uploads/2022/07/Cópia-de-Caixa-Cafe-Campeiro-Misto-Classico-01-1.png" />
	<meta property="og:image:width" content="1200" />
	<meta property="og:image:height" content="1200" />
	<meta property="og:image:type" content="image/png" />
<meta name="twitter:card" content="summary_large_image" />
<script type="application/ld+json" class="yoast-schema-graph">{"@context":"https:\/\/schema.org","@graph":[{"@type":"WebPage","@id":"https:\/\/cafecampeiro.com.br\/product\/plano-misto-assinatura-mensal\/","url":"https:\/\/cafecampeiro.com.br\/product\/plano-misto-assinatura-mensal\/","name":"Plano Misto - Assinatura Mensal - Café Campeiro","isPartOf":{"@id":"https:\/\/cafecampeiro.com.br\/#website"},"primaryImageOfPage":{"@id":"https:\/\/cafecampeiro.com.br\/product\/plano-misto-assinatura-mensal\/#primaryimage"},"image":{"@id":"https:\/\/cafecampeiro.com.br\/product\/plano-misto-assinatura-mensal\/#primaryimage"},"thumbnailUrl":"https:\/\/cafecampeiro.com.br\/wp-content\/uploads\/2022\/07\/Cópia-de-Caixa-Cafe-Campeiro-Misto-Classico-01-1.png","datePublished":"2022-07-07T20:24:37+00:00","dateModified":"2025-02-27T12:29:46+00:00","breadcrumb":{"@id":"https:\/\/cafecampeiro.com.br\/product\/plano-misto-assinatura-mensal\/#breadcrumb"},"inLanguage":"en-US","potentialAction":[{"@type":"ReadAction","target":["https:\/\/cafecampeiro.com.br\/product\/plano-misto-assinatura-mensal\/"]}]},{"@type":"ImageObject","inLanguage":"en-US","@id":"https:\/\/cafecampeiro.com.br\/product\/plano-misto-assinatura-mensal\/#primaryimage","url":"https:\/\/cafecampeiro.com.br\/wp-content\/uploads\/2022\/07\/Cópia-de-Caixa-Cafe-Campeiro-Misto-Classico-01-1.png","contentUrl":"https:\/\/cafecampeiro.com.br\/wp-content\/uploads\/2022\/07\/Cópia-de-Caixa-Cafe-Campeiro-Misto-Classico-01-1.png","width":1200,"height":1200},{"@type":"BreadcrumbList","@id":"https:\/\/cafecampeiro.com.br\/product\/plano-misto-assinatura-mensal\/#breadcrumb","itemListElement":[{"@type":"ListItem","position":1,"name":"Início","item":"https:\/\/cafecampeiro.com.br\/"},{"@type":"ListItem","position":2,"name":"Produtos","item":"https:\/\/cafecampeiro.com.br\/shop\/"},{"@type":"ListItem","position":3,"name":"Plano Misto &#8211; Assinatura Mensal"}]},{"@type":"WebSite","@id":"https:\/\/cafecampeiro.com.br\/#website","url":"https:\/\/cafecampeiro.com.br\/","name":"Café Campeiro","description":"Café Campeiro","potentialAction":[{"@type":"SearchAction","target":{"@type":"EntryPoint","urlTemplate":"https:\/\/cafecampeiro.com.br\/?s={search_term_string}"},"query-input":{"@type":"PropertyValueSpecification","valueRequired":true,"valueName":"search_term_string"}}],"inLanguage":"en-US"}]}</script>
<!-- / Yoast SEO plugin. -->

Plano Misto - Assinatura Mensal - Café Campeiro

Gosta da rotina, mas também não abre mão de novas experiências aos finais de semana? Ou, ainda, adora a praticidade de tomar o mesmo cafezinho todos os dias, mas mora com alguém que aprecia novidades?  Então olha só o que preparamos para você com este plano:  Na assinatura mista você recebe mensalmente cafés da linha Clássico ou Intenso (de acordo com a sua escolha) e também o café do mês, apresentado no Plano Descobertas e escolhido pelo nosso mestre de torra.

Café Campeiro

Início
